{"id":2185,"date":"2019-02-18T10:05:32","date_gmt":"2019-02-18T10:05:32","guid":{"rendered":"https:\/\/www.colindres.es\/?post_type=project&#038;p=2185"},"modified":"2019-02-18T10:05:32","modified_gmt":"2019-02-18T10:05:32","slug":"taller-mayores-ensenan-patrimonio-a-mayores-de-colindres","status":"publish","type":"project","link":"https:\/\/www.colindres.es\/index.php\/project\/taller-mayores-ensenan-patrimonio-a-mayores-de-colindres\/","title":{"rendered":"TALLER: MAYORES ENSE\u00d1AN PATRIMONIO A MAYORES DE COLINDRES"},"content":{"rendered":"<h2 align=\"LEFT\"><span style=\"font-family: Helvetica-Bold; font-size: xx-large;\"><b>Fechas: <\/b><\/span><span style=\"font-family: Helvetica-Light; font-size: xx-large;\">11 al 15 de marzo<\/span><\/h2>\n<h2 align=\"LEFT\"><span style=\"font-family: Helvetica-Bold; font-size: x-large;\"><b>Inscripciones e informaci\u00f3n <\/b><\/span><span style=\"font-family: Helvetica-Light; font-size: x-large;\">en el la Casa de <\/span>Cultura de Colindres y en el tel\u00e9fono 625523797<\/h2>\n<h2 align=\"LEFT\"><span style=\"font-family: Helvetica-Bold; font-size: x-large;\"><b>Inscripci\u00f3n gratuita: <\/b><\/span><span style=\"font-family: Helvetica-Light; font-size: x-large;\">Plazas limitadas<\/span><\/h2>\n<h2 align=\"LEFT\">hasta completar aforo de inscripci\u00f3n<\/h2>\n<h2 align=\"LEFT\">* Incluye una visita patrimonial a Novales el 10 de mayo<\/h2>\n<p>&nbsp;<\/p>\n","protected":false},"excerpt":{"rendered":"<p>Fechas: 11 al 15 de marzo Inscripciones e informaci\u00f3n en el la Casa de Cultura de Colindres y en el tel\u00e9fono 625523797 Inscripci\u00f3n gratuita: Plazas limitadas hasta completar aforo de inscripci\u00f3n * Incluye una visita patrimonial a Novales el 10 de mayo &nbsp;<\/p>\n","protected":false},"author":1,"featured_media":2187,"comment_status":"open","ping_status":"closed","template":"","meta":{"_et_pb_use_builder":"","_et_pb_old_content":"","_et_gb_content_width":"","footnotes":""},"project_category":[],"project_tag":[],"class_list":["post-2185","project","type-project","status-publish","has-post-thumbnail","hentry"],"yoast_head":"<!-- This site is optimized with the Yoast SEO plugin v24.9 - https:\/\/yoast.com\/wordpress\/plugins\/seo\/ -->\n<title>TALLER: MAYORES ENSE\u00d1AN PATRIMONIO A MAYORES DE COLINDRES - Ayuntamiento de Colindres<\/title>\n<meta name=\"robots\" content=\"index, follow, max-snippet:-1, max-image-preview:large, max-video-preview:-1\" \/>\n<link rel=\"canonical\" href=\"https:\/\/www.colindres.es\/index.php\/project\/taller-mayores-ensenan-patrimonio-a-mayores-de-colindres\/\" \/>\n<meta property=\"og:locale\" content=\"es_ES\" \/>\n<meta property=\"og:type\" content=\"article\" \/>\n<meta property=\"og:title\" content=\"TALLER: MAYORES ENSE\u00d1AN PATRIMONIO A MAYORES DE COLINDRES - Ayuntamiento de Colindres\" \/>\n<meta property=\"og:description\" content=\"Fechas: 11 al 15 de marzo Inscripciones e informaci\u00f3n en el la Casa de Cultura de Colindres y en el tel\u00e9fono 625523797 Inscripci\u00f3n gratuita: Plazas limitadas hasta completar aforo de inscripci\u00f3n * Incluye una visita patrimonial a Novales el 10 de mayo &nbsp;\" \/>\n<meta property=\"og:url\" content=\"https:\/\/www.colindres.es\/index.php\/project\/taller-mayores-ensenan-patrimonio-a-mayores-de-colindres\/\" \/>\n<meta property=\"og:site_name\" content=\"Ayuntamiento de Colindres\" \/>\n<meta property=\"og:image\" content=\"https:\/\/www.colindres.es\/wp-content\/uploads\/2019\/02\/taller.jpg\" \/>\n\t<meta property=\"og:image:width\" content=\"3508\" \/>\n\t<meta property=\"og:image:height\" content=\"2480\" \/>\n\t<meta property=\"og:image:type\" content=\"image\/jpeg\" \/>\n<meta name=\"twitter:card\" content=\"summary_large_image\" \/>\n<script type=\"application\/ld+json\" class=\"yoast-schema-graph\">{\"@context\":\"https:\/\/schema.org\",\"@graph\":[{\"@type\":\"WebPage\",\"@id\":\"https:\/\/www.colindres.es\/index.php\/project\/taller-mayores-ensenan-patrimonio-a-mayores-de-colindres\/\",\"url\":\"https:\/\/www.colindres.es\/index.php\/project\/taller-mayores-ensenan-patrimonio-a-mayores-de-colindres\/\",\"name\":\"TALLER: MAYORES ENSE\u00d1AN PATRIMONIO A MAYORES DE COLINDRES - Ayuntamiento de Colindres\",\"isPartOf\":{\"@id\":\"https:\/\/www.colindres.es\/#website\"},\"primaryImageOfPage\":{\"@id\":\"https:\/\/www.colindres.es\/index.php\/project\/taller-mayores-ensenan-patrimonio-a-mayores-de-colindres\/#primaryimage\"},\"image\":{\"@id\":\"https:\/\/www.colindres.es\/index.php\/project\/taller-mayores-ensenan-patrimonio-a-mayores-de-colindres\/#primaryimage\"},\"thumbnailUrl\":\"https:\/\/www.colindres.es\/wp-content\/uploads\/2019\/02\/taller.jpg\",\"datePublished\":\"2019-02-18T10:05:32+00:00\",\"breadcrumb\":{\"@id\":\"https:\/\/www.colindres.es\/index.php\/project\/taller-mayores-ensenan-patrimonio-a-mayores-de-colindres\/#breadcrumb\"},\"inLanguage\":\"es\",\"potentialAction\":[{\"@type\":\"ReadAction\",\"target\":[\"https:\/\/www.colindres.es\/index.php\/project\/taller-mayores-ensenan-patrimonio-a-mayores-de-colindres\/\"]}]},{\"@type\":\"ImageObject\",\"inLanguage\":\"es\",\"@id\":\"https:\/\/www.colindres.es\/index.php\/project\/taller-mayores-ensenan-patrimonio-a-mayores-de-colindres\/#primaryimage\",\"url\":\"https:\/\/www.colindres.es\/wp-content\/uploads\/2019\/02\/taller.jpg\",\"contentUrl\":\"https:\/\/www.colindres.es\/wp-content\/uploads\/2019\/02\/taller.jpg\",\"width\":3508,\"height\":2480},{\"@type\":\"BreadcrumbList\",\"@id\":\"https:\/\/www.colindres.es\/index.php\/project\/taller-mayores-ensenan-patrimonio-a-mayores-de-colindres\/#breadcrumb\",\"itemListElement\":[{\"@type\":\"ListItem\",\"position\":1,\"name\":\"Portada\",\"item\":\"https:\/\/www.colindres.es\/\"},{\"@type\":\"ListItem\",\"position\":2,\"name\":\"Proyectos\",\"item\":\"https:\/\/www.colindres.es\/index.php\/project\/\"},{\"@type\":\"ListItem\",\"position\":3,\"name\":\"TALLER: MAYORES ENSE\u00d1AN PATRIMONIO A MAYORES DE COLINDRES\"}]},{\"@type\":\"WebSite\",\"@id\":\"https:\/\/www.colindres.es\/#website\",\"url\":\"https:\/\/www.colindres.es\/\",\"name\":\"Ayuntamiento de Colindres\",\"description\":\"Dise\u00f1ado por NTIC&#039;s\",\"publisher\":{\"@id\":\"https:\/\/www.colindres.es\/#organization\"},\"potentialAction\":[{\"@type\":\"SearchAction\",\"target\":{\"@type\":\"EntryPoint\",\"urlTemplate\":\"https:\/\/www.colindres.es\/?s={search_term_string}\"},\"query-input\":{\"@type\":\"PropertyValueSpecification\",\"valueRequired\":true,\"valueName\":\"search_term_string\"}}],\"inLanguage\":\"es\"},{\"@type\":\"Organization\",\"@id\":\"https:\/\/www.colindres.es\/#organization\",\"name\":\"AYUNTAMIENTO DE COLINDRES\",\"url\":\"https:\/\/www.colindres.es\/\",\"logo\":{\"@type\":\"ImageObject\",\"inLanguage\":\"es\",\"@id\":\"https:\/\/www.colindres.es\/#\/schema\/logo\/image\/\",\"url\":\"https:\/\/www.colindres.es\/wp-content\/uploads\/2017\/01\/LOGO-PRINCIPAL.jpg\",\"contentUrl\":\"https:\/\/www.colindres.es\/wp-content\/uploads\/2017\/01\/LOGO-PRINCIPAL.jpg\",\"width\":1209,\"height\":579,\"caption\":\"AYUNTAMIENTO DE COLINDRES\"},\"image\":{\"@id\":\"https:\/\/www.colindres.es\/#\/schema\/logo\/image\/\"}}]}<\/script>\n<!-- \/ Yoast SEO plugin. -->","yoast_head_json":{"title":"TALLER: MAYORES ENSE\u00d1AN PATRIMONIO A MAYORES DE COLINDRES - Ayuntamiento de Colindres","robots":{"index":"index","follow":"follow","max-snippet":"max-snippet:-1","max-image-preview":"max-image-preview:large","max-video-preview":"max-video-preview:-1"},"canonical":"https:\/\/www.colindres.es\/index.php\/project\/taller-mayores-ensenan-patrimonio-a-mayores-de-colindres\/","og_locale":"es_ES","og_type":"article","og_title":"TALLER: MAYORES ENSE\u00d1AN PATRIMONIO A MAYORES DE COLINDRES - Ayuntamiento de Colindres","og_description":"Fechas: 11 al 15 de marzo Inscripciones e informaci\u00f3n en el la Casa de Cultura de Colindres y en el tel\u00e9fono 625523797 Inscripci\u00f3n gratuita: Plazas limitadas hasta completar aforo de inscripci\u00f3n * Incluye una visita patrimonial a Novales el 10 de mayo &nbsp;","og_url":"https:\/\/www.colindres.es\/index.php\/project\/taller-mayores-ensenan-patrimonio-a-mayores-de-colindres\/","og_site_name":"Ayuntamiento de Colindres","og_image":[{"width":3508,"height":2480,"url":"https:\/\/www.colindres.es\/wp-content\/uploads\/2019\/02\/taller.jpg","type":"image\/jpeg"}],"twitter_card":"summary_large_image","schema":{"@context":"https:\/\/schema.org","@graph":[{"@type":"WebPage","@id":"https:\/\/www.colindres.es\/index.php\/project\/taller-mayores-ensenan-patrimonio-a-mayores-de-colindres\/","url":"https:\/\/www.colindres.es\/index.php\/project\/taller-mayores-ensenan-patrimonio-a-mayores-de-colindres\/","name":"TALLER: MAYORES ENSE\u00d1AN PATRIMONIO A MAYORES DE COLINDRES - Ayuntamiento de Colindres","isPartOf":{"@id":"https:\/\/www.colindres.es\/#website"},"primaryImageOfPage":{"@id":"https:\/\/www.colindres.es\/index.php\/project\/taller-mayores-ensenan-patrimonio-a-mayores-de-colindres\/#primaryimage"},"image":{"@id":"https:\/\/www.colindres.es\/index.php\/project\/taller-mayores-ensenan-patrimonio-a-mayores-de-colindres\/#primaryimage"},"thumbnailUrl":"https:\/\/www.colindres.es\/wp-content\/uploads\/2019\/02\/taller.jpg","datePublished":"2019-02-18T10:05:32+00:00","breadcrumb":{"@id":"https:\/\/www.colindres.es\/index.php\/project\/taller-mayores-ensenan-patrimonio-a-mayores-de-colindres\/#breadcrumb"},"inLanguage":"es","potentialAction":[{"@type":"ReadAction","target":["https:\/\/www.colindres.es\/index.php\/project\/taller-mayores-ensenan-patrimonio-a-mayores-de-colindres\/"]}]},{"@type":"ImageObject","inLanguage":"es","@id":"https:\/\/www.colindres.es\/index.php\/project\/taller-mayores-ensenan-patrimonio-a-mayores-de-colindres\/#primaryimage","url":"https:\/\/www.colindres.es\/wp-content\/uploads\/2019\/02\/taller.jpg","contentUrl":"https:\/\/www.colindres.es\/wp-content\/uploads\/2019\/02\/taller.jpg","width":3508,"height":2480},{"@type":"BreadcrumbList","@id":"https:\/\/www.colindres.es\/index.php\/project\/taller-mayores-ensenan-patrimonio-a-mayores-de-colindres\/#breadcrumb","itemListElement":[{"@type":"ListItem","position":1,"name":"Portada","item":"https:\/\/www.colindres.es\/"},{"@type":"ListItem","position":2,"name":"Proyectos","item":"https:\/\/www.colindres.es\/index.php\/project\/"},{"@type":"ListItem","position":3,"name":"TALLER: MAYORES ENSE\u00d1AN PATRIMONIO A MAYORES DE COLINDRES"}]},{"@type":"WebSite","@id":"https:\/\/www.colindres.es\/#website","url":"https:\/\/www.colindres.es\/","name":"Ayuntamiento de Colindres","description":"Dise\u00f1ado por NTIC&#039;s","publisher":{"@id":"https:\/\/www.colindres.es\/#organization"},"potentialAction":[{"@type":"SearchAction","target":{"@type":"EntryPoint","urlTemplate":"https:\/\/www.colindres.es\/?s={search_term_string}"},"query-input":{"@type":"PropertyValueSpecification","valueRequired":true,"valueName":"search_term_string"}}],"inLanguage":"es"},{"@type":"Organization","@id":"https:\/\/www.colindres.es\/#organization","name":"AYUNTAMIENTO DE COLINDRES","url":"https:\/\/www.colindres.es\/","logo":{"@type":"ImageObject","inLanguage":"es","@id":"https:\/\/www.colindres.es\/#\/schema\/logo\/image\/","url":"https:\/\/www.colindres.es\/wp-content\/uploads\/2017\/01\/LOGO-PRINCIPAL.jpg","contentUrl":"https:\/\/www.colindres.es\/wp-content\/uploads\/2017\/01\/LOGO-PRINCIPAL.jpg","width":1209,"height":579,"caption":"AYUNTAMIENTO DE COLINDRES"},"image":{"@id":"https:\/\/www.colindres.es\/#\/schema\/logo\/image\/"}}]}},"_links":{"self":[{"href":"https:\/\/www.colindres.es\/index.php\/wp-json\/wp\/v2\/project\/2185","targetHints":{"allow":["GET"]}}],"collection":[{"href":"https:\/\/www.colindres.es\/index.php\/wp-json\/wp\/v2\/project"}],"about":[{"href":"https:\/\/www.colindres.es\/index.php\/wp-json\/wp\/v2\/types\/project"}],"author":[{"embeddable":true,"href":"https:\/\/www.colindres.es\/index.php\/wp-json\/wp\/v2\/users\/1"}],"replies":[{"embeddable":true,"href":"https:\/\/www.colindres.es\/index.php\/wp-json\/wp\/v2\/comments?post=2185"}],"version-history":[{"count":1,"href":"https:\/\/www.colindres.es\/index.php\/wp-json\/wp\/v2\/project\/2185\/revisions"}],"predecessor-version":[{"id":2188,"href":"https:\/\/www.colindres.es\/index.php\/wp-json\/wp\/v2\/project\/2185\/revisions\/2188"}],"wp:featuredmedia":[{"embeddable":true,"href":"https:\/\/www.colindres.es\/index.php\/wp-json\/wp\/v2\/media\/2187"}],"wp:attachment":[{"href":"https:\/\/www.colindres.es\/index.php\/wp-json\/wp\/v2\/media?parent=2185"}],"wp:term":[{"taxonomy":"project_category","embeddable":true,"href":"https:\/\/www.colindres.es\/index.php\/wp-json\/wp\/v2\/project_category?post=2185"},{"taxonomy":"project_tag","embeddable":true,"href":"https:\/\/www.colindres.es\/index.php\/wp-json\/wp\/v2\/project_tag?post=2185"}],"curies":[{"name":"wp","href":"https:\/\/api.w.org\/{rel}","templated":true}]}}

TALLER: MAYORES ENSEÑAN PATRIMONIO A MAYORES DE COLINDRES

<h2 align="LEFT"><span style="font-family: Helvetica-Bold; font-size: xx-large;"><b>Fechas: </b></span><span style="font-family: Helvetica-Light; font-size: xx-large;">11 al 15 de marzo</span></h2>
<h2 align="LEFT"><span style="font-family: Helvetica-Bold; font-size: x-large;"><b>Inscripciones e información </b></span><span style="font-family: Helvetica-Light; font-size: x-large;">en el la Casa de </span>Cultura de Colindres y en el teléfono 625523797</h2>
<h2 align="LEFT"><span style="font-family: Helvetica-Bold; font-size: x-large;"><b>Inscripción gratuita: </b></span><span style="font-family: Helvetica-Light; font-size: x-large;">Plazas limitadas</span></h2>
<h2 align="LEFT">hasta completar aforo de inscripción</h2>
<h2 align="LEFT">* Incluye una visita patrimonial a Novales el 10 de mayo</h2>
<p>&nbsp;</p>

<p>Fechas: 11 al 15 de marzo Inscripciones e información en el la Casa de Cultura de Colindres y en el teléfono 625523797 Inscripción gratuita: Plazas limitadas hasta completar aforo de inscripción * Incluye una visita patrimonial a Novales el 10 de mayo &nbsp;</p>

<!-- This site is optimized with the Yoast SEO plugin v24.9 - https://yoast.com/wordpress/plugins/seo/ -->
<title>TALLER: MAYORES ENSEÑAN PATRIMONIO A MAYORES DE COLINDRES - Ayuntamiento de Colindres</title>
<meta name="robots" content="index, follow, max-snippet:-1, max-image-preview:large, max-video-preview:-1" />
<link rel="canonical" href="https://www.colindres.es/index.php/project/taller-mayores-ensenan-patrimonio-a-mayores-de-colindres/" />
<meta property="og:locale" content="es_ES" />
<meta property="og:type" content="article" />
<meta property="og:title" content="TALLER: MAYORES ENSEÑAN PATRIMONIO A MAYORES DE COLINDRES - Ayuntamiento de Colindres" />
<meta property="og:description" content="Fechas: 11 al 15 de marzo Inscripciones e información en el la Casa de Cultura de Colindres y en el teléfono 625523797 Inscripción gratuita: Plazas limitadas hasta completar aforo de inscripción * Incluye una visita patrimonial a Novales el 10 de mayo &nbsp;" />
<meta property="og:url" content="https://www.colindres.es/index.php/project/taller-mayores-ensenan-patrimonio-a-mayores-de-colindres/" />
<meta property="og:site_name" content="Ayuntamiento de Colindres" />
<meta property="og:image" content="https://www.colindres.es/wp-content/uploads/2019/02/taller.jpg" />
	<meta property="og:image:width" content="3508" />
	<meta property="og:image:height" content="2480" />
	<meta property="og:image:type" content="image/jpeg" />
<meta name="twitter:card" content="summary_large_image" />
<script type="application/ld+json" class="yoast-schema-graph">{"@context":"https://schema.org","@graph":[{"@type":"WebPage","@id":"https://www.colindres.es/index.php/project/taller-mayores-ensenan-patrimonio-a-mayores-de-colindres/","url":"https://www.colindres.es/index.php/project/taller-mayores-ensenan-patrimonio-a-mayores-de-colindres/","name":"TALLER: MAYORES ENSEÑAN PATRIMONIO A MAYORES DE COLINDRES - Ayuntamiento de Colindres","isPartOf":{"@id":"https://www.colindres.es/#website"},"primaryImageOfPage":{"@id":"https://www.colindres.es/index.php/project/taller-mayores-ensenan-patrimonio-a-mayores-de-colindres/#primaryimage"},"image":{"@id":"https://www.colindres.es/index.php/project/taller-mayores-ensenan-patrimonio-a-mayores-de-colindres/#primaryimage"},"thumbnailUrl":"https://www.colindres.es/wp-content/uploads/2019/02/taller.jpg","datePublished":"2019-02-18T10:05:32+00:00","breadcrumb":{"@id":"https://www.colindres.es/index.php/project/taller-mayores-ensenan-patrimonio-a-mayores-de-colindres/#breadcrumb"},"inLanguage":"es","potentialAction":[{"@type":"ReadAction","target":["https://www.colindres.es/index.php/project/taller-mayores-ensenan-patrimonio-a-mayores-de-colindres/"]}]},{"@type":"ImageObject","inLanguage":"es","@id":"https://www.colindres.es/index.php/project/taller-mayores-ensenan-patrimonio-a-mayores-de-colindres/#primaryimage","url":"https://www.colindres.es/wp-content/uploads/2019/02/taller.jpg","contentUrl":"https://www.colindres.es/wp-content/uploads/2019/02/taller.jpg","width":3508,"height":2480},{"@type":"BreadcrumbList","@id":"https://www.colindres.es/index.php/project/taller-mayores-ensenan-patrimonio-a-mayores-de-colindres/#breadcrumb","itemListElement":[{"@type":"ListItem","position":1,"name":"Portada","item":"https://www.colindres.es/"},{"@type":"ListItem","position":2,"name":"Proyectos","item":"https://www.colindres.es/index.php/project/"},{"@type":"ListItem","position":3,"name":"TALLER: MAYORES ENSEÑAN PATRIMONIO A MAYORES DE COLINDRES"}]},{"@type":"WebSite","@id":"https://www.colindres.es/#website","url":"https://www.colindres.es/","name":"Ayuntamiento de Colindres","description":"Diseñado por NTIC&#039;s","publisher":{"@id":"https://www.colindres.es/#organization"},"potentialAction":[{"@type":"SearchAction","target":{"@type":"EntryPoint","urlTemplate":"https://www.colindres.es/?s={search_term_string}"},"query-input":{"@type":"PropertyValueSpecification","valueRequired":true,"valueName":"search_term_string"}}],"inLanguage":"es"},{"@type":"Organization","@id":"https://www.colindres.es/#organization","name":"AYUNTAMIENTO DE COLINDRES","url":"https://www.colindres.es/","logo":{"@type":"ImageObject","inLanguage":"es","@id":"https://www.colindres.es/#/schema/logo/image/","url":"https://www.colindres.es/wp-content/uploads/2017/01/LOGO-PRINCIPAL.jpg","contentUrl":"https://www.colindres.es/wp-content/uploads/2017/01/LOGO-PRINCIPAL.jpg","width":1209,"height":579,"caption":"AYUNTAMIENTO DE COLINDRES"},"image":{"@id":"https://www.colindres.es/#/schema/logo/image/"}}]}</script>
<!-- / Yoast SEO plugin. -->

TALLER: MAYORES ENSEÑAN PATRIMONIO A MAYORES DE COLINDRES - Ayuntamiento de Colindres

Fechas: 11 al 15 de marzo Inscripciones e información en el la Casa de Cultura de Colindres y en el teléfono 625523797 Inscripción gratuita: Plazas limitadas hasta completar aforo de inscripción * Incluye una visita patrimonial a Novales el 10 de mayo &nbsp;

Diseñado por NTIC&#039;s
