{"id":1921,"date":"2018-10-11T09:47:39","date_gmt":"2018-10-11T09:47:39","guid":{"rendered":"http:\/\/colindres.es\/?post_type=project&#038;p=1921"},"modified":"2018-10-11T09:48:41","modified_gmt":"2018-10-11T09:48:41","slug":"campus-noviembre-2018","status":"publish","type":"project","link":"https:\/\/www.colindres.es\/index.php\/project\/campus-noviembre-2018\/","title":{"rendered":"CAMPUS NOVIEMBRE 2018"},"content":{"rendered":"<ul>\n<li><span style=\"font-size: medium;\">De 2 a 12 a\u00f1os<\/span><\/li>\n<li>FECHAS: del 29 de octubre al 2 de noviembre<\/li>\n<li>HORARIO: de 8:00 a 15:00<\/li>\n<li>LUGAR: C.P. Pedro del Hoyo Infantil<\/li>\n<li>Inscripciones del 15 al 24 de octubre<\/li>\n<li>ORGANIZA Ayuntamiento de Colindres<\/li>\n<li><span style=\"color: #009900; font-size: medium;\">INFORMACI\u00d3N EN LAS OFICINAS DEL AYUNTAMIENTO DE COLINDRES O EN EL TLF. 942 67 40 00<\/span><\/li>\n<\/ul>\n<p><b><span style=\"font-size: x-large;\">\u00a1Ap\u00fantate! <\/span><\/b><\/p>\n<p>Plazas limitadas. M\u00ednimo 10 ni\u00f1@s para su realizaci\u00f3n<\/p>\n<p><img loading=\"lazy\" decoding=\"async\" class=\"alignnone size-medium wp-image-1923\" src=\"http:\/\/colindres.es\/wp-content\/uploads\/2018\/10\/diptico_P\u00e1gina_1-300x212.jpg\" alt=\"\" width=\"300\" height=\"212\" srcset=\"https:\/\/www.colindres.es\/wp-content\/uploads\/2018\/10\/diptico_P\u00e1gina_1-300x212.jpg 300w, https:\/\/www.colindres.es\/wp-content\/uploads\/2018\/10\/diptico_P\u00e1gina_1-768x543.jpg 768w, https:\/\/www.colindres.es\/wp-content\/uploads\/2018\/10\/diptico_P\u00e1gina_1-1024x724.jpg 1024w, https:\/\/www.colindres.es\/wp-content\/uploads\/2018\/10\/diptico_P\u00e1gina_1-400x284.jpg 400w, https:\/\/www.colindres.es\/wp-content\/uploads\/2018\/10\/diptico_P\u00e1gina_1-1080x764.jpg 1080w\" sizes=\"(max-width: 300px) 100vw, 300px\" \/> <img loading=\"lazy\" decoding=\"async\" class=\"alignnone size-medium wp-image-1924\" src=\"http:\/\/colindres.es\/wp-content\/uploads\/2018\/10\/diptico_P\u00e1gina_2-300x212.jpg\" alt=\"\" width=\"300\" height=\"212\" srcset=\"https:\/\/www.colindres.es\/wp-content\/uploads\/2018\/10\/diptico_P\u00e1gina_2-300x212.jpg 300w, https:\/\/www.colindres.es\/wp-content\/uploads\/2018\/10\/diptico_P\u00e1gina_2-768x543.jpg 768w, https:\/\/www.colindres.es\/wp-content\/uploads\/2018\/10\/diptico_P\u00e1gina_2-1024x724.jpg 1024w, https:\/\/www.colindres.es\/wp-content\/uploads\/2018\/10\/diptico_P\u00e1gina_2-400x284.jpg 400w, https:\/\/www.colindres.es\/wp-content\/uploads\/2018\/10\/diptico_P\u00e1gina_2-1080x764.jpg 1080w\" sizes=\"(max-width: 300px) 100vw, 300px\" \/><\/p>\n<p>&nbsp;<\/p>\n","protected":false},"excerpt":{"rendered":"<p>De 2 a 12 a\u00f1os FECHAS: del 29 de octubre al 2 de noviembre HORARIO: de 8:00 a 15:00 LUGAR: C.P. Pedro del Hoyo Infantil Inscripciones del 15 al 24 de octubre ORGANIZA Ayuntamiento de Colindres INFORMACI\u00d3N EN LAS OFICINAS DEL AYUNTAMIENTO DE COLINDRES O EN EL TLF. 942 67 40 00 \u00a1Ap\u00fantate! Plazas limitadas. [&hellip;]<\/p>\n","protected":false},"author":1,"featured_media":1922,"comment_status":"open","ping_status":"closed","template":"","meta":{"_et_pb_use_builder":"","_et_pb_old_content":"","_et_gb_content_width":"","footnotes":""},"project_category":[],"project_tag":[],"class_list":["post-1921","project","type-project","status-publish","has-post-thumbnail","hentry"],"yoast_head":"<!-- This site is optimized with the Yoast SEO plugin v24.9 - https:\/\/yoast.com\/wordpress\/plugins\/seo\/ -->\n<title>CAMPUS NOVIEMBRE 2018 - Ayuntamiento de Colindres<\/title>\n<meta name=\"robots\" content=\"index, follow, max-snippet:-1, max-image-preview:large, max-video-preview:-1\" \/>\n<link rel=\"canonical\" href=\"https:\/\/www.colindres.es\/index.php\/project\/campus-noviembre-2018\/\" \/>\n<meta property=\"og:locale\" content=\"es_ES\" \/>\n<meta property=\"og:type\" content=\"article\" \/>\n<meta property=\"og:title\" content=\"CAMPUS NOVIEMBRE 2018 - Ayuntamiento de Colindres\" \/>\n<meta property=\"og:description\" content=\"De 2 a 12 a\u00f1os FECHAS: del 29 de octubre al 2 de noviembre HORARIO: de 8:00 a 15:00 LUGAR: C.P. Pedro del Hoyo Infantil Inscripciones del 15 al 24 de octubre ORGANIZA Ayuntamiento de Colindres INFORMACI\u00d3N EN LAS OFICINAS DEL AYUNTAMIENTO DE COLINDRES O EN EL TLF. 942 67 40 00 \u00a1Ap\u00fantate! Plazas limitadas. [&hellip;]\" \/>\n<meta property=\"og:url\" content=\"https:\/\/www.colindres.es\/index.php\/project\/campus-noviembre-2018\/\" \/>\n<meta property=\"og:site_name\" content=\"Ayuntamiento de Colindres\" \/>\n<meta property=\"article:modified_time\" content=\"2018-10-11T09:48:41+00:00\" \/>\n<meta property=\"og:image\" content=\"https:\/\/www.colindres.es\/wp-content\/uploads\/2018\/10\/cartel.jpg\" \/>\n\t<meta property=\"og:image:width\" content=\"1654\" \/>\n\t<meta property=\"og:image:height\" content=\"2339\" \/>\n\t<meta property=\"og:image:type\" content=\"image\/jpeg\" \/>\n<meta name=\"twitter:card\" content=\"summary_large_image\" \/>\n<script type=\"application\/ld+json\" class=\"yoast-schema-graph\">{\"@context\":\"https:\/\/schema.org\",\"@graph\":[{\"@type\":\"WebPage\",\"@id\":\"https:\/\/www.colindres.es\/index.php\/project\/campus-noviembre-2018\/\",\"url\":\"https:\/\/www.colindres.es\/index.php\/project\/campus-noviembre-2018\/\",\"name\":\"CAMPUS NOVIEMBRE 2018 - Ayuntamiento de Colindres\",\"isPartOf\":{\"@id\":\"https:\/\/www.colindres.es\/#website\"},\"primaryImageOfPage\":{\"@id\":\"https:\/\/www.colindres.es\/index.php\/project\/campus-noviembre-2018\/#primaryimage\"},\"image\":{\"@id\":\"https:\/\/www.colindres.es\/index.php\/project\/campus-noviembre-2018\/#primaryimage\"},\"thumbnailUrl\":\"https:\/\/www.colindres.es\/wp-content\/uploads\/2018\/10\/cartel.jpg\",\"datePublished\":\"2018-10-11T09:47:39+00:00\",\"dateModified\":\"2018-10-11T09:48:41+00:00\",\"breadcrumb\":{\"@id\":\"https:\/\/www.colindres.es\/index.php\/project\/campus-noviembre-2018\/#breadcrumb\"},\"inLanguage\":\"es\",\"potentialAction\":[{\"@type\":\"ReadAction\",\"target\":[\"https:\/\/www.colindres.es\/index.php\/project\/campus-noviembre-2018\/\"]}]},{\"@type\":\"ImageObject\",\"inLanguage\":\"es\",\"@id\":\"https:\/\/www.colindres.es\/index.php\/project\/campus-noviembre-2018\/#primaryimage\",\"url\":\"https:\/\/www.colindres.es\/wp-content\/uploads\/2018\/10\/cartel.jpg\",\"contentUrl\":\"https:\/\/www.colindres.es\/wp-content\/uploads\/2018\/10\/cartel.jpg\",\"width\":1654,\"height\":2339},{\"@type\":\"BreadcrumbList\",\"@id\":\"https:\/\/www.colindres.es\/index.php\/project\/campus-noviembre-2018\/#breadcrumb\",\"itemListElement\":[{\"@type\":\"ListItem\",\"position\":1,\"name\":\"Portada\",\"item\":\"https:\/\/www.colindres.es\/\"},{\"@type\":\"ListItem\",\"position\":2,\"name\":\"Proyectos\",\"item\":\"https:\/\/www.colindres.es\/index.php\/project\/\"},{\"@type\":\"ListItem\",\"position\":3,\"name\":\"CAMPUS NOVIEMBRE 2018\"}]},{\"@type\":\"WebSite\",\"@id\":\"https:\/\/www.colindres.es\/#website\",\"url\":\"https:\/\/www.colindres.es\/\",\"name\":\"Ayuntamiento de Colindres\",\"description\":\"Dise\u00f1ado por NTIC&#039;s\",\"publisher\":{\"@id\":\"https:\/\/www.colindres.es\/#organization\"},\"potentialAction\":[{\"@type\":\"SearchAction\",\"target\":{\"@type\":\"EntryPoint\",\"urlTemplate\":\"https:\/\/www.colindres.es\/?s={search_term_string}\"},\"query-input\":{\"@type\":\"PropertyValueSpecification\",\"valueRequired\":true,\"valueName\":\"search_term_string\"}}],\"inLanguage\":\"es\"},{\"@type\":\"Organization\",\"@id\":\"https:\/\/www.colindres.es\/#organization\",\"name\":\"AYUNTAMIENTO DE COLINDRES\",\"url\":\"https:\/\/www.colindres.es\/\",\"logo\":{\"@type\":\"ImageObject\",\"inLanguage\":\"es\",\"@id\":\"https:\/\/www.colindres.es\/#\/schema\/logo\/image\/\",\"url\":\"https:\/\/www.colindres.es\/wp-content\/uploads\/2017\/01\/LOGO-PRINCIPAL.jpg\",\"contentUrl\":\"https:\/\/www.colindres.es\/wp-content\/uploads\/2017\/01\/LOGO-PRINCIPAL.jpg\",\"width\":1209,\"height\":579,\"caption\":\"AYUNTAMIENTO DE COLINDRES\"},\"image\":{\"@id\":\"https:\/\/www.colindres.es\/#\/schema\/logo\/image\/\"}}]}<\/script>\n<!-- \/ Yoast SEO plugin. -->","yoast_head_json":{"title":"CAMPUS NOVIEMBRE 2018 - Ayuntamiento de Colindres","robots":{"index":"index","follow":"follow","max-snippet":"max-snippet:-1","max-image-preview":"max-image-preview:large","max-video-preview":"max-video-preview:-1"},"canonical":"https:\/\/www.colindres.es\/index.php\/project\/campus-noviembre-2018\/","og_locale":"es_ES","og_type":"article","og_title":"CAMPUS NOVIEMBRE 2018 - Ayuntamiento de Colindres","og_description":"De 2 a 12 a\u00f1os FECHAS: del 29 de octubre al 2 de noviembre HORARIO: de 8:00 a 15:00 LUGAR: C.P. Pedro del Hoyo Infantil Inscripciones del 15 al 24 de octubre ORGANIZA Ayuntamiento de Colindres INFORMACI\u00d3N EN LAS OFICINAS DEL AYUNTAMIENTO DE COLINDRES O EN EL TLF. 942 67 40 00 \u00a1Ap\u00fantate! Plazas limitadas. [&hellip;]","og_url":"https:\/\/www.colindres.es\/index.php\/project\/campus-noviembre-2018\/","og_site_name":"Ayuntamiento de Colindres","article_modified_time":"2018-10-11T09:48:41+00:00","og_image":[{"width":1654,"height":2339,"url":"https:\/\/www.colindres.es\/wp-content\/uploads\/2018\/10\/cartel.jpg","type":"image\/jpeg"}],"twitter_card":"summary_large_image","schema":{"@context":"https:\/\/schema.org","@graph":[{"@type":"WebPage","@id":"https:\/\/www.colindres.es\/index.php\/project\/campus-noviembre-2018\/","url":"https:\/\/www.colindres.es\/index.php\/project\/campus-noviembre-2018\/","name":"CAMPUS NOVIEMBRE 2018 - Ayuntamiento de Colindres","isPartOf":{"@id":"https:\/\/www.colindres.es\/#website"},"primaryImageOfPage":{"@id":"https:\/\/www.colindres.es\/index.php\/project\/campus-noviembre-2018\/#primaryimage"},"image":{"@id":"https:\/\/www.colindres.es\/index.php\/project\/campus-noviembre-2018\/#primaryimage"},"thumbnailUrl":"https:\/\/www.colindres.es\/wp-content\/uploads\/2018\/10\/cartel.jpg","datePublished":"2018-10-11T09:47:39+00:00","dateModified":"2018-10-11T09:48:41+00:00","breadcrumb":{"@id":"https:\/\/www.colindres.es\/index.php\/project\/campus-noviembre-2018\/#breadcrumb"},"inLanguage":"es","potentialAction":[{"@type":"ReadAction","target":["https:\/\/www.colindres.es\/index.php\/project\/campus-noviembre-2018\/"]}]},{"@type":"ImageObject","inLanguage":"es","@id":"https:\/\/www.colindres.es\/index.php\/project\/campus-noviembre-2018\/#primaryimage","url":"https:\/\/www.colindres.es\/wp-content\/uploads\/2018\/10\/cartel.jpg","contentUrl":"https:\/\/www.colindres.es\/wp-content\/uploads\/2018\/10\/cartel.jpg","width":1654,"height":2339},{"@type":"BreadcrumbList","@id":"https:\/\/www.colindres.es\/index.php\/project\/campus-noviembre-2018\/#breadcrumb","itemListElement":[{"@type":"ListItem","position":1,"name":"Portada","item":"https:\/\/www.colindres.es\/"},{"@type":"ListItem","position":2,"name":"Proyectos","item":"https:\/\/www.colindres.es\/index.php\/project\/"},{"@type":"ListItem","position":3,"name":"CAMPUS NOVIEMBRE 2018"}]},{"@type":"WebSite","@id":"https:\/\/www.colindres.es\/#website","url":"https:\/\/www.colindres.es\/","name":"Ayuntamiento de Colindres","description":"Dise\u00f1ado por NTIC&#039;s","publisher":{"@id":"https:\/\/www.colindres.es\/#organization"},"potentialAction":[{"@type":"SearchAction","target":{"@type":"EntryPoint","urlTemplate":"https:\/\/www.colindres.es\/?s={search_term_string}"},"query-input":{"@type":"PropertyValueSpecification","valueRequired":true,"valueName":"search_term_string"}}],"inLanguage":"es"},{"@type":"Organization","@id":"https:\/\/www.colindres.es\/#organization","name":"AYUNTAMIENTO DE COLINDRES","url":"https:\/\/www.colindres.es\/","logo":{"@type":"ImageObject","inLanguage":"es","@id":"https:\/\/www.colindres.es\/#\/schema\/logo\/image\/","url":"https:\/\/www.colindres.es\/wp-content\/uploads\/2017\/01\/LOGO-PRINCIPAL.jpg","contentUrl":"https:\/\/www.colindres.es\/wp-content\/uploads\/2017\/01\/LOGO-PRINCIPAL.jpg","width":1209,"height":579,"caption":"AYUNTAMIENTO DE COLINDRES"},"image":{"@id":"https:\/\/www.colindres.es\/#\/schema\/logo\/image\/"}}]}},"_links":{"self":[{"href":"https:\/\/www.colindres.es\/index.php\/wp-json\/wp\/v2\/project\/1921","targetHints":{"allow":["GET"]}}],"collection":[{"href":"https:\/\/www.colindres.es\/index.php\/wp-json\/wp\/v2\/project"}],"about":[{"href":"https:\/\/www.colindres.es\/index.php\/wp-json\/wp\/v2\/types\/project"}],"author":[{"embeddable":true,"href":"https:\/\/www.colindres.es\/index.php\/wp-json\/wp\/v2\/users\/1"}],"replies":[{"embeddable":true,"href":"https:\/\/www.colindres.es\/index.php\/wp-json\/wp\/v2\/comments?post=1921"}],"version-history":[{"count":2,"href":"https:\/\/www.colindres.es\/index.php\/wp-json\/wp\/v2\/project\/1921\/revisions"}],"predecessor-version":[{"id":1926,"href":"https:\/\/www.colindres.es\/index.php\/wp-json\/wp\/v2\/project\/1921\/revisions\/1926"}],"wp:featuredmedia":[{"embeddable":true,"href":"https:\/\/www.colindres.es\/index.php\/wp-json\/wp\/v2\/media\/1922"}],"wp:attachment":[{"href":"https:\/\/www.colindres.es\/index.php\/wp-json\/wp\/v2\/media?parent=1921"}],"wp:term":[{"taxonomy":"project_category","embeddable":true,"href":"https:\/\/www.colindres.es\/index.php\/wp-json\/wp\/v2\/project_category?post=1921"},{"taxonomy":"project_tag","embeddable":true,"href":"https:\/\/www.colindres.es\/index.php\/wp-json\/wp\/v2\/project_tag?post=1921"}],"curies":[{"name":"wp","href":"https:\/\/api.w.org\/{rel}","templated":true}]}}

<ul>
<li><span style="font-size: medium;">De 2 a 12 años</span></li>
<li>FECHAS: del 29 de octubre al 2 de noviembre</li>
<li>HORARIO: de 8:00 a 15:00</li>
<li>LUGAR: C.P. Pedro del Hoyo Infantil</li>
<li>Inscripciones del 15 al 24 de octubre</li>
<li>ORGANIZA Ayuntamiento de Colindres</li>
<li><span style="color: #009900; font-size: medium;">INFORMACIÓN EN LAS OFICINAS DEL AYUNTAMIENTO DE COLINDRES O EN EL TLF. 942 67 40 00</span></li>
</ul>
<p><b><span style="font-size: x-large;">¡Apúntate! </span></b></p>
<p>Plazas limitadas. Mínimo 10 niñ@s para su realización</p>
<p><img loading="lazy" decoding="async" class="alignnone size-medium wp-image-1923" src="http://colindres.es/wp-content/uploads/2018/10/diptico_Página_1-300x212.jpg" alt="" width="300" height="212" srcset="https://www.colindres.es/wp-content/uploads/2018/10/diptico_Página_1-300x212.jpg 300w, https://www.colindres.es/wp-content/uploads/2018/10/diptico_Página_1-768x543.jpg 768w, https://www.colindres.es/wp-content/uploads/2018/10/diptico_Página_1-1024x724.jpg 1024w, https://www.colindres.es/wp-content/uploads/2018/10/diptico_Página_1-400x284.jpg 400w, https://www.colindres.es/wp-content/uploads/2018/10/diptico_Página_1-1080x764.jpg 1080w" sizes="(max-width: 300px) 100vw, 300px" /> <img loading="lazy" decoding="async" class="alignnone size-medium wp-image-1924" src="http://colindres.es/wp-content/uploads/2018/10/diptico_Página_2-300x212.jpg" alt="" width="300" height="212" srcset="https://www.colindres.es/wp-content/uploads/2018/10/diptico_Página_2-300x212.jpg 300w, https://www.colindres.es/wp-content/uploads/2018/10/diptico_Página_2-768x543.jpg 768w, https://www.colindres.es/wp-content/uploads/2018/10/diptico_Página_2-1024x724.jpg 1024w, https://www.colindres.es/wp-content/uploads/2018/10/diptico_Página_2-400x284.jpg 400w, https://www.colindres.es/wp-content/uploads/2018/10/diptico_Página_2-1080x764.jpg 1080w" sizes="(max-width: 300px) 100vw, 300px" /></p>
<p>&nbsp;</p>

<p>De 2 a 12 años FECHAS: del 29 de octubre al 2 de noviembre HORARIO: de 8:00 a 15:00 LUGAR: C.P. Pedro del Hoyo Infantil Inscripciones del 15 al 24 de octubre ORGANIZA Ayuntamiento de Colindres INFORMACIÓN EN LAS OFICINAS DEL AYUNTAMIENTO DE COLINDRES O EN EL TLF. 942 67 40 00 ¡Apúntate! Plazas limitadas. [&hellip;]</p>

<!-- This site is optimized with the Yoast SEO plugin v24.9 - https://yoast.com/wordpress/plugins/seo/ -->
<title>CAMPUS NOVIEMBRE 2018 - Ayuntamiento de Colindres</title>
<meta name="robots" content="index, follow, max-snippet:-1, max-image-preview:large, max-video-preview:-1" />
<link rel="canonical" href="https://www.colindres.es/index.php/project/campus-noviembre-2018/" />
<meta property="og:locale" content="es_ES" />
<meta property="og:type" content="article" />
<meta property="og:title" content="CAMPUS NOVIEMBRE 2018 - Ayuntamiento de Colindres" />
<meta property="og:description" content="De 2 a 12 años FECHAS: del 29 de octubre al 2 de noviembre HORARIO: de 8:00 a 15:00 LUGAR: C.P. Pedro del Hoyo Infantil Inscripciones del 15 al 24 de octubre ORGANIZA Ayuntamiento de Colindres INFORMACIÓN EN LAS OFICINAS DEL AYUNTAMIENTO DE COLINDRES O EN EL TLF. 942 67 40 00 ¡Apúntate! Plazas limitadas. [&hellip;]" />
<meta property="og:url" content="https://www.colindres.es/index.php/project/campus-noviembre-2018/" />
<meta property="og:site_name" content="Ayuntamiento de Colindres" />
<meta property="article:modified_time" content="2018-10-11T09:48:41+00:00" />
<meta property="og:image" content="https://www.colindres.es/wp-content/uploads/2018/10/cartel.jpg" />
	<meta property="og:image:width" content="1654" />
	<meta property="og:image:height" content="2339" />
	<meta property="og:image:type" content="image/jpeg" />
<meta name="twitter:card" content="summary_large_image" />
<script type="application/ld+json" class="yoast-schema-graph">{"@context":"https://schema.org","@graph":[{"@type":"WebPage","@id":"https://www.colindres.es/index.php/project/campus-noviembre-2018/","url":"https://www.colindres.es/index.php/project/campus-noviembre-2018/","name":"CAMPUS NOVIEMBRE 2018 - Ayuntamiento de Colindres","isPartOf":{"@id":"https://www.colindres.es/#website"},"primaryImageOfPage":{"@id":"https://www.colindres.es/index.php/project/campus-noviembre-2018/#primaryimage"},"image":{"@id":"https://www.colindres.es/index.php/project/campus-noviembre-2018/#primaryimage"},"thumbnailUrl":"https://www.colindres.es/wp-content/uploads/2018/10/cartel.jpg","datePublished":"2018-10-11T09:47:39+00:00","dateModified":"2018-10-11T09:48:41+00:00","breadcrumb":{"@id":"https://www.colindres.es/index.php/project/campus-noviembre-2018/#breadcrumb"},"inLanguage":"es","potentialAction":[{"@type":"ReadAction","target":["https://www.colindres.es/index.php/project/campus-noviembre-2018/"]}]},{"@type":"ImageObject","inLanguage":"es","@id":"https://www.colindres.es/index.php/project/campus-noviembre-2018/#primaryimage","url":"https://www.colindres.es/wp-content/uploads/2018/10/cartel.jpg","contentUrl":"https://www.colindres.es/wp-content/uploads/2018/10/cartel.jpg","width":1654,"height":2339},{"@type":"BreadcrumbList","@id":"https://www.colindres.es/index.php/project/campus-noviembre-2018/#breadcrumb","itemListElement":[{"@type":"ListItem","position":1,"name":"Portada","item":"https://www.colindres.es/"},{"@type":"ListItem","position":2,"name":"Proyectos","item":"https://www.colindres.es/index.php/project/"},{"@type":"ListItem","position":3,"name":"CAMPUS NOVIEMBRE 2018"}]},{"@type":"WebSite","@id":"https://www.colindres.es/#website","url":"https://www.colindres.es/","name":"Ayuntamiento de Colindres","description":"Diseñado por NTIC&#039;s","publisher":{"@id":"https://www.colindres.es/#organization"},"potentialAction":[{"@type":"SearchAction","target":{"@type":"EntryPoint","urlTemplate":"https://www.colindres.es/?s={search_term_string}"},"query-input":{"@type":"PropertyValueSpecification","valueRequired":true,"valueName":"search_term_string"}}],"inLanguage":"es"},{"@type":"Organization","@id":"https://www.colindres.es/#organization","name":"AYUNTAMIENTO DE COLINDRES","url":"https://www.colindres.es/","logo":{"@type":"ImageObject","inLanguage":"es","@id":"https://www.colindres.es/#/schema/logo/image/","url":"https://www.colindres.es/wp-content/uploads/2017/01/LOGO-PRINCIPAL.jpg","contentUrl":"https://www.colindres.es/wp-content/uploads/2017/01/LOGO-PRINCIPAL.jpg","width":1209,"height":579,"caption":"AYUNTAMIENTO DE COLINDRES"},"image":{"@id":"https://www.colindres.es/#/schema/logo/image/"}}]}</script>
<!-- / Yoast SEO plugin. -->

De 2 a 12 años FECHAS: del 29 de octubre al 2 de noviembre HORARIO: de 8:00 a 15:00 LUGAR: C.P. Pedro del Hoyo Infantil Inscripciones del 15 al 24 de octubre ORGANIZA Ayuntamiento de Colindres INFORMACIÓN EN LAS OFICINAS DEL AYUNTAMIENTO DE COLINDRES O EN EL TLF. 942 67 40 00 ¡Apúntate! Plazas limitadas. [&hellip;]

Diseñado por NTIC&#039;s
