{"id":1884,"date":"2018-09-25T07:09:22","date_gmt":"2018-09-25T07:09:22","guid":{"rendered":"http:\/\/colindres.es\/?post_type=project&#038;p=1884"},"modified":"2018-09-25T07:09:22","modified_gmt":"2018-09-25T07:09:22","slug":"convocatoria-de-pleno-26-de-septiembre-de-2018","status":"publish","type":"project","link":"https:\/\/www.colindres.es\/index.php\/project\/convocatoria-de-pleno-26-de-septiembre-de-2018\/","title":{"rendered":"CONVOCATORIA DE PLENO &#8211; 26 de septiembre de 2018"},"content":{"rendered":"<p>Por la presente se le convoca a sesi\u00f3n ordinaria de Pleno que se celebrar\u00e1 en el Sal\u00f3n de Plenos de la Casa Consistorial<strong>, a las VEINTE HORAS Y DIEZ MINUTOS del d\u00eda 26 de septiembre de 2018<\/strong>, de acuerdo con lo estipulado en el art\u00edculo 113 del ROF, con el siguiente<\/p>\n<p><strong>ORDEN DEL D\u00cdA.<\/strong><\/p>\n<p><strong><u>Parte dispositiva<\/u><\/strong><strong>.<\/strong><\/p>\n<ol>\n<li><strong>Aprobaci\u00f3n de actas de sesiones anteriores de fecha: 07\/03\/2018, 06\/04\/2018, 07\/06\/2018 y 02\/08\/2018.<\/strong><\/li>\n<li><strong>Dictamen propuesta Medallas Polic\u00eda Local 2018.<\/strong><\/li>\n<li><strong>Dictamen propuesta de ratificaci\u00f3n Decreto de Alcald\u00eda 420\/2018 (solicitud de pr\u00f3rroga de concesi\u00f3n administrativa otorgada por Orden Ministerial 22\/09\/1999).<\/strong><\/li>\n<li><strong>Adjudicaci\u00f3n del contrato de obra: Rehabilitaci\u00f3n de fachadas en edificio servicios municipales. Casa de los Maestros (CON\/7\/2018)<\/strong><\/li>\n<li><strong>Adjudicaci\u00f3n del contrato de obra: Reordenaci\u00f3n de la Plaza de las Instituciones (CON\/8\/2018)<\/strong><\/li>\n<li><strong>Adjudicaci\u00f3n del contrato de obra: Parque del Entorno de Viar en Colindres (CON\/9\/2018)<\/strong><\/li>\n<\/ol>\n<p><strong><u>Parte de control y fiscalizaci\u00f3n<\/u><\/strong><strong>.<\/strong><\/p>\n<ol>\n<li><strong>Daci\u00f3n de cuenta del informe relativo al PMP y morosidad<\/strong><\/li>\n<li><strong>Daci\u00f3n de cuenta de Decretos de Alcald\u00eda: del 398\/2018 al 476\/2018<\/strong><\/li>\n<li><strong>Ruegos y Preguntas<\/strong><\/li>\n<\/ol>\n<p>A partir de esta fecha tiene usted a su disposici\u00f3n en la Secretar\u00eda General de esta Corporaci\u00f3n, los antecedentes relacionados con los asuntos que figuran en el orden del d\u00eda<\/p>\n<p>En Colindres, a 21 de septiembre de 2018<\/p>\n<p>El Alcalde,<\/p>\n<p>Javier Incera Goyenechea.<\/p>\n<p>&nbsp;<\/p>\n<p>&nbsp;<\/p>\n","protected":false},"excerpt":{"rendered":"<p>Por la presente se le convoca a sesi\u00f3n ordinaria de Pleno que se celebrar\u00e1 en el Sal\u00f3n de Plenos de la Casa Consistorial, a las VEINTE HORAS Y DIEZ MINUTOS del d\u00eda 26 de septiembre de 2018, de acuerdo con lo estipulado en el art\u00edculo 113 del ROF, con el siguiente ORDEN DEL D\u00cdA. Parte [&hellip;]<\/p>\n","protected":false},"author":1,"featured_media":1409,"comment_status":"open","ping_status":"closed","template":"","meta":{"_et_pb_use_builder":"","_et_pb_old_content":"","_et_gb_content_width":"","footnotes":""},"project_category":[],"project_tag":[],"class_list":["post-1884","project","type-project","status-publish","has-post-thumbnail","hentry"],"yoast_head":"<!-- This site is optimized with the Yoast SEO plugin v24.9 - https:\/\/yoast.com\/wordpress\/plugins\/seo\/ -->\n<title>CONVOCATORIA DE PLENO - 26 de septiembre de 2018 - Ayuntamiento de Colindres<\/title>\n<meta name=\"robots\" content=\"index, follow, max-snippet:-1, max-image-preview:large, max-video-preview:-1\" \/>\n<link rel=\"canonical\" href=\"https:\/\/www.colindres.es\/index.php\/project\/convocatoria-de-pleno-26-de-septiembre-de-2018\/\" \/>\n<meta property=\"og:locale\" content=\"es_ES\" \/>\n<meta property=\"og:type\" content=\"article\" \/>\n<meta property=\"og:title\" content=\"CONVOCATORIA DE PLENO - 26 de septiembre de 2018 - Ayuntamiento de Colindres\" \/>\n<meta property=\"og:description\" content=\"Por la presente se le convoca a sesi\u00f3n ordinaria de Pleno que se celebrar\u00e1 en el Sal\u00f3n de Plenos de la Casa Consistorial, a las VEINTE HORAS Y DIEZ MINUTOS del d\u00eda 26 de septiembre de 2018, de acuerdo con lo estipulado en el art\u00edculo 113 del ROF, con el siguiente ORDEN DEL D\u00cdA. Parte [&hellip;]\" \/>\n<meta property=\"og:url\" content=\"https:\/\/www.colindres.es\/index.php\/project\/convocatoria-de-pleno-26-de-septiembre-de-2018\/\" \/>\n<meta property=\"og:site_name\" content=\"Ayuntamiento de Colindres\" \/>\n<meta property=\"og:image\" content=\"https:\/\/www.colindres.es\/wp-content\/uploads\/2018\/04\/entorno-ayuntamiento.jpg\" \/>\n\t<meta property=\"og:image:width\" content=\"1134\" \/>\n\t<meta property=\"og:image:height\" content=\"411\" \/>\n\t<meta property=\"og:image:type\" content=\"image\/jpeg\" \/>\n<meta name=\"twitter:card\" content=\"summary_large_image\" \/>\n<meta name=\"twitter:label1\" content=\"Tiempo de lectura\" \/>\n\t<meta name=\"twitter:data1\" content=\"1 minuto\" \/>\n<script type=\"application\/ld+json\" class=\"yoast-schema-graph\">{\"@context\":\"https:\/\/schema.org\",\"@graph\":[{\"@type\":\"WebPage\",\"@id\":\"https:\/\/www.colindres.es\/index.php\/project\/convocatoria-de-pleno-26-de-septiembre-de-2018\/\",\"url\":\"https:\/\/www.colindres.es\/index.php\/project\/convocatoria-de-pleno-26-de-septiembre-de-2018\/\",\"name\":\"CONVOCATORIA DE PLENO - 26 de septiembre de 2018 - Ayuntamiento de Colindres\",\"isPartOf\":{\"@id\":\"https:\/\/www.colindres.es\/#website\"},\"primaryImageOfPage\":{\"@id\":\"https:\/\/www.colindres.es\/index.php\/project\/convocatoria-de-pleno-26-de-septiembre-de-2018\/#primaryimage\"},\"image\":{\"@id\":\"https:\/\/www.colindres.es\/index.php\/project\/convocatoria-de-pleno-26-de-septiembre-de-2018\/#primaryimage\"},\"thumbnailUrl\":\"https:\/\/www.colindres.es\/wp-content\/uploads\/2018\/04\/entorno-ayuntamiento.jpg\",\"datePublished\":\"2018-09-25T07:09:22+00:00\",\"breadcrumb\":{\"@id\":\"https:\/\/www.colindres.es\/index.php\/project\/convocatoria-de-pleno-26-de-septiembre-de-2018\/#breadcrumb\"},\"inLanguage\":\"es\",\"potentialAction\":[{\"@type\":\"ReadAction\",\"target\":[\"https:\/\/www.colindres.es\/index.php\/project\/convocatoria-de-pleno-26-de-septiembre-de-2018\/\"]}]},{\"@type\":\"ImageObject\",\"inLanguage\":\"es\",\"@id\":\"https:\/\/www.colindres.es\/index.php\/project\/convocatoria-de-pleno-26-de-septiembre-de-2018\/#primaryimage\",\"url\":\"https:\/\/www.colindres.es\/wp-content\/uploads\/2018\/04\/entorno-ayuntamiento.jpg\",\"contentUrl\":\"https:\/\/www.colindres.es\/wp-content\/uploads\/2018\/04\/entorno-ayuntamiento.jpg\",\"width\":1134,\"height\":411,\"caption\":\"entorno-ayuntamiento\"},{\"@type\":\"BreadcrumbList\",\"@id\":\"https:\/\/www.colindres.es\/index.php\/project\/convocatoria-de-pleno-26-de-septiembre-de-2018\/#breadcrumb\",\"itemListElement\":[{\"@type\":\"ListItem\",\"position\":1,\"name\":\"Portada\",\"item\":\"https:\/\/www.colindres.es\/\"},{\"@type\":\"ListItem\",\"position\":2,\"name\":\"Proyectos\",\"item\":\"https:\/\/www.colindres.es\/index.php\/project\/\"},{\"@type\":\"ListItem\",\"position\":3,\"name\":\"CONVOCATORIA DE PLENO &#8211; 26 de septiembre de 2018\"}]},{\"@type\":\"WebSite\",\"@id\":\"https:\/\/www.colindres.es\/#website\",\"url\":\"https:\/\/www.colindres.es\/\",\"name\":\"Ayuntamiento de Colindres\",\"description\":\"Dise\u00f1ado por NTIC&#039;s\",\"publisher\":{\"@id\":\"https:\/\/www.colindres.es\/#organization\"},\"potentialAction\":[{\"@type\":\"SearchAction\",\"target\":{\"@type\":\"EntryPoint\",\"urlTemplate\":\"https:\/\/www.colindres.es\/?s={search_term_string}\"},\"query-input\":{\"@type\":\"PropertyValueSpecification\",\"valueRequired\":true,\"valueName\":\"search_term_string\"}}],\"inLanguage\":\"es\"},{\"@type\":\"Organization\",\"@id\":\"https:\/\/www.colindres.es\/#organization\",\"name\":\"AYUNTAMIENTO DE COLINDRES\",\"url\":\"https:\/\/www.colindres.es\/\",\"logo\":{\"@type\":\"ImageObject\",\"inLanguage\":\"es\",\"@id\":\"https:\/\/www.colindres.es\/#\/schema\/logo\/image\/\",\"url\":\"https:\/\/www.colindres.es\/wp-content\/uploads\/2017\/01\/LOGO-PRINCIPAL.jpg\",\"contentUrl\":\"https:\/\/www.colindres.es\/wp-content\/uploads\/2017\/01\/LOGO-PRINCIPAL.jpg\",\"width\":1209,\"height\":579,\"caption\":\"AYUNTAMIENTO DE COLINDRES\"},\"image\":{\"@id\":\"https:\/\/www.colindres.es\/#\/schema\/logo\/image\/\"}}]}<\/script>\n<!-- \/ Yoast SEO plugin. -->","yoast_head_json":{"title":"CONVOCATORIA DE PLENO - 26 de septiembre de 2018 - Ayuntamiento de Colindres","robots":{"index":"index","follow":"follow","max-snippet":"max-snippet:-1","max-image-preview":"max-image-preview:large","max-video-preview":"max-video-preview:-1"},"canonical":"https:\/\/www.colindres.es\/index.php\/project\/convocatoria-de-pleno-26-de-septiembre-de-2018\/","og_locale":"es_ES","og_type":"article","og_title":"CONVOCATORIA DE PLENO - 26 de septiembre de 2018 - Ayuntamiento de Colindres","og_description":"Por la presente se le convoca a sesi\u00f3n ordinaria de Pleno que se celebrar\u00e1 en el Sal\u00f3n de Plenos de la Casa Consistorial, a las VEINTE HORAS Y DIEZ MINUTOS del d\u00eda 26 de septiembre de 2018, de acuerdo con lo estipulado en el art\u00edculo 113 del ROF, con el siguiente ORDEN DEL D\u00cdA. Parte [&hellip;]","og_url":"https:\/\/www.colindres.es\/index.php\/project\/convocatoria-de-pleno-26-de-septiembre-de-2018\/","og_site_name":"Ayuntamiento de Colindres","og_image":[{"width":1134,"height":411,"url":"https:\/\/www.colindres.es\/wp-content\/uploads\/2018\/04\/entorno-ayuntamiento.jpg","type":"image\/jpeg"}],"twitter_card":"summary_large_image","twitter_misc":{"Tiempo de lectura":"1 minuto"},"schema":{"@context":"https:\/\/schema.org","@graph":[{"@type":"WebPage","@id":"https:\/\/www.colindres.es\/index.php\/project\/convocatoria-de-pleno-26-de-septiembre-de-2018\/","url":"https:\/\/www.colindres.es\/index.php\/project\/convocatoria-de-pleno-26-de-septiembre-de-2018\/","name":"CONVOCATORIA DE PLENO - 26 de septiembre de 2018 - Ayuntamiento de Colindres","isPartOf":{"@id":"https:\/\/www.colindres.es\/#website"},"primaryImageOfPage":{"@id":"https:\/\/www.colindres.es\/index.php\/project\/convocatoria-de-pleno-26-de-septiembre-de-2018\/#primaryimage"},"image":{"@id":"https:\/\/www.colindres.es\/index.php\/project\/convocatoria-de-pleno-26-de-septiembre-de-2018\/#primaryimage"},"thumbnailUrl":"https:\/\/www.colindres.es\/wp-content\/uploads\/2018\/04\/entorno-ayuntamiento.jpg","datePublished":"2018-09-25T07:09:22+00:00","breadcrumb":{"@id":"https:\/\/www.colindres.es\/index.php\/project\/convocatoria-de-pleno-26-de-septiembre-de-2018\/#breadcrumb"},"inLanguage":"es","potentialAction":[{"@type":"ReadAction","target":["https:\/\/www.colindres.es\/index.php\/project\/convocatoria-de-pleno-26-de-septiembre-de-2018\/"]}]},{"@type":"ImageObject","inLanguage":"es","@id":"https:\/\/www.colindres.es\/index.php\/project\/convocatoria-de-pleno-26-de-septiembre-de-2018\/#primaryimage","url":"https:\/\/www.colindres.es\/wp-content\/uploads\/2018\/04\/entorno-ayuntamiento.jpg","contentUrl":"https:\/\/www.colindres.es\/wp-content\/uploads\/2018\/04\/entorno-ayuntamiento.jpg","width":1134,"height":411,"caption":"entorno-ayuntamiento"},{"@type":"BreadcrumbList","@id":"https:\/\/www.colindres.es\/index.php\/project\/convocatoria-de-pleno-26-de-septiembre-de-2018\/#breadcrumb","itemListElement":[{"@type":"ListItem","position":1,"name":"Portada","item":"https:\/\/www.colindres.es\/"},{"@type":"ListItem","position":2,"name":"Proyectos","item":"https:\/\/www.colindres.es\/index.php\/project\/"},{"@type":"ListItem","position":3,"name":"CONVOCATORIA DE PLENO &#8211; 26 de septiembre de 2018"}]},{"@type":"WebSite","@id":"https:\/\/www.colindres.es\/#website","url":"https:\/\/www.colindres.es\/","name":"Ayuntamiento de Colindres","description":"Dise\u00f1ado por NTIC&#039;s","publisher":{"@id":"https:\/\/www.colindres.es\/#organization"},"potentialAction":[{"@type":"SearchAction","target":{"@type":"EntryPoint","urlTemplate":"https:\/\/www.colindres.es\/?s={search_term_string}"},"query-input":{"@type":"PropertyValueSpecification","valueRequired":true,"valueName":"search_term_string"}}],"inLanguage":"es"},{"@type":"Organization","@id":"https:\/\/www.colindres.es\/#organization","name":"AYUNTAMIENTO DE COLINDRES","url":"https:\/\/www.colindres.es\/","logo":{"@type":"ImageObject","inLanguage":"es","@id":"https:\/\/www.colindres.es\/#\/schema\/logo\/image\/","url":"https:\/\/www.colindres.es\/wp-content\/uploads\/2017\/01\/LOGO-PRINCIPAL.jpg","contentUrl":"https:\/\/www.colindres.es\/wp-content\/uploads\/2017\/01\/LOGO-PRINCIPAL.jpg","width":1209,"height":579,"caption":"AYUNTAMIENTO DE COLINDRES"},"image":{"@id":"https:\/\/www.colindres.es\/#\/schema\/logo\/image\/"}}]}},"_links":{"self":[{"href":"https:\/\/www.colindres.es\/index.php\/wp-json\/wp\/v2\/project\/1884","targetHints":{"allow":["GET"]}}],"collection":[{"href":"https:\/\/www.colindres.es\/index.php\/wp-json\/wp\/v2\/project"}],"about":[{"href":"https:\/\/www.colindres.es\/index.php\/wp-json\/wp\/v2\/types\/project"}],"author":[{"embeddable":true,"href":"https:\/\/www.colindres.es\/index.php\/wp-json\/wp\/v2\/users\/1"}],"replies":[{"embeddable":true,"href":"https:\/\/www.colindres.es\/index.php\/wp-json\/wp\/v2\/comments?post=1884"}],"version-history":[{"count":1,"href":"https:\/\/www.colindres.es\/index.php\/wp-json\/wp\/v2\/project\/1884\/revisions"}],"predecessor-version":[{"id":1885,"href":"https:\/\/www.colindres.es\/index.php\/wp-json\/wp\/v2\/project\/1884\/revisions\/1885"}],"wp:featuredmedia":[{"embeddable":true,"href":"https:\/\/www.colindres.es\/index.php\/wp-json\/wp\/v2\/media\/1409"}],"wp:attachment":[{"href":"https:\/\/www.colindres.es\/index.php\/wp-json\/wp\/v2\/media?parent=1884"}],"wp:term":[{"taxonomy":"project_category","embeddable":true,"href":"https:\/\/www.colindres.es\/index.php\/wp-json\/wp\/v2\/project_category?post=1884"},{"taxonomy":"project_tag","embeddable":true,"href":"https:\/\/www.colindres.es\/index.php\/wp-json\/wp\/v2\/project_tag?post=1884"}],"curies":[{"name":"wp","href":"https:\/\/api.w.org\/{rel}","templated":true}]}}

<p>Por la presente se le convoca a sesión ordinaria de Pleno que se celebrará en el Salón de Plenos de la Casa Consistorial<strong>, a las VEINTE HORAS Y DIEZ MINUTOS del día 26 de septiembre de 2018</strong>, de acuerdo con lo estipulado en el artículo 113 del ROF, con el siguiente</p>
<p><strong>ORDEN DEL DÍA.</strong></p>
<p><strong><u>Parte dispositiva</u></strong><strong>.</strong></p>
<ol>
<li><strong>Aprobación de actas de sesiones anteriores de fecha: 07/03/2018, 06/04/2018, 07/06/2018 y 02/08/2018.</strong></li>
<li><strong>Dictamen propuesta Medallas Policía Local 2018.</strong></li>
<li><strong>Dictamen propuesta de ratificación Decreto de Alcaldía 420/2018 (solicitud de prórroga de concesión administrativa otorgada por Orden Ministerial 22/09/1999).</strong></li>
<li><strong>Adjudicación del contrato de obra: Rehabilitación de fachadas en edificio servicios municipales. Casa de los Maestros (CON/7/2018)</strong></li>
<li><strong>Adjudicación del contrato de obra: Reordenación de la Plaza de las Instituciones (CON/8/2018)</strong></li>
<li><strong>Adjudicación del contrato de obra: Parque del Entorno de Viar en Colindres (CON/9/2018)</strong></li>
</ol>
<p><strong><u>Parte de control y fiscalización</u></strong><strong>.</strong></p>
<ol>
<li><strong>Dación de cuenta del informe relativo al PMP y morosidad</strong></li>
<li><strong>Dación de cuenta de Decretos de Alcaldía: del 398/2018 al 476/2018</strong></li>
<li><strong>Ruegos y Preguntas</strong></li>
</ol>
<p>A partir de esta fecha tiene usted a su disposición en la Secretaría General de esta Corporación, los antecedentes relacionados con los asuntos que figuran en el orden del día</p>
<p>En Colindres, a 21 de septiembre de 2018</p>
<p>El Alcalde,</p>
<p>Javier Incera Goyenechea.</p>
<p>&nbsp;</p>
<p>&nbsp;</p>

<p>Por la presente se le convoca a sesión ordinaria de Pleno que se celebrará en el Salón de Plenos de la Casa Consistorial, a las VEINTE HORAS Y DIEZ MINUTOS del día 26 de septiembre de 2018, de acuerdo con lo estipulado en el artículo 113 del ROF, con el siguiente ORDEN DEL DÍA. Parte [&hellip;]</p>

<!-- This site is optimized with the Yoast SEO plugin v24.9 - https://yoast.com/wordpress/plugins/seo/ -->
<title>CONVOCATORIA DE PLENO - 26 de septiembre de 2018 - Ayuntamiento de Colindres</title>
<meta name="robots" content="index, follow, max-snippet:-1, max-image-preview:large, max-video-preview:-1" />
<link rel="canonical" href="https://www.colindres.es/index.php/project/convocatoria-de-pleno-26-de-septiembre-de-2018/" />
<meta property="og:locale" content="es_ES" />
<meta property="og:type" content="article" />
<meta property="og:title" content="CONVOCATORIA DE PLENO - 26 de septiembre de 2018 - Ayuntamiento de Colindres" />
<meta property="og:description" content="Por la presente se le convoca a sesión ordinaria de Pleno que se celebrará en el Salón de Plenos de la Casa Consistorial, a las VEINTE HORAS Y DIEZ MINUTOS del día 26 de septiembre de 2018, de acuerdo con lo estipulado en el artículo 113 del ROF, con el siguiente ORDEN DEL DÍA. Parte [&hellip;]" />
<meta property="og:url" content="https://www.colindres.es/index.php/project/convocatoria-de-pleno-26-de-septiembre-de-2018/" />
<meta property="og:site_name" content="Ayuntamiento de Colindres" />
<meta property="og:image" content="https://www.colindres.es/wp-content/uploads/2018/04/entorno-ayuntamiento.jpg" />
	<meta property="og:image:width" content="1134" />
	<meta property="og:image:height" content="411" />
	<meta property="og:image:type" content="image/jpeg" />
<meta name="twitter:card" content="summary_large_image" />
<meta name="twitter:label1" content="Tiempo de lectura" />
	<meta name="twitter:data1" content="1 minuto" />
<script type="application/ld+json" class="yoast-schema-graph">{"@context":"https://schema.org","@graph":[{"@type":"WebPage","@id":"https://www.colindres.es/index.php/project/convocatoria-de-pleno-26-de-septiembre-de-2018/","url":"https://www.colindres.es/index.php/project/convocatoria-de-pleno-26-de-septiembre-de-2018/","name":"CONVOCATORIA DE PLENO - 26 de septiembre de 2018 - Ayuntamiento de Colindres","isPartOf":{"@id":"https://www.colindres.es/#website"},"primaryImageOfPage":{"@id":"https://www.colindres.es/index.php/project/convocatoria-de-pleno-26-de-septiembre-de-2018/#primaryimage"},"image":{"@id":"https://www.colindres.es/index.php/project/convocatoria-de-pleno-26-de-septiembre-de-2018/#primaryimage"},"thumbnailUrl":"https://www.colindres.es/wp-content/uploads/2018/04/entorno-ayuntamiento.jpg","datePublished":"2018-09-25T07:09:22+00:00","breadcrumb":{"@id":"https://www.colindres.es/index.php/project/convocatoria-de-pleno-26-de-septiembre-de-2018/#breadcrumb"},"inLanguage":"es","potentialAction":[{"@type":"ReadAction","target":["https://www.colindres.es/index.php/project/convocatoria-de-pleno-26-de-septiembre-de-2018/"]}]},{"@type":"ImageObject","inLanguage":"es","@id":"https://www.colindres.es/index.php/project/convocatoria-de-pleno-26-de-septiembre-de-2018/#primaryimage","url":"https://www.colindres.es/wp-content/uploads/2018/04/entorno-ayuntamiento.jpg","contentUrl":"https://www.colindres.es/wp-content/uploads/2018/04/entorno-ayuntamiento.jpg","width":1134,"height":411,"caption":"entorno-ayuntamiento"},{"@type":"BreadcrumbList","@id":"https://www.colindres.es/index.php/project/convocatoria-de-pleno-26-de-septiembre-de-2018/#breadcrumb","itemListElement":[{"@type":"ListItem","position":1,"name":"Portada","item":"https://www.colindres.es/"},{"@type":"ListItem","position":2,"name":"Proyectos","item":"https://www.colindres.es/index.php/project/"},{"@type":"ListItem","position":3,"name":"CONVOCATORIA DE PLENO &#8211; 26 de septiembre de 2018"}]},{"@type":"WebSite","@id":"https://www.colindres.es/#website","url":"https://www.colindres.es/","name":"Ayuntamiento de Colindres","description":"Diseñado por NTIC&#039;s","publisher":{"@id":"https://www.colindres.es/#organization"},"potentialAction":[{"@type":"SearchAction","target":{"@type":"EntryPoint","urlTemplate":"https://www.colindres.es/?s={search_term_string}"},"query-input":{"@type":"PropertyValueSpecification","valueRequired":true,"valueName":"search_term_string"}}],"inLanguage":"es"},{"@type":"Organization","@id":"https://www.colindres.es/#organization","name":"AYUNTAMIENTO DE COLINDRES","url":"https://www.colindres.es/","logo":{"@type":"ImageObject","inLanguage":"es","@id":"https://www.colindres.es/#/schema/logo/image/","url":"https://www.colindres.es/wp-content/uploads/2017/01/LOGO-PRINCIPAL.jpg","contentUrl":"https://www.colindres.es/wp-content/uploads/2017/01/LOGO-PRINCIPAL.jpg","width":1209,"height":579,"caption":"AYUNTAMIENTO DE COLINDRES"},"image":{"@id":"https://www.colindres.es/#/schema/logo/image/"}}]}</script>
<!-- / Yoast SEO plugin. -->

Por la presente se le convoca a sesión ordinaria de Pleno que se celebrará en el Salón de Plenos de la Casa Consistorial, a las VEINTE HORAS Y DIEZ MINUTOS del día 26 de septiembre de 2018, de acuerdo con lo estipulado en el artículo 113 del ROF, con el siguiente ORDEN DEL DÍA. Parte [&hellip;]

Diseñado por NTIC&#039;s
