{"id":1639,"date":"2018-07-06T06:07:28","date_gmt":"2018-07-06T06:07:28","guid":{"rendered":"http:\/\/colindres.es\/?post_type=project&#038;p=1639"},"modified":"2018-07-06T06:07:28","modified_gmt":"2018-07-06T06:07:28","slug":"antologia-de-la-zarzuela-laredana-ii-coral-salve-de-laredo","status":"publish","type":"project","link":"https:\/\/www.colindres.es\/index.php\/project\/antologia-de-la-zarzuela-laredana-ii-coral-salve-de-laredo\/","title":{"rendered":"ANTOLOG\u00cdA DE LA ZARZUELA LAREDANA II &#8211; CORAL SALV\u00c9 DE LAREDO"},"content":{"rendered":"<p>Concierto audiovisual el d\u00eda Viernes 6 de Junio de 2019 a partir de las 21.00 h. en la Iglesia Parroquial de San Juan.<\/p>\n","protected":false},"excerpt":{"rendered":"<p>Concierto audiovisual el d\u00eda Viernes 6 de Junio de 2019 a partir de las 21.00 h. en la Iglesia Parroquial de San Juan.<\/p>\n","protected":false},"author":1,"featured_media":1640,"comment_status":"open","ping_status":"closed","template":"","meta":{"_et_pb_use_builder":"","_et_pb_old_content":"","_et_gb_content_width":"","footnotes":""},"project_category":[],"project_tag":[],"class_list":["post-1639","project","type-project","status-publish","has-post-thumbnail","hentry"],"yoast_head":"<!-- This site is optimized with the Yoast SEO plugin v24.9 - https:\/\/yoast.com\/wordpress\/plugins\/seo\/ -->\n<title>ANTOLOG\u00cdA DE LA ZARZUELA LAREDANA II - CORAL SALV\u00c9 DE LAREDO - Ayuntamiento de Colindres<\/title>\n<meta name=\"robots\" content=\"index, follow, max-snippet:-1, max-image-preview:large, max-video-preview:-1\" \/>\n<link rel=\"canonical\" href=\"https:\/\/www.colindres.es\/index.php\/project\/antologia-de-la-zarzuela-laredana-ii-coral-salve-de-laredo\/\" \/>\n<meta property=\"og:locale\" content=\"es_ES\" \/>\n<meta property=\"og:type\" content=\"article\" \/>\n<meta property=\"og:title\" content=\"ANTOLOG\u00cdA DE LA ZARZUELA LAREDANA II - CORAL SALV\u00c9 DE LAREDO - Ayuntamiento de Colindres\" \/>\n<meta property=\"og:description\" content=\"Concierto audiovisual el d\u00eda Viernes 6 de Junio de 2019 a partir de las 21.00 h. en la Iglesia Parroquial de San Juan.\" \/>\n<meta property=\"og:url\" content=\"https:\/\/www.colindres.es\/index.php\/project\/antologia-de-la-zarzuela-laredana-ii-coral-salve-de-laredo\/\" \/>\n<meta property=\"og:site_name\" content=\"Ayuntamiento de Colindres\" \/>\n<meta property=\"og:image\" content=\"https:\/\/www.colindres.es\/wp-content\/uploads\/2018\/07\/antologia-de-la-zarzuela.jpg\" \/>\n\t<meta property=\"og:image:width\" content=\"1131\" \/>\n\t<meta property=\"og:image:height\" content=\"1600\" \/>\n\t<meta property=\"og:image:type\" content=\"image\/jpeg\" \/>\n<meta name=\"twitter:card\" content=\"summary_large_image\" \/>\n<script type=\"application\/ld+json\" class=\"yoast-schema-graph\">{\"@context\":\"https:\/\/schema.org\",\"@graph\":[{\"@type\":\"WebPage\",\"@id\":\"https:\/\/www.colindres.es\/index.php\/project\/antologia-de-la-zarzuela-laredana-ii-coral-salve-de-laredo\/\",\"url\":\"https:\/\/www.colindres.es\/index.php\/project\/antologia-de-la-zarzuela-laredana-ii-coral-salve-de-laredo\/\",\"name\":\"ANTOLOG\u00cdA DE LA ZARZUELA LAREDANA II - CORAL SALV\u00c9 DE LAREDO - Ayuntamiento de Colindres\",\"isPartOf\":{\"@id\":\"https:\/\/www.colindres.es\/#website\"},\"primaryImageOfPage\":{\"@id\":\"https:\/\/www.colindres.es\/index.php\/project\/antologia-de-la-zarzuela-laredana-ii-coral-salve-de-laredo\/#primaryimage\"},\"image\":{\"@id\":\"https:\/\/www.colindres.es\/index.php\/project\/antologia-de-la-zarzuela-laredana-ii-coral-salve-de-laredo\/#primaryimage\"},\"thumbnailUrl\":\"https:\/\/www.colindres.es\/wp-content\/uploads\/2018\/07\/antologia-de-la-zarzuela.jpg\",\"datePublished\":\"2018-07-06T06:07:28+00:00\",\"breadcrumb\":{\"@id\":\"https:\/\/www.colindres.es\/index.php\/project\/antologia-de-la-zarzuela-laredana-ii-coral-salve-de-laredo\/#breadcrumb\"},\"inLanguage\":\"es\",\"potentialAction\":[{\"@type\":\"ReadAction\",\"target\":[\"https:\/\/www.colindres.es\/index.php\/project\/antologia-de-la-zarzuela-laredana-ii-coral-salve-de-laredo\/\"]}]},{\"@type\":\"ImageObject\",\"inLanguage\":\"es\",\"@id\":\"https:\/\/www.colindres.es\/index.php\/project\/antologia-de-la-zarzuela-laredana-ii-coral-salve-de-laredo\/#primaryimage\",\"url\":\"https:\/\/www.colindres.es\/wp-content\/uploads\/2018\/07\/antologia-de-la-zarzuela.jpg\",\"contentUrl\":\"https:\/\/www.colindres.es\/wp-content\/uploads\/2018\/07\/antologia-de-la-zarzuela.jpg\",\"width\":1131,\"height\":1600},{\"@type\":\"BreadcrumbList\",\"@id\":\"https:\/\/www.colindres.es\/index.php\/project\/antologia-de-la-zarzuela-laredana-ii-coral-salve-de-laredo\/#breadcrumb\",\"itemListElement\":[{\"@type\":\"ListItem\",\"position\":1,\"name\":\"Portada\",\"item\":\"https:\/\/www.colindres.es\/\"},{\"@type\":\"ListItem\",\"position\":2,\"name\":\"Proyectos\",\"item\":\"https:\/\/www.colindres.es\/index.php\/project\/\"},{\"@type\":\"ListItem\",\"position\":3,\"name\":\"ANTOLOG\u00cdA DE LA ZARZUELA LAREDANA II &#8211; CORAL SALV\u00c9 DE LAREDO\"}]},{\"@type\":\"WebSite\",\"@id\":\"https:\/\/www.colindres.es\/#website\",\"url\":\"https:\/\/www.colindres.es\/\",\"name\":\"Ayuntamiento de Colindres\",\"description\":\"Dise\u00f1ado por NTIC&#039;s\",\"publisher\":{\"@id\":\"https:\/\/www.colindres.es\/#organization\"},\"potentialAction\":[{\"@type\":\"SearchAction\",\"target\":{\"@type\":\"EntryPoint\",\"urlTemplate\":\"https:\/\/www.colindres.es\/?s={search_term_string}\"},\"query-input\":{\"@type\":\"PropertyValueSpecification\",\"valueRequired\":true,\"valueName\":\"search_term_string\"}}],\"inLanguage\":\"es\"},{\"@type\":\"Organization\",\"@id\":\"https:\/\/www.colindres.es\/#organization\",\"name\":\"AYUNTAMIENTO DE COLINDRES\",\"url\":\"https:\/\/www.colindres.es\/\",\"logo\":{\"@type\":\"ImageObject\",\"inLanguage\":\"es\",\"@id\":\"https:\/\/www.colindres.es\/#\/schema\/logo\/image\/\",\"url\":\"https:\/\/www.colindres.es\/wp-content\/uploads\/2017\/01\/LOGO-PRINCIPAL.jpg\",\"contentUrl\":\"https:\/\/www.colindres.es\/wp-content\/uploads\/2017\/01\/LOGO-PRINCIPAL.jpg\",\"width\":1209,\"height\":579,\"caption\":\"AYUNTAMIENTO DE COLINDRES\"},\"image\":{\"@id\":\"https:\/\/www.colindres.es\/#\/schema\/logo\/image\/\"}}]}<\/script>\n<!-- \/ Yoast SEO plugin. -->","yoast_head_json":{"title":"ANTOLOG\u00cdA DE LA ZARZUELA LAREDANA II - CORAL SALV\u00c9 DE LAREDO - Ayuntamiento de Colindres","robots":{"index":"index","follow":"follow","max-snippet":"max-snippet:-1","max-image-preview":"max-image-preview:large","max-video-preview":"max-video-preview:-1"},"canonical":"https:\/\/www.colindres.es\/index.php\/project\/antologia-de-la-zarzuela-laredana-ii-coral-salve-de-laredo\/","og_locale":"es_ES","og_type":"article","og_title":"ANTOLOG\u00cdA DE LA ZARZUELA LAREDANA II - CORAL SALV\u00c9 DE LAREDO - Ayuntamiento de Colindres","og_description":"Concierto audiovisual el d\u00eda Viernes 6 de Junio de 2019 a partir de las 21.00 h. en la Iglesia Parroquial de San Juan.","og_url":"https:\/\/www.colindres.es\/index.php\/project\/antologia-de-la-zarzuela-laredana-ii-coral-salve-de-laredo\/","og_site_name":"Ayuntamiento de Colindres","og_image":[{"width":1131,"height":1600,"url":"https:\/\/www.colindres.es\/wp-content\/uploads\/2018\/07\/antologia-de-la-zarzuela.jpg","type":"image\/jpeg"}],"twitter_card":"summary_large_image","schema":{"@context":"https:\/\/schema.org","@graph":[{"@type":"WebPage","@id":"https:\/\/www.colindres.es\/index.php\/project\/antologia-de-la-zarzuela-laredana-ii-coral-salve-de-laredo\/","url":"https:\/\/www.colindres.es\/index.php\/project\/antologia-de-la-zarzuela-laredana-ii-coral-salve-de-laredo\/","name":"ANTOLOG\u00cdA DE LA ZARZUELA LAREDANA II - CORAL SALV\u00c9 DE LAREDO - Ayuntamiento de Colindres","isPartOf":{"@id":"https:\/\/www.colindres.es\/#website"},"primaryImageOfPage":{"@id":"https:\/\/www.colindres.es\/index.php\/project\/antologia-de-la-zarzuela-laredana-ii-coral-salve-de-laredo\/#primaryimage"},"image":{"@id":"https:\/\/www.colindres.es\/index.php\/project\/antologia-de-la-zarzuela-laredana-ii-coral-salve-de-laredo\/#primaryimage"},"thumbnailUrl":"https:\/\/www.colindres.es\/wp-content\/uploads\/2018\/07\/antologia-de-la-zarzuela.jpg","datePublished":"2018-07-06T06:07:28+00:00","breadcrumb":{"@id":"https:\/\/www.colindres.es\/index.php\/project\/antologia-de-la-zarzuela-laredana-ii-coral-salve-de-laredo\/#breadcrumb"},"inLanguage":"es","potentialAction":[{"@type":"ReadAction","target":["https:\/\/www.colindres.es\/index.php\/project\/antologia-de-la-zarzuela-laredana-ii-coral-salve-de-laredo\/"]}]},{"@type":"ImageObject","inLanguage":"es","@id":"https:\/\/www.colindres.es\/index.php\/project\/antologia-de-la-zarzuela-laredana-ii-coral-salve-de-laredo\/#primaryimage","url":"https:\/\/www.colindres.es\/wp-content\/uploads\/2018\/07\/antologia-de-la-zarzuela.jpg","contentUrl":"https:\/\/www.colindres.es\/wp-content\/uploads\/2018\/07\/antologia-de-la-zarzuela.jpg","width":1131,"height":1600},{"@type":"BreadcrumbList","@id":"https:\/\/www.colindres.es\/index.php\/project\/antologia-de-la-zarzuela-laredana-ii-coral-salve-de-laredo\/#breadcrumb","itemListElement":[{"@type":"ListItem","position":1,"name":"Portada","item":"https:\/\/www.colindres.es\/"},{"@type":"ListItem","position":2,"name":"Proyectos","item":"https:\/\/www.colindres.es\/index.php\/project\/"},{"@type":"ListItem","position":3,"name":"ANTOLOG\u00cdA DE LA ZARZUELA LAREDANA II &#8211; CORAL SALV\u00c9 DE LAREDO"}]},{"@type":"WebSite","@id":"https:\/\/www.colindres.es\/#website","url":"https:\/\/www.colindres.es\/","name":"Ayuntamiento de Colindres","description":"Dise\u00f1ado por NTIC&#039;s","publisher":{"@id":"https:\/\/www.colindres.es\/#organization"},"potentialAction":[{"@type":"SearchAction","target":{"@type":"EntryPoint","urlTemplate":"https:\/\/www.colindres.es\/?s={search_term_string}"},"query-input":{"@type":"PropertyValueSpecification","valueRequired":true,"valueName":"search_term_string"}}],"inLanguage":"es"},{"@type":"Organization","@id":"https:\/\/www.colindres.es\/#organization","name":"AYUNTAMIENTO DE COLINDRES","url":"https:\/\/www.colindres.es\/","logo":{"@type":"ImageObject","inLanguage":"es","@id":"https:\/\/www.colindres.es\/#\/schema\/logo\/image\/","url":"https:\/\/www.colindres.es\/wp-content\/uploads\/2017\/01\/LOGO-PRINCIPAL.jpg","contentUrl":"https:\/\/www.colindres.es\/wp-content\/uploads\/2017\/01\/LOGO-PRINCIPAL.jpg","width":1209,"height":579,"caption":"AYUNTAMIENTO DE COLINDRES"},"image":{"@id":"https:\/\/www.colindres.es\/#\/schema\/logo\/image\/"}}]}},"_links":{"self":[{"href":"https:\/\/www.colindres.es\/index.php\/wp-json\/wp\/v2\/project\/1639","targetHints":{"allow":["GET"]}}],"collection":[{"href":"https:\/\/www.colindres.es\/index.php\/wp-json\/wp\/v2\/project"}],"about":[{"href":"https:\/\/www.colindres.es\/index.php\/wp-json\/wp\/v2\/types\/project"}],"author":[{"embeddable":true,"href":"https:\/\/www.colindres.es\/index.php\/wp-json\/wp\/v2\/users\/1"}],"replies":[{"embeddable":true,"href":"https:\/\/www.colindres.es\/index.php\/wp-json\/wp\/v2\/comments?post=1639"}],"version-history":[{"count":1,"href":"https:\/\/www.colindres.es\/index.php\/wp-json\/wp\/v2\/project\/1639\/revisions"}],"predecessor-version":[{"id":1643,"href":"https:\/\/www.colindres.es\/index.php\/wp-json\/wp\/v2\/project\/1639\/revisions\/1643"}],"wp:featuredmedia":[{"embeddable":true,"href":"https:\/\/www.colindres.es\/index.php\/wp-json\/wp\/v2\/media\/1640"}],"wp:attachment":[{"href":"https:\/\/www.colindres.es\/index.php\/wp-json\/wp\/v2\/media?parent=1639"}],"wp:term":[{"taxonomy":"project_category","embeddable":true,"href":"https:\/\/www.colindres.es\/index.php\/wp-json\/wp\/v2\/project_category?post=1639"},{"taxonomy":"project_tag","embeddable":true,"href":"https:\/\/www.colindres.es\/index.php\/wp-json\/wp\/v2\/project_tag?post=1639"}],"curies":[{"name":"wp","href":"https:\/\/api.w.org\/{rel}","templated":true}]}}

ANTOLOGÍA DE LA ZARZUELA LAREDANA II &#8211; CORAL SALVÉ DE LAREDO

<p>Concierto audiovisual el día Viernes 6 de Junio de 2019 a partir de las 21.00 h. en la Iglesia Parroquial de San Juan.</p>

<!-- This site is optimized with the Yoast SEO plugin v24.9 - https://yoast.com/wordpress/plugins/seo/ -->
<title>ANTOLOGÍA DE LA ZARZUELA LAREDANA II - CORAL SALVÉ DE LAREDO - Ayuntamiento de Colindres</title>
<meta name="robots" content="index, follow, max-snippet:-1, max-image-preview:large, max-video-preview:-1" />
<link rel="canonical" href="https://www.colindres.es/index.php/project/antologia-de-la-zarzuela-laredana-ii-coral-salve-de-laredo/" />
<meta property="og:locale" content="es_ES" />
<meta property="og:type" content="article" />
<meta property="og:title" content="ANTOLOGÍA DE LA ZARZUELA LAREDANA II - CORAL SALVÉ DE LAREDO - Ayuntamiento de Colindres" />
<meta property="og:description" content="Concierto audiovisual el día Viernes 6 de Junio de 2019 a partir de las 21.00 h. en la Iglesia Parroquial de San Juan." />
<meta property="og:url" content="https://www.colindres.es/index.php/project/antologia-de-la-zarzuela-laredana-ii-coral-salve-de-laredo/" />
<meta property="og:site_name" content="Ayuntamiento de Colindres" />
<meta property="og:image" content="https://www.colindres.es/wp-content/uploads/2018/07/antologia-de-la-zarzuela.jpg" />
	<meta property="og:image:width" content="1131" />
	<meta property="og:image:height" content="1600" />
	<meta property="og:image:type" content="image/jpeg" />
<meta name="twitter:card" content="summary_large_image" />
<script type="application/ld+json" class="yoast-schema-graph">{"@context":"https://schema.org","@graph":[{"@type":"WebPage","@id":"https://www.colindres.es/index.php/project/antologia-de-la-zarzuela-laredana-ii-coral-salve-de-laredo/","url":"https://www.colindres.es/index.php/project/antologia-de-la-zarzuela-laredana-ii-coral-salve-de-laredo/","name":"ANTOLOGÍA DE LA ZARZUELA LAREDANA II - CORAL SALVÉ DE LAREDO - Ayuntamiento de Colindres","isPartOf":{"@id":"https://www.colindres.es/#website"},"primaryImageOfPage":{"@id":"https://www.colindres.es/index.php/project/antologia-de-la-zarzuela-laredana-ii-coral-salve-de-laredo/#primaryimage"},"image":{"@id":"https://www.colindres.es/index.php/project/antologia-de-la-zarzuela-laredana-ii-coral-salve-de-laredo/#primaryimage"},"thumbnailUrl":"https://www.colindres.es/wp-content/uploads/2018/07/antologia-de-la-zarzuela.jpg","datePublished":"2018-07-06T06:07:28+00:00","breadcrumb":{"@id":"https://www.colindres.es/index.php/project/antologia-de-la-zarzuela-laredana-ii-coral-salve-de-laredo/#breadcrumb"},"inLanguage":"es","potentialAction":[{"@type":"ReadAction","target":["https://www.colindres.es/index.php/project/antologia-de-la-zarzuela-laredana-ii-coral-salve-de-laredo/"]}]},{"@type":"ImageObject","inLanguage":"es","@id":"https://www.colindres.es/index.php/project/antologia-de-la-zarzuela-laredana-ii-coral-salve-de-laredo/#primaryimage","url":"https://www.colindres.es/wp-content/uploads/2018/07/antologia-de-la-zarzuela.jpg","contentUrl":"https://www.colindres.es/wp-content/uploads/2018/07/antologia-de-la-zarzuela.jpg","width":1131,"height":1600},{"@type":"BreadcrumbList","@id":"https://www.colindres.es/index.php/project/antologia-de-la-zarzuela-laredana-ii-coral-salve-de-laredo/#breadcrumb","itemListElement":[{"@type":"ListItem","position":1,"name":"Portada","item":"https://www.colindres.es/"},{"@type":"ListItem","position":2,"name":"Proyectos","item":"https://www.colindres.es/index.php/project/"},{"@type":"ListItem","position":3,"name":"ANTOLOGÍA DE LA ZARZUELA LAREDANA II &#8211; CORAL SALVÉ DE LAREDO"}]},{"@type":"WebSite","@id":"https://www.colindres.es/#website","url":"https://www.colindres.es/","name":"Ayuntamiento de Colindres","description":"Diseñado por NTIC&#039;s","publisher":{"@id":"https://www.colindres.es/#organization"},"potentialAction":[{"@type":"SearchAction","target":{"@type":"EntryPoint","urlTemplate":"https://www.colindres.es/?s={search_term_string}"},"query-input":{"@type":"PropertyValueSpecification","valueRequired":true,"valueName":"search_term_string"}}],"inLanguage":"es"},{"@type":"Organization","@id":"https://www.colindres.es/#organization","name":"AYUNTAMIENTO DE COLINDRES","url":"https://www.colindres.es/","logo":{"@type":"ImageObject","inLanguage":"es","@id":"https://www.colindres.es/#/schema/logo/image/","url":"https://www.colindres.es/wp-content/uploads/2017/01/LOGO-PRINCIPAL.jpg","contentUrl":"https://www.colindres.es/wp-content/uploads/2017/01/LOGO-PRINCIPAL.jpg","width":1209,"height":579,"caption":"AYUNTAMIENTO DE COLINDRES"},"image":{"@id":"https://www.colindres.es/#/schema/logo/image/"}}]}</script>
<!-- / Yoast SEO plugin. -->

ANTOLOGÍA DE LA ZARZUELA LAREDANA II - CORAL SALVÉ DE LAREDO - Ayuntamiento de Colindres

Concierto audiovisual el día Viernes 6 de Junio de 2019 a partir de las 21.00 h. en la Iglesia Parroquial de San Juan.

Diseñado por NTIC&#039;s
