{"id":1535,"date":"2018-05-24T09:50:59","date_gmt":"2018-05-24T09:50:59","guid":{"rendered":"http:\/\/colindres.es\/?post_type=project&#038;p=1535"},"modified":"2018-05-24T09:50:59","modified_gmt":"2018-05-24T09:50:59","slug":"ii-semana-europea-de-la-pesca-en-cantabria","status":"publish","type":"project","link":"https:\/\/www.colindres.es\/index.php\/project\/ii-semana-europea-de-la-pesca-en-cantabria\/","title":{"rendered":"II SEMANA EUROPEA DE LA PESCA EN CANTABRIA"},"content":{"rendered":"<ul>\n<li>D\u00cdA 24 DE MAYO DE 2018, JUEVES,\u00a0A LAS 19.30 H. CONFERENCIA \u00abPROYECTOS EUROPEOS EN LA PESCA\u00bb. EN EL SAL\u00d3N DE PLENOS DEL AYUNTAMIENTO DE COLINDRES\n<ul>\n<li>PROYECTOS SAFER, JORGE MUYO, DIRECTOR GENERAL DE INNOVACI\u00d3N, ATLAS, INSTITUTO DE HIDR\u00c1ULICA AMBIENTAL, JOSE ANTONIO JUANES DE LA PE\u00d1A: ELOXIRAS, INSTRUMENTO PYME APRIA SYSTEMS.<\/li>\n<\/ul>\n<\/li>\n<li>D\u00cdA 26 DE MAYO DE 2018, S\u00c1BADO, A LAS 12.00 H. PEQUE CHEF, TALLER DE COCINA PARA NI\u00d1OS EN LA PLAZA DE LA ESPERANZA.<\/li>\n<\/ul>\n<p>&nbsp;<\/p>\n","protected":false},"excerpt":{"rendered":"<p>D\u00cdA 24 DE MAYO DE 2018, JUEVES,\u00a0A LAS 19.30 H. CONFERENCIA \u00abPROYECTOS EUROPEOS EN LA PESCA\u00bb. EN EL SAL\u00d3N DE PLENOS DEL AYUNTAMIENTO DE COLINDRES PROYECTOS SAFER, JORGE MUYO, DIRECTOR GENERAL DE INNOVACI\u00d3N, ATLAS, INSTITUTO DE HIDR\u00c1ULICA AMBIENTAL, JOSE ANTONIO JUANES DE LA PE\u00d1A: ELOXIRAS, INSTRUMENTO PYME APRIA SYSTEMS. D\u00cdA 26 DE MAYO DE 2018, [&hellip;]<\/p>\n","protected":false},"author":1,"featured_media":1536,"comment_status":"open","ping_status":"closed","template":"","meta":{"_et_pb_use_builder":"","_et_pb_old_content":"","_et_gb_content_width":"","footnotes":""},"project_category":[],"project_tag":[],"class_list":["post-1535","project","type-project","status-publish","has-post-thumbnail","hentry"],"yoast_head":"<!-- This site is optimized with the Yoast SEO plugin v24.9 - https:\/\/yoast.com\/wordpress\/plugins\/seo\/ -->\n<title>II SEMANA EUROPEA DE LA PESCA EN CANTABRIA - Ayuntamiento de Colindres<\/title>\n<meta name=\"robots\" content=\"index, follow, max-snippet:-1, max-image-preview:large, max-video-preview:-1\" \/>\n<link rel=\"canonical\" href=\"https:\/\/www.colindres.es\/index.php\/project\/ii-semana-europea-de-la-pesca-en-cantabria\/\" \/>\n<meta property=\"og:locale\" content=\"es_ES\" \/>\n<meta property=\"og:type\" content=\"article\" \/>\n<meta property=\"og:title\" content=\"II SEMANA EUROPEA DE LA PESCA EN CANTABRIA - Ayuntamiento de Colindres\" \/>\n<meta property=\"og:description\" content=\"D\u00cdA 24 DE MAYO DE 2018, JUEVES,\u00a0A LAS 19.30 H. CONFERENCIA \u00abPROYECTOS EUROPEOS EN LA PESCA\u00bb. EN EL SAL\u00d3N DE PLENOS DEL AYUNTAMIENTO DE COLINDRES PROYECTOS SAFER, JORGE MUYO, DIRECTOR GENERAL DE INNOVACI\u00d3N, ATLAS, INSTITUTO DE HIDR\u00c1ULICA AMBIENTAL, JOSE ANTONIO JUANES DE LA PE\u00d1A: ELOXIRAS, INSTRUMENTO PYME APRIA SYSTEMS. D\u00cdA 26 DE MAYO DE 2018, [&hellip;]\" \/>\n<meta property=\"og:url\" content=\"https:\/\/www.colindres.es\/index.php\/project\/ii-semana-europea-de-la-pesca-en-cantabria\/\" \/>\n<meta property=\"og:site_name\" content=\"Ayuntamiento de Colindres\" \/>\n<meta property=\"og:image\" content=\"https:\/\/www.colindres.es\/wp-content\/uploads\/2018\/05\/SEMANA-DE-LA-PESCA.jpg\" \/>\n\t<meta property=\"og:image:width\" content=\"2799\" \/>\n\t<meta property=\"og:image:height\" content=\"3941\" \/>\n\t<meta property=\"og:image:type\" content=\"image\/jpeg\" \/>\n<meta name=\"twitter:card\" content=\"summary_large_image\" \/>\n<script type=\"application\/ld+json\" class=\"yoast-schema-graph\">{\"@context\":\"https:\/\/schema.org\",\"@graph\":[{\"@type\":\"WebPage\",\"@id\":\"https:\/\/www.colindres.es\/index.php\/project\/ii-semana-europea-de-la-pesca-en-cantabria\/\",\"url\":\"https:\/\/www.colindres.es\/index.php\/project\/ii-semana-europea-de-la-pesca-en-cantabria\/\",\"name\":\"II SEMANA EUROPEA DE LA PESCA EN CANTABRIA - Ayuntamiento de Colindres\",\"isPartOf\":{\"@id\":\"https:\/\/www.colindres.es\/#website\"},\"primaryImageOfPage\":{\"@id\":\"https:\/\/www.colindres.es\/index.php\/project\/ii-semana-europea-de-la-pesca-en-cantabria\/#primaryimage\"},\"image\":{\"@id\":\"https:\/\/www.colindres.es\/index.php\/project\/ii-semana-europea-de-la-pesca-en-cantabria\/#primaryimage\"},\"thumbnailUrl\":\"https:\/\/www.colindres.es\/wp-content\/uploads\/2018\/05\/SEMANA-DE-LA-PESCA.jpg\",\"datePublished\":\"2018-05-24T09:50:59+00:00\",\"breadcrumb\":{\"@id\":\"https:\/\/www.colindres.es\/index.php\/project\/ii-semana-europea-de-la-pesca-en-cantabria\/#breadcrumb\"},\"inLanguage\":\"es\",\"potentialAction\":[{\"@type\":\"ReadAction\",\"target\":[\"https:\/\/www.colindres.es\/index.php\/project\/ii-semana-europea-de-la-pesca-en-cantabria\/\"]}]},{\"@type\":\"ImageObject\",\"inLanguage\":\"es\",\"@id\":\"https:\/\/www.colindres.es\/index.php\/project\/ii-semana-europea-de-la-pesca-en-cantabria\/#primaryimage\",\"url\":\"https:\/\/www.colindres.es\/wp-content\/uploads\/2018\/05\/SEMANA-DE-LA-PESCA.jpg\",\"contentUrl\":\"https:\/\/www.colindres.es\/wp-content\/uploads\/2018\/05\/SEMANA-DE-LA-PESCA.jpg\",\"width\":2799,\"height\":3941},{\"@type\":\"BreadcrumbList\",\"@id\":\"https:\/\/www.colindres.es\/index.php\/project\/ii-semana-europea-de-la-pesca-en-cantabria\/#breadcrumb\",\"itemListElement\":[{\"@type\":\"ListItem\",\"position\":1,\"name\":\"Portada\",\"item\":\"https:\/\/www.colindres.es\/\"},{\"@type\":\"ListItem\",\"position\":2,\"name\":\"Proyectos\",\"item\":\"https:\/\/www.colindres.es\/index.php\/project\/\"},{\"@type\":\"ListItem\",\"position\":3,\"name\":\"II SEMANA EUROPEA DE LA PESCA EN CANTABRIA\"}]},{\"@type\":\"WebSite\",\"@id\":\"https:\/\/www.colindres.es\/#website\",\"url\":\"https:\/\/www.colindres.es\/\",\"name\":\"Ayuntamiento de Colindres\",\"description\":\"Dise\u00f1ado por NTIC&#039;s\",\"publisher\":{\"@id\":\"https:\/\/www.colindres.es\/#organization\"},\"potentialAction\":[{\"@type\":\"SearchAction\",\"target\":{\"@type\":\"EntryPoint\",\"urlTemplate\":\"https:\/\/www.colindres.es\/?s={search_term_string}\"},\"query-input\":{\"@type\":\"PropertyValueSpecification\",\"valueRequired\":true,\"valueName\":\"search_term_string\"}}],\"inLanguage\":\"es\"},{\"@type\":\"Organization\",\"@id\":\"https:\/\/www.colindres.es\/#organization\",\"name\":\"AYUNTAMIENTO DE COLINDRES\",\"url\":\"https:\/\/www.colindres.es\/\",\"logo\":{\"@type\":\"ImageObject\",\"inLanguage\":\"es\",\"@id\":\"https:\/\/www.colindres.es\/#\/schema\/logo\/image\/\",\"url\":\"https:\/\/www.colindres.es\/wp-content\/uploads\/2017\/01\/LOGO-PRINCIPAL.jpg\",\"contentUrl\":\"https:\/\/www.colindres.es\/wp-content\/uploads\/2017\/01\/LOGO-PRINCIPAL.jpg\",\"width\":1209,\"height\":579,\"caption\":\"AYUNTAMIENTO DE COLINDRES\"},\"image\":{\"@id\":\"https:\/\/www.colindres.es\/#\/schema\/logo\/image\/\"}}]}<\/script>\n<!-- \/ Yoast SEO plugin. -->","yoast_head_json":{"title":"II SEMANA EUROPEA DE LA PESCA EN CANTABRIA - Ayuntamiento de Colindres","robots":{"index":"index","follow":"follow","max-snippet":"max-snippet:-1","max-image-preview":"max-image-preview:large","max-video-preview":"max-video-preview:-1"},"canonical":"https:\/\/www.colindres.es\/index.php\/project\/ii-semana-europea-de-la-pesca-en-cantabria\/","og_locale":"es_ES","og_type":"article","og_title":"II SEMANA EUROPEA DE LA PESCA EN CANTABRIA - Ayuntamiento de Colindres","og_description":"D\u00cdA 24 DE MAYO DE 2018, JUEVES,\u00a0A LAS 19.30 H. CONFERENCIA \u00abPROYECTOS EUROPEOS EN LA PESCA\u00bb. EN EL SAL\u00d3N DE PLENOS DEL AYUNTAMIENTO DE COLINDRES PROYECTOS SAFER, JORGE MUYO, DIRECTOR GENERAL DE INNOVACI\u00d3N, ATLAS, INSTITUTO DE HIDR\u00c1ULICA AMBIENTAL, JOSE ANTONIO JUANES DE LA PE\u00d1A: ELOXIRAS, INSTRUMENTO PYME APRIA SYSTEMS. D\u00cdA 26 DE MAYO DE 2018, [&hellip;]","og_url":"https:\/\/www.colindres.es\/index.php\/project\/ii-semana-europea-de-la-pesca-en-cantabria\/","og_site_name":"Ayuntamiento de Colindres","og_image":[{"width":2799,"height":3941,"url":"https:\/\/www.colindres.es\/wp-content\/uploads\/2018\/05\/SEMANA-DE-LA-PESCA.jpg","type":"image\/jpeg"}],"twitter_card":"summary_large_image","schema":{"@context":"https:\/\/schema.org","@graph":[{"@type":"WebPage","@id":"https:\/\/www.colindres.es\/index.php\/project\/ii-semana-europea-de-la-pesca-en-cantabria\/","url":"https:\/\/www.colindres.es\/index.php\/project\/ii-semana-europea-de-la-pesca-en-cantabria\/","name":"II SEMANA EUROPEA DE LA PESCA EN CANTABRIA - Ayuntamiento de Colindres","isPartOf":{"@id":"https:\/\/www.colindres.es\/#website"},"primaryImageOfPage":{"@id":"https:\/\/www.colindres.es\/index.php\/project\/ii-semana-europea-de-la-pesca-en-cantabria\/#primaryimage"},"image":{"@id":"https:\/\/www.colindres.es\/index.php\/project\/ii-semana-europea-de-la-pesca-en-cantabria\/#primaryimage"},"thumbnailUrl":"https:\/\/www.colindres.es\/wp-content\/uploads\/2018\/05\/SEMANA-DE-LA-PESCA.jpg","datePublished":"2018-05-24T09:50:59+00:00","breadcrumb":{"@id":"https:\/\/www.colindres.es\/index.php\/project\/ii-semana-europea-de-la-pesca-en-cantabria\/#breadcrumb"},"inLanguage":"es","potentialAction":[{"@type":"ReadAction","target":["https:\/\/www.colindres.es\/index.php\/project\/ii-semana-europea-de-la-pesca-en-cantabria\/"]}]},{"@type":"ImageObject","inLanguage":"es","@id":"https:\/\/www.colindres.es\/index.php\/project\/ii-semana-europea-de-la-pesca-en-cantabria\/#primaryimage","url":"https:\/\/www.colindres.es\/wp-content\/uploads\/2018\/05\/SEMANA-DE-LA-PESCA.jpg","contentUrl":"https:\/\/www.colindres.es\/wp-content\/uploads\/2018\/05\/SEMANA-DE-LA-PESCA.jpg","width":2799,"height":3941},{"@type":"BreadcrumbList","@id":"https:\/\/www.colindres.es\/index.php\/project\/ii-semana-europea-de-la-pesca-en-cantabria\/#breadcrumb","itemListElement":[{"@type":"ListItem","position":1,"name":"Portada","item":"https:\/\/www.colindres.es\/"},{"@type":"ListItem","position":2,"name":"Proyectos","item":"https:\/\/www.colindres.es\/index.php\/project\/"},{"@type":"ListItem","position":3,"name":"II SEMANA EUROPEA DE LA PESCA EN CANTABRIA"}]},{"@type":"WebSite","@id":"https:\/\/www.colindres.es\/#website","url":"https:\/\/www.colindres.es\/","name":"Ayuntamiento de Colindres","description":"Dise\u00f1ado por NTIC&#039;s","publisher":{"@id":"https:\/\/www.colindres.es\/#organization"},"potentialAction":[{"@type":"SearchAction","target":{"@type":"EntryPoint","urlTemplate":"https:\/\/www.colindres.es\/?s={search_term_string}"},"query-input":{"@type":"PropertyValueSpecification","valueRequired":true,"valueName":"search_term_string"}}],"inLanguage":"es"},{"@type":"Organization","@id":"https:\/\/www.colindres.es\/#organization","name":"AYUNTAMIENTO DE COLINDRES","url":"https:\/\/www.colindres.es\/","logo":{"@type":"ImageObject","inLanguage":"es","@id":"https:\/\/www.colindres.es\/#\/schema\/logo\/image\/","url":"https:\/\/www.colindres.es\/wp-content\/uploads\/2017\/01\/LOGO-PRINCIPAL.jpg","contentUrl":"https:\/\/www.colindres.es\/wp-content\/uploads\/2017\/01\/LOGO-PRINCIPAL.jpg","width":1209,"height":579,"caption":"AYUNTAMIENTO DE COLINDRES"},"image":{"@id":"https:\/\/www.colindres.es\/#\/schema\/logo\/image\/"}}]}},"_links":{"self":[{"href":"https:\/\/www.colindres.es\/index.php\/wp-json\/wp\/v2\/project\/1535","targetHints":{"allow":["GET"]}}],"collection":[{"href":"https:\/\/www.colindres.es\/index.php\/wp-json\/wp\/v2\/project"}],"about":[{"href":"https:\/\/www.colindres.es\/index.php\/wp-json\/wp\/v2\/types\/project"}],"author":[{"embeddable":true,"href":"https:\/\/www.colindres.es\/index.php\/wp-json\/wp\/v2\/users\/1"}],"replies":[{"embeddable":true,"href":"https:\/\/www.colindres.es\/index.php\/wp-json\/wp\/v2\/comments?post=1535"}],"version-history":[{"count":1,"href":"https:\/\/www.colindres.es\/index.php\/wp-json\/wp\/v2\/project\/1535\/revisions"}],"predecessor-version":[{"id":1537,"href":"https:\/\/www.colindres.es\/index.php\/wp-json\/wp\/v2\/project\/1535\/revisions\/1537"}],"wp:featuredmedia":[{"embeddable":true,"href":"https:\/\/www.colindres.es\/index.php\/wp-json\/wp\/v2\/media\/1536"}],"wp:attachment":[{"href":"https:\/\/www.colindres.es\/index.php\/wp-json\/wp\/v2\/media?parent=1535"}],"wp:term":[{"taxonomy":"project_category","embeddable":true,"href":"https:\/\/www.colindres.es\/index.php\/wp-json\/wp\/v2\/project_category?post=1535"},{"taxonomy":"project_tag","embeddable":true,"href":"https:\/\/www.colindres.es\/index.php\/wp-json\/wp\/v2\/project_tag?post=1535"}],"curies":[{"name":"wp","href":"https:\/\/api.w.org\/{rel}","templated":true}]}}

<ul>
<li>DÍA 24 DE MAYO DE 2018, JUEVES, A LAS 19.30 H. CONFERENCIA «PROYECTOS EUROPEOS EN LA PESCA». EN EL SALÓN DE PLENOS DEL AYUNTAMIENTO DE COLINDRES
<ul>
<li>PROYECTOS SAFER, JORGE MUYO, DIRECTOR GENERAL DE INNOVACIÓN, ATLAS, INSTITUTO DE HIDRÁULICA AMBIENTAL, JOSE ANTONIO JUANES DE LA PEÑA: ELOXIRAS, INSTRUMENTO PYME APRIA SYSTEMS.</li>
</ul>
</li>
<li>DÍA 26 DE MAYO DE 2018, SÁBADO, A LAS 12.00 H. PEQUE CHEF, TALLER DE COCINA PARA NIÑOS EN LA PLAZA DE LA ESPERANZA.</li>
</ul>
<p>&nbsp;</p>

<p>DÍA 24 DE MAYO DE 2018, JUEVES, A LAS 19.30 H. CONFERENCIA «PROYECTOS EUROPEOS EN LA PESCA». EN EL SALÓN DE PLENOS DEL AYUNTAMIENTO DE COLINDRES PROYECTOS SAFER, JORGE MUYO, DIRECTOR GENERAL DE INNOVACIÓN, ATLAS, INSTITUTO DE HIDRÁULICA AMBIENTAL, JOSE ANTONIO JUANES DE LA PEÑA: ELOXIRAS, INSTRUMENTO PYME APRIA SYSTEMS. DÍA 26 DE MAYO DE 2018, [&hellip;]</p>

<!-- This site is optimized with the Yoast SEO plugin v24.9 - https://yoast.com/wordpress/plugins/seo/ -->
<title>II SEMANA EUROPEA DE LA PESCA EN CANTABRIA - Ayuntamiento de Colindres</title>
<meta name="robots" content="index, follow, max-snippet:-1, max-image-preview:large, max-video-preview:-1" />
<link rel="canonical" href="https://www.colindres.es/index.php/project/ii-semana-europea-de-la-pesca-en-cantabria/" />
<meta property="og:locale" content="es_ES" />
<meta property="og:type" content="article" />
<meta property="og:title" content="II SEMANA EUROPEA DE LA PESCA EN CANTABRIA - Ayuntamiento de Colindres" />
<meta property="og:description" content="DÍA 24 DE MAYO DE 2018, JUEVES, A LAS 19.30 H. CONFERENCIA «PROYECTOS EUROPEOS EN LA PESCA». EN EL SALÓN DE PLENOS DEL AYUNTAMIENTO DE COLINDRES PROYECTOS SAFER, JORGE MUYO, DIRECTOR GENERAL DE INNOVACIÓN, ATLAS, INSTITUTO DE HIDRÁULICA AMBIENTAL, JOSE ANTONIO JUANES DE LA PEÑA: ELOXIRAS, INSTRUMENTO PYME APRIA SYSTEMS. DÍA 26 DE MAYO DE 2018, [&hellip;]" />
<meta property="og:url" content="https://www.colindres.es/index.php/project/ii-semana-europea-de-la-pesca-en-cantabria/" />
<meta property="og:site_name" content="Ayuntamiento de Colindres" />
<meta property="og:image" content="https://www.colindres.es/wp-content/uploads/2018/05/SEMANA-DE-LA-PESCA.jpg" />
	<meta property="og:image:width" content="2799" />
	<meta property="og:image:height" content="3941" />
	<meta property="og:image:type" content="image/jpeg" />
<meta name="twitter:card" content="summary_large_image" />
<script type="application/ld+json" class="yoast-schema-graph">{"@context":"https://schema.org","@graph":[{"@type":"WebPage","@id":"https://www.colindres.es/index.php/project/ii-semana-europea-de-la-pesca-en-cantabria/","url":"https://www.colindres.es/index.php/project/ii-semana-europea-de-la-pesca-en-cantabria/","name":"II SEMANA EUROPEA DE LA PESCA EN CANTABRIA - Ayuntamiento de Colindres","isPartOf":{"@id":"https://www.colindres.es/#website"},"primaryImageOfPage":{"@id":"https://www.colindres.es/index.php/project/ii-semana-europea-de-la-pesca-en-cantabria/#primaryimage"},"image":{"@id":"https://www.colindres.es/index.php/project/ii-semana-europea-de-la-pesca-en-cantabria/#primaryimage"},"thumbnailUrl":"https://www.colindres.es/wp-content/uploads/2018/05/SEMANA-DE-LA-PESCA.jpg","datePublished":"2018-05-24T09:50:59+00:00","breadcrumb":{"@id":"https://www.colindres.es/index.php/project/ii-semana-europea-de-la-pesca-en-cantabria/#breadcrumb"},"inLanguage":"es","potentialAction":[{"@type":"ReadAction","target":["https://www.colindres.es/index.php/project/ii-semana-europea-de-la-pesca-en-cantabria/"]}]},{"@type":"ImageObject","inLanguage":"es","@id":"https://www.colindres.es/index.php/project/ii-semana-europea-de-la-pesca-en-cantabria/#primaryimage","url":"https://www.colindres.es/wp-content/uploads/2018/05/SEMANA-DE-LA-PESCA.jpg","contentUrl":"https://www.colindres.es/wp-content/uploads/2018/05/SEMANA-DE-LA-PESCA.jpg","width":2799,"height":3941},{"@type":"BreadcrumbList","@id":"https://www.colindres.es/index.php/project/ii-semana-europea-de-la-pesca-en-cantabria/#breadcrumb","itemListElement":[{"@type":"ListItem","position":1,"name":"Portada","item":"https://www.colindres.es/"},{"@type":"ListItem","position":2,"name":"Proyectos","item":"https://www.colindres.es/index.php/project/"},{"@type":"ListItem","position":3,"name":"II SEMANA EUROPEA DE LA PESCA EN CANTABRIA"}]},{"@type":"WebSite","@id":"https://www.colindres.es/#website","url":"https://www.colindres.es/","name":"Ayuntamiento de Colindres","description":"Diseñado por NTIC&#039;s","publisher":{"@id":"https://www.colindres.es/#organization"},"potentialAction":[{"@type":"SearchAction","target":{"@type":"EntryPoint","urlTemplate":"https://www.colindres.es/?s={search_term_string}"},"query-input":{"@type":"PropertyValueSpecification","valueRequired":true,"valueName":"search_term_string"}}],"inLanguage":"es"},{"@type":"Organization","@id":"https://www.colindres.es/#organization","name":"AYUNTAMIENTO DE COLINDRES","url":"https://www.colindres.es/","logo":{"@type":"ImageObject","inLanguage":"es","@id":"https://www.colindres.es/#/schema/logo/image/","url":"https://www.colindres.es/wp-content/uploads/2017/01/LOGO-PRINCIPAL.jpg","contentUrl":"https://www.colindres.es/wp-content/uploads/2017/01/LOGO-PRINCIPAL.jpg","width":1209,"height":579,"caption":"AYUNTAMIENTO DE COLINDRES"},"image":{"@id":"https://www.colindres.es/#/schema/logo/image/"}}]}</script>
<!-- / Yoast SEO plugin. -->

DÍA 24 DE MAYO DE 2018, JUEVES, A LAS 19.30 H. CONFERENCIA «PROYECTOS EUROPEOS EN LA PESCA». EN EL SALÓN DE PLENOS DEL AYUNTAMIENTO DE COLINDRES PROYECTOS SAFER, JORGE MUYO, DIRECTOR GENERAL DE INNOVACIÓN, ATLAS, INSTITUTO DE HIDRÁULICA AMBIENTAL, JOSE ANTONIO JUANES DE LA PEÑA: ELOXIRAS, INSTRUMENTO PYME APRIA SYSTEMS. DÍA 26 DE MAYO DE 2018, [&hellip;]

Diseñado por NTIC&#039;s
