{"id":1373,"date":"2018-03-24T06:25:05","date_gmt":"2018-03-24T06:25:05","guid":{"rendered":"http:\/\/colindres.es\/?post_type=project&#038;p=1373"},"modified":"2018-03-24T06:35:11","modified_gmt":"2018-03-24T06:35:11","slug":"colindres-celebra-la-hora-del-planeta","status":"publish","type":"project","link":"https:\/\/www.colindres.es\/index.php\/project\/colindres-celebra-la-hora-del-planeta\/","title":{"rendered":"Colindres celebra La Hora del Planeta"},"content":{"rendered":"<p>La Hora del Planeta es una campa\u00f1a de WWF que empez\u00f3 en 2007 en Sidney, Australia, con el gesto simb\u00f3lico de apagar la luz durante una hora como muestra de la lucha contra\u00a0el cambio clim\u00e1tico.<\/p>\n<p>Se ha convertido en la mayor iniciativa mundial en defensa del medio ambiente y una llamada a movilizarse y a actuar de forma constructiva en defensa de nuestro amenazado\u00a0Planeta.<\/p>\n<p>Porque todos estamos conectados, ma\u00f1ana 24 de marzo a las 20.30h apagaremos la luz para conectar con el planeta. Y t\u00fa, \u00bfya te has sumado?\u00a0http:\/\/horadelplaneta.es\/\u00a0#HoraDelPlaneta\u00a0#MMS#sostenibles\u00a0#wwf\u00a0#apagalaluz\u00a0#todosconlatierra #WWFEspa\u00f1a #YoApagoPor<\/p>\n<p><iframe loading=\"lazy\" width=\"1080\" height=\"608\" src=\"https:\/\/www.youtube.com\/embed\/TAhrrj_vINI?feature=oembed\" frameborder=\"0\" allow=\"autoplay; encrypted-media\" allowfullscreen><\/iframe><\/p>\n","protected":false},"excerpt":{"rendered":"<p>La Hora del Planeta es una campa\u00f1a de WWF que empez\u00f3 en 2007 en Sidney, Australia, con el gesto simb\u00f3lico de apagar la luz durante una hora como muestra de la lucha contra\u00a0el cambio clim\u00e1tico. Se ha convertido en la mayor iniciativa mundial en defensa del medio ambiente y una llamada a movilizarse y a [&hellip;]<\/p>\n","protected":false},"author":1,"featured_media":1374,"comment_status":"open","ping_status":"closed","template":"","meta":{"_et_pb_use_builder":"","_et_pb_old_content":"","_et_gb_content_width":"","footnotes":""},"project_category":[],"project_tag":[],"class_list":["post-1373","project","type-project","status-publish","has-post-thumbnail","hentry"],"yoast_head":"<!-- This site is optimized with the Yoast SEO plugin v24.9 - https:\/\/yoast.com\/wordpress\/plugins\/seo\/ -->\n<title>Colindres celebra La Hora del Planeta - Ayuntamiento de Colindres<\/title>\n<meta name=\"robots\" content=\"index, follow, max-snippet:-1, max-image-preview:large, max-video-preview:-1\" \/>\n<link rel=\"canonical\" href=\"https:\/\/www.colindres.es\/index.php\/project\/colindres-celebra-la-hora-del-planeta\/\" \/>\n<meta property=\"og:locale\" content=\"es_ES\" \/>\n<meta property=\"og:type\" content=\"article\" \/>\n<meta property=\"og:title\" content=\"Colindres celebra La Hora del Planeta - Ayuntamiento de Colindres\" \/>\n<meta property=\"og:description\" content=\"La Hora del Planeta es una campa\u00f1a de WWF que empez\u00f3 en 2007 en Sidney, Australia, con el gesto simb\u00f3lico de apagar la luz durante una hora como muestra de la lucha contra\u00a0el cambio clim\u00e1tico. Se ha convertido en la mayor iniciativa mundial en defensa del medio ambiente y una llamada a movilizarse y a [&hellip;]\" \/>\n<meta property=\"og:url\" content=\"https:\/\/www.colindres.es\/index.php\/project\/colindres-celebra-la-hora-del-planeta\/\" \/>\n<meta property=\"og:site_name\" content=\"Ayuntamiento de Colindres\" \/>\n<meta property=\"article:modified_time\" content=\"2018-03-24T06:35:11+00:00\" \/>\n<meta property=\"og:image\" content=\"https:\/\/www.colindres.es\/wp-content\/uploads\/2018\/03\/2018-03-23-PHOTO-00002287.jpg\" \/>\n\t<meta property=\"og:image:width\" content=\"1500\" \/>\n\t<meta property=\"og:image:height\" content=\"1500\" \/>\n\t<meta property=\"og:image:type\" content=\"image\/jpeg\" \/>\n<meta name=\"twitter:card\" content=\"summary_large_image\" \/>\n<meta name=\"twitter:label1\" content=\"Tiempo de lectura\" \/>\n\t<meta name=\"twitter:data1\" content=\"1 minuto\" \/>\n<script type=\"application\/ld+json\" class=\"yoast-schema-graph\">{\"@context\":\"https:\/\/schema.org\",\"@graph\":[{\"@type\":\"WebPage\",\"@id\":\"https:\/\/www.colindres.es\/index.php\/project\/colindres-celebra-la-hora-del-planeta\/\",\"url\":\"https:\/\/www.colindres.es\/index.php\/project\/colindres-celebra-la-hora-del-planeta\/\",\"name\":\"Colindres celebra La Hora del Planeta - Ayuntamiento de Colindres\",\"isPartOf\":{\"@id\":\"https:\/\/www.colindres.es\/#website\"},\"primaryImageOfPage\":{\"@id\":\"https:\/\/www.colindres.es\/index.php\/project\/colindres-celebra-la-hora-del-planeta\/#primaryimage\"},\"image\":{\"@id\":\"https:\/\/www.colindres.es\/index.php\/project\/colindres-celebra-la-hora-del-planeta\/#primaryimage\"},\"thumbnailUrl\":\"https:\/\/www.colindres.es\/wp-content\/uploads\/2018\/03\/2018-03-23-PHOTO-00002287.jpg\",\"datePublished\":\"2018-03-24T06:25:05+00:00\",\"dateModified\":\"2018-03-24T06:35:11+00:00\",\"breadcrumb\":{\"@id\":\"https:\/\/www.colindres.es\/index.php\/project\/colindres-celebra-la-hora-del-planeta\/#breadcrumb\"},\"inLanguage\":\"es\",\"potentialAction\":[{\"@type\":\"ReadAction\",\"target\":[\"https:\/\/www.colindres.es\/index.php\/project\/colindres-celebra-la-hora-del-planeta\/\"]}]},{\"@type\":\"ImageObject\",\"inLanguage\":\"es\",\"@id\":\"https:\/\/www.colindres.es\/index.php\/project\/colindres-celebra-la-hora-del-planeta\/#primaryimage\",\"url\":\"https:\/\/www.colindres.es\/wp-content\/uploads\/2018\/03\/2018-03-23-PHOTO-00002287.jpg\",\"contentUrl\":\"https:\/\/www.colindres.es\/wp-content\/uploads\/2018\/03\/2018-03-23-PHOTO-00002287.jpg\",\"width\":1500,\"height\":1500},{\"@type\":\"BreadcrumbList\",\"@id\":\"https:\/\/www.colindres.es\/index.php\/project\/colindres-celebra-la-hora-del-planeta\/#breadcrumb\",\"itemListElement\":[{\"@type\":\"ListItem\",\"position\":1,\"name\":\"Portada\",\"item\":\"https:\/\/www.colindres.es\/\"},{\"@type\":\"ListItem\",\"position\":2,\"name\":\"Proyectos\",\"item\":\"https:\/\/www.colindres.es\/index.php\/project\/\"},{\"@type\":\"ListItem\",\"position\":3,\"name\":\"Colindres celebra La Hora del Planeta\"}]},{\"@type\":\"WebSite\",\"@id\":\"https:\/\/www.colindres.es\/#website\",\"url\":\"https:\/\/www.colindres.es\/\",\"name\":\"Ayuntamiento de Colindres\",\"description\":\"Dise\u00f1ado por NTIC&#039;s\",\"publisher\":{\"@id\":\"https:\/\/www.colindres.es\/#organization\"},\"potentialAction\":[{\"@type\":\"SearchAction\",\"target\":{\"@type\":\"EntryPoint\",\"urlTemplate\":\"https:\/\/www.colindres.es\/?s={search_term_string}\"},\"query-input\":{\"@type\":\"PropertyValueSpecification\",\"valueRequired\":true,\"valueName\":\"search_term_string\"}}],\"inLanguage\":\"es\"},{\"@type\":\"Organization\",\"@id\":\"https:\/\/www.colindres.es\/#organization\",\"name\":\"AYUNTAMIENTO DE COLINDRES\",\"url\":\"https:\/\/www.colindres.es\/\",\"logo\":{\"@type\":\"ImageObject\",\"inLanguage\":\"es\",\"@id\":\"https:\/\/www.colindres.es\/#\/schema\/logo\/image\/\",\"url\":\"https:\/\/www.colindres.es\/wp-content\/uploads\/2017\/01\/LOGO-PRINCIPAL.jpg\",\"contentUrl\":\"https:\/\/www.colindres.es\/wp-content\/uploads\/2017\/01\/LOGO-PRINCIPAL.jpg\",\"width\":1209,\"height\":579,\"caption\":\"AYUNTAMIENTO DE COLINDRES\"},\"image\":{\"@id\":\"https:\/\/www.colindres.es\/#\/schema\/logo\/image\/\"}}]}<\/script>\n<!-- \/ Yoast SEO plugin. -->","yoast_head_json":{"title":"Colindres celebra La Hora del Planeta - Ayuntamiento de Colindres","robots":{"index":"index","follow":"follow","max-snippet":"max-snippet:-1","max-image-preview":"max-image-preview:large","max-video-preview":"max-video-preview:-1"},"canonical":"https:\/\/www.colindres.es\/index.php\/project\/colindres-celebra-la-hora-del-planeta\/","og_locale":"es_ES","og_type":"article","og_title":"Colindres celebra La Hora del Planeta - Ayuntamiento de Colindres","og_description":"La Hora del Planeta es una campa\u00f1a de WWF que empez\u00f3 en 2007 en Sidney, Australia, con el gesto simb\u00f3lico de apagar la luz durante una hora como muestra de la lucha contra\u00a0el cambio clim\u00e1tico. Se ha convertido en la mayor iniciativa mundial en defensa del medio ambiente y una llamada a movilizarse y a [&hellip;]","og_url":"https:\/\/www.colindres.es\/index.php\/project\/colindres-celebra-la-hora-del-planeta\/","og_site_name":"Ayuntamiento de Colindres","article_modified_time":"2018-03-24T06:35:11+00:00","og_image":[{"width":1500,"height":1500,"url":"https:\/\/www.colindres.es\/wp-content\/uploads\/2018\/03\/2018-03-23-PHOTO-00002287.jpg","type":"image\/jpeg"}],"twitter_card":"summary_large_image","twitter_misc":{"Tiempo de lectura":"1 minuto"},"schema":{"@context":"https:\/\/schema.org","@graph":[{"@type":"WebPage","@id":"https:\/\/www.colindres.es\/index.php\/project\/colindres-celebra-la-hora-del-planeta\/","url":"https:\/\/www.colindres.es\/index.php\/project\/colindres-celebra-la-hora-del-planeta\/","name":"Colindres celebra La Hora del Planeta - Ayuntamiento de Colindres","isPartOf":{"@id":"https:\/\/www.colindres.es\/#website"},"primaryImageOfPage":{"@id":"https:\/\/www.colindres.es\/index.php\/project\/colindres-celebra-la-hora-del-planeta\/#primaryimage"},"image":{"@id":"https:\/\/www.colindres.es\/index.php\/project\/colindres-celebra-la-hora-del-planeta\/#primaryimage"},"thumbnailUrl":"https:\/\/www.colindres.es\/wp-content\/uploads\/2018\/03\/2018-03-23-PHOTO-00002287.jpg","datePublished":"2018-03-24T06:25:05+00:00","dateModified":"2018-03-24T06:35:11+00:00","breadcrumb":{"@id":"https:\/\/www.colindres.es\/index.php\/project\/colindres-celebra-la-hora-del-planeta\/#breadcrumb"},"inLanguage":"es","potentialAction":[{"@type":"ReadAction","target":["https:\/\/www.colindres.es\/index.php\/project\/colindres-celebra-la-hora-del-planeta\/"]}]},{"@type":"ImageObject","inLanguage":"es","@id":"https:\/\/www.colindres.es\/index.php\/project\/colindres-celebra-la-hora-del-planeta\/#primaryimage","url":"https:\/\/www.colindres.es\/wp-content\/uploads\/2018\/03\/2018-03-23-PHOTO-00002287.jpg","contentUrl":"https:\/\/www.colindres.es\/wp-content\/uploads\/2018\/03\/2018-03-23-PHOTO-00002287.jpg","width":1500,"height":1500},{"@type":"BreadcrumbList","@id":"https:\/\/www.colindres.es\/index.php\/project\/colindres-celebra-la-hora-del-planeta\/#breadcrumb","itemListElement":[{"@type":"ListItem","position":1,"name":"Portada","item":"https:\/\/www.colindres.es\/"},{"@type":"ListItem","position":2,"name":"Proyectos","item":"https:\/\/www.colindres.es\/index.php\/project\/"},{"@type":"ListItem","position":3,"name":"Colindres celebra La Hora del Planeta"}]},{"@type":"WebSite","@id":"https:\/\/www.colindres.es\/#website","url":"https:\/\/www.colindres.es\/","name":"Ayuntamiento de Colindres","description":"Dise\u00f1ado por NTIC&#039;s","publisher":{"@id":"https:\/\/www.colindres.es\/#organization"},"potentialAction":[{"@type":"SearchAction","target":{"@type":"EntryPoint","urlTemplate":"https:\/\/www.colindres.es\/?s={search_term_string}"},"query-input":{"@type":"PropertyValueSpecification","valueRequired":true,"valueName":"search_term_string"}}],"inLanguage":"es"},{"@type":"Organization","@id":"https:\/\/www.colindres.es\/#organization","name":"AYUNTAMIENTO DE COLINDRES","url":"https:\/\/www.colindres.es\/","logo":{"@type":"ImageObject","inLanguage":"es","@id":"https:\/\/www.colindres.es\/#\/schema\/logo\/image\/","url":"https:\/\/www.colindres.es\/wp-content\/uploads\/2017\/01\/LOGO-PRINCIPAL.jpg","contentUrl":"https:\/\/www.colindres.es\/wp-content\/uploads\/2017\/01\/LOGO-PRINCIPAL.jpg","width":1209,"height":579,"caption":"AYUNTAMIENTO DE COLINDRES"},"image":{"@id":"https:\/\/www.colindres.es\/#\/schema\/logo\/image\/"}}]}},"_links":{"self":[{"href":"https:\/\/www.colindres.es\/index.php\/wp-json\/wp\/v2\/project\/1373","targetHints":{"allow":["GET"]}}],"collection":[{"href":"https:\/\/www.colindres.es\/index.php\/wp-json\/wp\/v2\/project"}],"about":[{"href":"https:\/\/www.colindres.es\/index.php\/wp-json\/wp\/v2\/types\/project"}],"author":[{"embeddable":true,"href":"https:\/\/www.colindres.es\/index.php\/wp-json\/wp\/v2\/users\/1"}],"replies":[{"embeddable":true,"href":"https:\/\/www.colindres.es\/index.php\/wp-json\/wp\/v2\/comments?post=1373"}],"version-history":[{"count":3,"href":"https:\/\/www.colindres.es\/index.php\/wp-json\/wp\/v2\/project\/1373\/revisions"}],"predecessor-version":[{"id":1377,"href":"https:\/\/www.colindres.es\/index.php\/wp-json\/wp\/v2\/project\/1373\/revisions\/1377"}],"wp:featuredmedia":[{"embeddable":true,"href":"https:\/\/www.colindres.es\/index.php\/wp-json\/wp\/v2\/media\/1374"}],"wp:attachment":[{"href":"https:\/\/www.colindres.es\/index.php\/wp-json\/wp\/v2\/media?parent=1373"}],"wp:term":[{"taxonomy":"project_category","embeddable":true,"href":"https:\/\/www.colindres.es\/index.php\/wp-json\/wp\/v2\/project_category?post=1373"},{"taxonomy":"project_tag","embeddable":true,"href":"https:\/\/www.colindres.es\/index.php\/wp-json\/wp\/v2\/project_tag?post=1373"}],"curies":[{"name":"wp","href":"https:\/\/api.w.org\/{rel}","templated":true}]}}

<p>La Hora del Planeta es una campaña de WWF que empezó en 2007 en Sidney, Australia, con el gesto simbólico de apagar la luz durante una hora como muestra de la lucha contra el cambio climático.</p>
<p>Se ha convertido en la mayor iniciativa mundial en defensa del medio ambiente y una llamada a movilizarse y a actuar de forma constructiva en defensa de nuestro amenazado Planeta.</p>
<p>Porque todos estamos conectados, mañana 24 de marzo a las 20.30h apagaremos la luz para conectar con el planeta. Y tú, ¿ya te has sumado? http://horadelplaneta.es/ #HoraDelPlaneta #MMS#sostenibles #wwf #apagalaluz #todosconlatierra #WWFEspaña #YoApagoPor</p>
<p><iframe loading="lazy" width="1080" height="608" src="https://www.youtube.com/embed/TAhrrj_vINI?feature=oembed" frameborder="0" allow="autoplay; encrypted-media" allowfullscreen></iframe></p>

<p>La Hora del Planeta es una campaña de WWF que empezó en 2007 en Sidney, Australia, con el gesto simbólico de apagar la luz durante una hora como muestra de la lucha contra el cambio climático. Se ha convertido en la mayor iniciativa mundial en defensa del medio ambiente y una llamada a movilizarse y a [&hellip;]</p>

<!-- This site is optimized with the Yoast SEO plugin v24.9 - https://yoast.com/wordpress/plugins/seo/ -->
<title>Colindres celebra La Hora del Planeta - Ayuntamiento de Colindres</title>
<meta name="robots" content="index, follow, max-snippet:-1, max-image-preview:large, max-video-preview:-1" />
<link rel="canonical" href="https://www.colindres.es/index.php/project/colindres-celebra-la-hora-del-planeta/" />
<meta property="og:locale" content="es_ES" />
<meta property="og:type" content="article" />
<meta property="og:title" content="Colindres celebra La Hora del Planeta - Ayuntamiento de Colindres" />
<meta property="og:description" content="La Hora del Planeta es una campaña de WWF que empezó en 2007 en Sidney, Australia, con el gesto simbólico de apagar la luz durante una hora como muestra de la lucha contra el cambio climático. Se ha convertido en la mayor iniciativa mundial en defensa del medio ambiente y una llamada a movilizarse y a [&hellip;]" />
<meta property="og:url" content="https://www.colindres.es/index.php/project/colindres-celebra-la-hora-del-planeta/" />
<meta property="og:site_name" content="Ayuntamiento de Colindres" />
<meta property="article:modified_time" content="2018-03-24T06:35:11+00:00" />
<meta property="og:image" content="https://www.colindres.es/wp-content/uploads/2018/03/2018-03-23-PHOTO-00002287.jpg" />
	<meta property="og:image:width" content="1500" />
	<meta property="og:image:height" content="1500" />
	<meta property="og:image:type" content="image/jpeg" />
<meta name="twitter:card" content="summary_large_image" />
<meta name="twitter:label1" content="Tiempo de lectura" />
	<meta name="twitter:data1" content="1 minuto" />
<script type="application/ld+json" class="yoast-schema-graph">{"@context":"https://schema.org","@graph":[{"@type":"WebPage","@id":"https://www.colindres.es/index.php/project/colindres-celebra-la-hora-del-planeta/","url":"https://www.colindres.es/index.php/project/colindres-celebra-la-hora-del-planeta/","name":"Colindres celebra La Hora del Planeta - Ayuntamiento de Colindres","isPartOf":{"@id":"https://www.colindres.es/#website"},"primaryImageOfPage":{"@id":"https://www.colindres.es/index.php/project/colindres-celebra-la-hora-del-planeta/#primaryimage"},"image":{"@id":"https://www.colindres.es/index.php/project/colindres-celebra-la-hora-del-planeta/#primaryimage"},"thumbnailUrl":"https://www.colindres.es/wp-content/uploads/2018/03/2018-03-23-PHOTO-00002287.jpg","datePublished":"2018-03-24T06:25:05+00:00","dateModified":"2018-03-24T06:35:11+00:00","breadcrumb":{"@id":"https://www.colindres.es/index.php/project/colindres-celebra-la-hora-del-planeta/#breadcrumb"},"inLanguage":"es","potentialAction":[{"@type":"ReadAction","target":["https://www.colindres.es/index.php/project/colindres-celebra-la-hora-del-planeta/"]}]},{"@type":"ImageObject","inLanguage":"es","@id":"https://www.colindres.es/index.php/project/colindres-celebra-la-hora-del-planeta/#primaryimage","url":"https://www.colindres.es/wp-content/uploads/2018/03/2018-03-23-PHOTO-00002287.jpg","contentUrl":"https://www.colindres.es/wp-content/uploads/2018/03/2018-03-23-PHOTO-00002287.jpg","width":1500,"height":1500},{"@type":"BreadcrumbList","@id":"https://www.colindres.es/index.php/project/colindres-celebra-la-hora-del-planeta/#breadcrumb","itemListElement":[{"@type":"ListItem","position":1,"name":"Portada","item":"https://www.colindres.es/"},{"@type":"ListItem","position":2,"name":"Proyectos","item":"https://www.colindres.es/index.php/project/"},{"@type":"ListItem","position":3,"name":"Colindres celebra La Hora del Planeta"}]},{"@type":"WebSite","@id":"https://www.colindres.es/#website","url":"https://www.colindres.es/","name":"Ayuntamiento de Colindres","description":"Diseñado por NTIC&#039;s","publisher":{"@id":"https://www.colindres.es/#organization"},"potentialAction":[{"@type":"SearchAction","target":{"@type":"EntryPoint","urlTemplate":"https://www.colindres.es/?s={search_term_string}"},"query-input":{"@type":"PropertyValueSpecification","valueRequired":true,"valueName":"search_term_string"}}],"inLanguage":"es"},{"@type":"Organization","@id":"https://www.colindres.es/#organization","name":"AYUNTAMIENTO DE COLINDRES","url":"https://www.colindres.es/","logo":{"@type":"ImageObject","inLanguage":"es","@id":"https://www.colindres.es/#/schema/logo/image/","url":"https://www.colindres.es/wp-content/uploads/2017/01/LOGO-PRINCIPAL.jpg","contentUrl":"https://www.colindres.es/wp-content/uploads/2017/01/LOGO-PRINCIPAL.jpg","width":1209,"height":579,"caption":"AYUNTAMIENTO DE COLINDRES"},"image":{"@id":"https://www.colindres.es/#/schema/logo/image/"}}]}</script>
<!-- / Yoast SEO plugin. -->

La Hora del Planeta es una campaña de WWF que empezó en 2007 en Sidney, Australia, con el gesto simbólico de apagar la luz durante una hora como muestra de la lucha contra el cambio climático. Se ha convertido en la mayor iniciativa mundial en defensa del medio ambiente y una llamada a movilizarse y a [&hellip;]

Diseñado por NTIC&#039;s
