{"id":1305,"date":"2018-02-21T12:25:19","date_gmt":"2018-02-21T12:25:19","guid":{"rendered":"http:\/\/colindres.es\/?post_type=project&#038;p=1305"},"modified":"2018-02-21T12:25:19","modified_gmt":"2018-02-21T12:25:19","slug":"la-casa-de-la-juventud-recuperara-este-lunes-su-actividad-tras-concluir-las-obras-de-reforma","status":"publish","type":"project","link":"https:\/\/www.colindres.es\/index.php\/project\/la-casa-de-la-juventud-recuperara-este-lunes-su-actividad-tras-concluir-las-obras-de-reforma\/","title":{"rendered":"La Casa de la Juventud recuperar\u00e1 este lunes su actividad tras concluir las obras de reforma"},"content":{"rendered":"<p><strong>La Casa de la Juventud recuperar\u00e1 es<\/strong><strong>te lunes su actividad tras concluir las obras de reforma<\/strong><\/p>\n<p><em>Colindres, 21 de febrero.-<\/em> La Casa de la Juventud de Colindres recuperar\u00e1 su actividad este pr\u00f3ximo lunes d\u00eda 26 de febrero tras concluir las obras de rehabilitaci\u00f3n del inmueble.<\/p>\n<p>Con motivo de la reapertura, la Concejal\u00eda de Juventud que dirige Araceli Ayesa ha organizado a partir de las 18.00 horas un sencillo acto de inauguraci\u00f3n en el que habr\u00e1 varias sorpresas.<\/p>\n<p>De este modo, Ayesa ha animado a los j\u00f3venes de Colindres a acudir este lunes a la Casa de la Juventud y conocer de primera mano tanto las nuevas instalaciones como todas las novedades que se han preparado en torno al programa de actividades y de ocio.<\/p>\n","protected":false},"excerpt":{"rendered":"<p>La Casa de la Juventud recuperar\u00e1 este lunes su actividad tras concluir las obras de reforma Colindres, 21 de febrero.- La Casa de la Juventud de Colindres recuperar\u00e1 su actividad este pr\u00f3ximo lunes d\u00eda 26 de febrero tras concluir las obras de rehabilitaci\u00f3n del inmueble. Con motivo de la reapertura, la Concejal\u00eda de Juventud que [&hellip;]<\/p>\n","protected":false},"author":1,"featured_media":1307,"comment_status":"open","ping_status":"closed","template":"","meta":{"_et_pb_use_builder":"","_et_pb_old_content":"","_et_gb_content_width":"","footnotes":""},"project_category":[],"project_tag":[],"class_list":["post-1305","project","type-project","status-publish","has-post-thumbnail","hentry"],"yoast_head":"<!-- This site is optimized with the Yoast SEO plugin v24.9 - https:\/\/yoast.com\/wordpress\/plugins\/seo\/ -->\n<title>La Casa de la Juventud recuperar\u00e1 este lunes su actividad tras concluir las obras de reforma - Ayuntamiento de Colindres<\/title>\n<meta name=\"robots\" content=\"index, follow, max-snippet:-1, max-image-preview:large, max-video-preview:-1\" \/>\n<link rel=\"canonical\" href=\"https:\/\/www.colindres.es\/index.php\/project\/la-casa-de-la-juventud-recuperara-este-lunes-su-actividad-tras-concluir-las-obras-de-reforma\/\" \/>\n<meta property=\"og:locale\" content=\"es_ES\" \/>\n<meta property=\"og:type\" content=\"article\" \/>\n<meta property=\"og:title\" content=\"La Casa de la Juventud recuperar\u00e1 este lunes su actividad tras concluir las obras de reforma - Ayuntamiento de Colindres\" \/>\n<meta property=\"og:description\" content=\"La Casa de la Juventud recuperar\u00e1 este lunes su actividad tras concluir las obras de reforma Colindres, 21 de febrero.- La Casa de la Juventud de Colindres recuperar\u00e1 su actividad este pr\u00f3ximo lunes d\u00eda 26 de febrero tras concluir las obras de rehabilitaci\u00f3n del inmueble. Con motivo de la reapertura, la Concejal\u00eda de Juventud que [&hellip;]\" \/>\n<meta property=\"og:url\" content=\"https:\/\/www.colindres.es\/index.php\/project\/la-casa-de-la-juventud-recuperara-este-lunes-su-actividad-tras-concluir-las-obras-de-reforma\/\" \/>\n<meta property=\"og:site_name\" content=\"Ayuntamiento de Colindres\" \/>\n<meta property=\"og:image\" content=\"https:\/\/www.colindres.es\/wp-content\/uploads\/2018\/02\/Previa-Casa-de-la-Juventud.jpg\" \/>\n\t<meta property=\"og:image:width\" content=\"1280\" \/>\n\t<meta property=\"og:image:height\" content=\"720\" \/>\n\t<meta property=\"og:image:type\" content=\"image\/jpeg\" \/>\n<meta name=\"twitter:card\" content=\"summary_large_image\" \/>\n<meta name=\"twitter:label1\" content=\"Tiempo de lectura\" \/>\n\t<meta name=\"twitter:data1\" content=\"1 minuto\" \/>\n<script type=\"application\/ld+json\" class=\"yoast-schema-graph\">{\"@context\":\"https:\/\/schema.org\",\"@graph\":[{\"@type\":\"WebPage\",\"@id\":\"https:\/\/www.colindres.es\/index.php\/project\/la-casa-de-la-juventud-recuperara-este-lunes-su-actividad-tras-concluir-las-obras-de-reforma\/\",\"url\":\"https:\/\/www.colindres.es\/index.php\/project\/la-casa-de-la-juventud-recuperara-este-lunes-su-actividad-tras-concluir-las-obras-de-reforma\/\",\"name\":\"La Casa de la Juventud recuperar\u00e1 este lunes su actividad tras concluir las obras de reforma - Ayuntamiento de Colindres\",\"isPartOf\":{\"@id\":\"https:\/\/www.colindres.es\/#website\"},\"primaryImageOfPage\":{\"@id\":\"https:\/\/www.colindres.es\/index.php\/project\/la-casa-de-la-juventud-recuperara-este-lunes-su-actividad-tras-concluir-las-obras-de-reforma\/#primaryimage\"},\"image\":{\"@id\":\"https:\/\/www.colindres.es\/index.php\/project\/la-casa-de-la-juventud-recuperara-este-lunes-su-actividad-tras-concluir-las-obras-de-reforma\/#primaryimage\"},\"thumbnailUrl\":\"https:\/\/www.colindres.es\/wp-content\/uploads\/2018\/02\/Previa-Casa-de-la-Juventud.jpg\",\"datePublished\":\"2018-02-21T12:25:19+00:00\",\"breadcrumb\":{\"@id\":\"https:\/\/www.colindres.es\/index.php\/project\/la-casa-de-la-juventud-recuperara-este-lunes-su-actividad-tras-concluir-las-obras-de-reforma\/#breadcrumb\"},\"inLanguage\":\"es\",\"potentialAction\":[{\"@type\":\"ReadAction\",\"target\":[\"https:\/\/www.colindres.es\/index.php\/project\/la-casa-de-la-juventud-recuperara-este-lunes-su-actividad-tras-concluir-las-obras-de-reforma\/\"]}]},{\"@type\":\"ImageObject\",\"inLanguage\":\"es\",\"@id\":\"https:\/\/www.colindres.es\/index.php\/project\/la-casa-de-la-juventud-recuperara-este-lunes-su-actividad-tras-concluir-las-obras-de-reforma\/#primaryimage\",\"url\":\"https:\/\/www.colindres.es\/wp-content\/uploads\/2018\/02\/Previa-Casa-de-la-Juventud.jpg\",\"contentUrl\":\"https:\/\/www.colindres.es\/wp-content\/uploads\/2018\/02\/Previa-Casa-de-la-Juventud.jpg\",\"width\":1280,\"height\":720},{\"@type\":\"BreadcrumbList\",\"@id\":\"https:\/\/www.colindres.es\/index.php\/project\/la-casa-de-la-juventud-recuperara-este-lunes-su-actividad-tras-concluir-las-obras-de-reforma\/#breadcrumb\",\"itemListElement\":[{\"@type\":\"ListItem\",\"position\":1,\"name\":\"Portada\",\"item\":\"https:\/\/www.colindres.es\/\"},{\"@type\":\"ListItem\",\"position\":2,\"name\":\"Proyectos\",\"item\":\"https:\/\/www.colindres.es\/index.php\/project\/\"},{\"@type\":\"ListItem\",\"position\":3,\"name\":\"La Casa de la Juventud recuperar\u00e1 este lunes su actividad tras concluir las obras de reforma\"}]},{\"@type\":\"WebSite\",\"@id\":\"https:\/\/www.colindres.es\/#website\",\"url\":\"https:\/\/www.colindres.es\/\",\"name\":\"Ayuntamiento de Colindres\",\"description\":\"Dise\u00f1ado por NTIC&#039;s\",\"publisher\":{\"@id\":\"https:\/\/www.colindres.es\/#organization\"},\"potentialAction\":[{\"@type\":\"SearchAction\",\"target\":{\"@type\":\"EntryPoint\",\"urlTemplate\":\"https:\/\/www.colindres.es\/?s={search_term_string}\"},\"query-input\":{\"@type\":\"PropertyValueSpecification\",\"valueRequired\":true,\"valueName\":\"search_term_string\"}}],\"inLanguage\":\"es\"},{\"@type\":\"Organization\",\"@id\":\"https:\/\/www.colindres.es\/#organization\",\"name\":\"AYUNTAMIENTO DE COLINDRES\",\"url\":\"https:\/\/www.colindres.es\/\",\"logo\":{\"@type\":\"ImageObject\",\"inLanguage\":\"es\",\"@id\":\"https:\/\/www.colindres.es\/#\/schema\/logo\/image\/\",\"url\":\"https:\/\/www.colindres.es\/wp-content\/uploads\/2017\/01\/LOGO-PRINCIPAL.jpg\",\"contentUrl\":\"https:\/\/www.colindres.es\/wp-content\/uploads\/2017\/01\/LOGO-PRINCIPAL.jpg\",\"width\":1209,\"height\":579,\"caption\":\"AYUNTAMIENTO DE COLINDRES\"},\"image\":{\"@id\":\"https:\/\/www.colindres.es\/#\/schema\/logo\/image\/\"}}]}<\/script>\n<!-- \/ Yoast SEO plugin. -->","yoast_head_json":{"title":"La Casa de la Juventud recuperar\u00e1 este lunes su actividad tras concluir las obras de reforma - Ayuntamiento de Colindres","robots":{"index":"index","follow":"follow","max-snippet":"max-snippet:-1","max-image-preview":"max-image-preview:large","max-video-preview":"max-video-preview:-1"},"canonical":"https:\/\/www.colindres.es\/index.php\/project\/la-casa-de-la-juventud-recuperara-este-lunes-su-actividad-tras-concluir-las-obras-de-reforma\/","og_locale":"es_ES","og_type":"article","og_title":"La Casa de la Juventud recuperar\u00e1 este lunes su actividad tras concluir las obras de reforma - Ayuntamiento de Colindres","og_description":"La Casa de la Juventud recuperar\u00e1 este lunes su actividad tras concluir las obras de reforma Colindres, 21 de febrero.- La Casa de la Juventud de Colindres recuperar\u00e1 su actividad este pr\u00f3ximo lunes d\u00eda 26 de febrero tras concluir las obras de rehabilitaci\u00f3n del inmueble. Con motivo de la reapertura, la Concejal\u00eda de Juventud que [&hellip;]","og_url":"https:\/\/www.colindres.es\/index.php\/project\/la-casa-de-la-juventud-recuperara-este-lunes-su-actividad-tras-concluir-las-obras-de-reforma\/","og_site_name":"Ayuntamiento de Colindres","og_image":[{"width":1280,"height":720,"url":"https:\/\/www.colindres.es\/wp-content\/uploads\/2018\/02\/Previa-Casa-de-la-Juventud.jpg","type":"image\/jpeg"}],"twitter_card":"summary_large_image","twitter_misc":{"Tiempo de lectura":"1 minuto"},"schema":{"@context":"https:\/\/schema.org","@graph":[{"@type":"WebPage","@id":"https:\/\/www.colindres.es\/index.php\/project\/la-casa-de-la-juventud-recuperara-este-lunes-su-actividad-tras-concluir-las-obras-de-reforma\/","url":"https:\/\/www.colindres.es\/index.php\/project\/la-casa-de-la-juventud-recuperara-este-lunes-su-actividad-tras-concluir-las-obras-de-reforma\/","name":"La Casa de la Juventud recuperar\u00e1 este lunes su actividad tras concluir las obras de reforma - Ayuntamiento de Colindres","isPartOf":{"@id":"https:\/\/www.colindres.es\/#website"},"primaryImageOfPage":{"@id":"https:\/\/www.colindres.es\/index.php\/project\/la-casa-de-la-juventud-recuperara-este-lunes-su-actividad-tras-concluir-las-obras-de-reforma\/#primaryimage"},"image":{"@id":"https:\/\/www.colindres.es\/index.php\/project\/la-casa-de-la-juventud-recuperara-este-lunes-su-actividad-tras-concluir-las-obras-de-reforma\/#primaryimage"},"thumbnailUrl":"https:\/\/www.colindres.es\/wp-content\/uploads\/2018\/02\/Previa-Casa-de-la-Juventud.jpg","datePublished":"2018-02-21T12:25:19+00:00","breadcrumb":{"@id":"https:\/\/www.colindres.es\/index.php\/project\/la-casa-de-la-juventud-recuperara-este-lunes-su-actividad-tras-concluir-las-obras-de-reforma\/#breadcrumb"},"inLanguage":"es","potentialAction":[{"@type":"ReadAction","target":["https:\/\/www.colindres.es\/index.php\/project\/la-casa-de-la-juventud-recuperara-este-lunes-su-actividad-tras-concluir-las-obras-de-reforma\/"]}]},{"@type":"ImageObject","inLanguage":"es","@id":"https:\/\/www.colindres.es\/index.php\/project\/la-casa-de-la-juventud-recuperara-este-lunes-su-actividad-tras-concluir-las-obras-de-reforma\/#primaryimage","url":"https:\/\/www.colindres.es\/wp-content\/uploads\/2018\/02\/Previa-Casa-de-la-Juventud.jpg","contentUrl":"https:\/\/www.colindres.es\/wp-content\/uploads\/2018\/02\/Previa-Casa-de-la-Juventud.jpg","width":1280,"height":720},{"@type":"BreadcrumbList","@id":"https:\/\/www.colindres.es\/index.php\/project\/la-casa-de-la-juventud-recuperara-este-lunes-su-actividad-tras-concluir-las-obras-de-reforma\/#breadcrumb","itemListElement":[{"@type":"ListItem","position":1,"name":"Portada","item":"https:\/\/www.colindres.es\/"},{"@type":"ListItem","position":2,"name":"Proyectos","item":"https:\/\/www.colindres.es\/index.php\/project\/"},{"@type":"ListItem","position":3,"name":"La Casa de la Juventud recuperar\u00e1 este lunes su actividad tras concluir las obras de reforma"}]},{"@type":"WebSite","@id":"https:\/\/www.colindres.es\/#website","url":"https:\/\/www.colindres.es\/","name":"Ayuntamiento de Colindres","description":"Dise\u00f1ado por NTIC&#039;s","publisher":{"@id":"https:\/\/www.colindres.es\/#organization"},"potentialAction":[{"@type":"SearchAction","target":{"@type":"EntryPoint","urlTemplate":"https:\/\/www.colindres.es\/?s={search_term_string}"},"query-input":{"@type":"PropertyValueSpecification","valueRequired":true,"valueName":"search_term_string"}}],"inLanguage":"es"},{"@type":"Organization","@id":"https:\/\/www.colindres.es\/#organization","name":"AYUNTAMIENTO DE COLINDRES","url":"https:\/\/www.colindres.es\/","logo":{"@type":"ImageObject","inLanguage":"es","@id":"https:\/\/www.colindres.es\/#\/schema\/logo\/image\/","url":"https:\/\/www.colindres.es\/wp-content\/uploads\/2017\/01\/LOGO-PRINCIPAL.jpg","contentUrl":"https:\/\/www.colindres.es\/wp-content\/uploads\/2017\/01\/LOGO-PRINCIPAL.jpg","width":1209,"height":579,"caption":"AYUNTAMIENTO DE COLINDRES"},"image":{"@id":"https:\/\/www.colindres.es\/#\/schema\/logo\/image\/"}}]}},"_links":{"self":[{"href":"https:\/\/www.colindres.es\/index.php\/wp-json\/wp\/v2\/project\/1305","targetHints":{"allow":["GET"]}}],"collection":[{"href":"https:\/\/www.colindres.es\/index.php\/wp-json\/wp\/v2\/project"}],"about":[{"href":"https:\/\/www.colindres.es\/index.php\/wp-json\/wp\/v2\/types\/project"}],"author":[{"embeddable":true,"href":"https:\/\/www.colindres.es\/index.php\/wp-json\/wp\/v2\/users\/1"}],"replies":[{"embeddable":true,"href":"https:\/\/www.colindres.es\/index.php\/wp-json\/wp\/v2\/comments?post=1305"}],"version-history":[{"count":1,"href":"https:\/\/www.colindres.es\/index.php\/wp-json\/wp\/v2\/project\/1305\/revisions"}],"predecessor-version":[{"id":1308,"href":"https:\/\/www.colindres.es\/index.php\/wp-json\/wp\/v2\/project\/1305\/revisions\/1308"}],"wp:featuredmedia":[{"embeddable":true,"href":"https:\/\/www.colindres.es\/index.php\/wp-json\/wp\/v2\/media\/1307"}],"wp:attachment":[{"href":"https:\/\/www.colindres.es\/index.php\/wp-json\/wp\/v2\/media?parent=1305"}],"wp:term":[{"taxonomy":"project_category","embeddable":true,"href":"https:\/\/www.colindres.es\/index.php\/wp-json\/wp\/v2\/project_category?post=1305"},{"taxonomy":"project_tag","embeddable":true,"href":"https:\/\/www.colindres.es\/index.php\/wp-json\/wp\/v2\/project_tag?post=1305"}],"curies":[{"name":"wp","href":"https:\/\/api.w.org\/{rel}","templated":true}]}}

La Casa de la Juventud recuperará este lunes su actividad tras concluir las obras de reforma

<p><strong>La Casa de la Juventud recuperará es</strong><strong>te lunes su actividad tras concluir las obras de reforma</strong></p>
<p><em>Colindres, 21 de febrero.-</em> La Casa de la Juventud de Colindres recuperará su actividad este próximo lunes día 26 de febrero tras concluir las obras de rehabilitación del inmueble.</p>
<p>Con motivo de la reapertura, la Concejalía de Juventud que dirige Araceli Ayesa ha organizado a partir de las 18.00 horas un sencillo acto de inauguración en el que habrá varias sorpresas.</p>
<p>De este modo, Ayesa ha animado a los jóvenes de Colindres a acudir este lunes a la Casa de la Juventud y conocer de primera mano tanto las nuevas instalaciones como todas las novedades que se han preparado en torno al programa de actividades y de ocio.</p>

<p>La Casa de la Juventud recuperará este lunes su actividad tras concluir las obras de reforma Colindres, 21 de febrero.- La Casa de la Juventud de Colindres recuperará su actividad este próximo lunes día 26 de febrero tras concluir las obras de rehabilitación del inmueble. Con motivo de la reapertura, la Concejalía de Juventud que [&hellip;]</p>

<!-- This site is optimized with the Yoast SEO plugin v24.9 - https://yoast.com/wordpress/plugins/seo/ -->
<title>La Casa de la Juventud recuperará este lunes su actividad tras concluir las obras de reforma - Ayuntamiento de Colindres</title>
<meta name="robots" content="index, follow, max-snippet:-1, max-image-preview:large, max-video-preview:-1" />
<link rel="canonical" href="https://www.colindres.es/index.php/project/la-casa-de-la-juventud-recuperara-este-lunes-su-actividad-tras-concluir-las-obras-de-reforma/" />
<meta property="og:locale" content="es_ES" />
<meta property="og:type" content="article" />
<meta property="og:title" content="La Casa de la Juventud recuperará este lunes su actividad tras concluir las obras de reforma - Ayuntamiento de Colindres" />
<meta property="og:description" content="La Casa de la Juventud recuperará este lunes su actividad tras concluir las obras de reforma Colindres, 21 de febrero.- La Casa de la Juventud de Colindres recuperará su actividad este próximo lunes día 26 de febrero tras concluir las obras de rehabilitación del inmueble. Con motivo de la reapertura, la Concejalía de Juventud que [&hellip;]" />
<meta property="og:url" content="https://www.colindres.es/index.php/project/la-casa-de-la-juventud-recuperara-este-lunes-su-actividad-tras-concluir-las-obras-de-reforma/" />
<meta property="og:site_name" content="Ayuntamiento de Colindres" />
<meta property="og:image" content="https://www.colindres.es/wp-content/uploads/2018/02/Previa-Casa-de-la-Juventud.jpg" />
	<meta property="og:image:width" content="1280" />
	<meta property="og:image:height" content="720" />
	<meta property="og:image:type" content="image/jpeg" />
<meta name="twitter:card" content="summary_large_image" />
<meta name="twitter:label1" content="Tiempo de lectura" />
	<meta name="twitter:data1" content="1 minuto" />
<script type="application/ld+json" class="yoast-schema-graph">{"@context":"https://schema.org","@graph":[{"@type":"WebPage","@id":"https://www.colindres.es/index.php/project/la-casa-de-la-juventud-recuperara-este-lunes-su-actividad-tras-concluir-las-obras-de-reforma/","url":"https://www.colindres.es/index.php/project/la-casa-de-la-juventud-recuperara-este-lunes-su-actividad-tras-concluir-las-obras-de-reforma/","name":"La Casa de la Juventud recuperará este lunes su actividad tras concluir las obras de reforma - Ayuntamiento de Colindres","isPartOf":{"@id":"https://www.colindres.es/#website"},"primaryImageOfPage":{"@id":"https://www.colindres.es/index.php/project/la-casa-de-la-juventud-recuperara-este-lunes-su-actividad-tras-concluir-las-obras-de-reforma/#primaryimage"},"image":{"@id":"https://www.colindres.es/index.php/project/la-casa-de-la-juventud-recuperara-este-lunes-su-actividad-tras-concluir-las-obras-de-reforma/#primaryimage"},"thumbnailUrl":"https://www.colindres.es/wp-content/uploads/2018/02/Previa-Casa-de-la-Juventud.jpg","datePublished":"2018-02-21T12:25:19+00:00","breadcrumb":{"@id":"https://www.colindres.es/index.php/project/la-casa-de-la-juventud-recuperara-este-lunes-su-actividad-tras-concluir-las-obras-de-reforma/#breadcrumb"},"inLanguage":"es","potentialAction":[{"@type":"ReadAction","target":["https://www.colindres.es/index.php/project/la-casa-de-la-juventud-recuperara-este-lunes-su-actividad-tras-concluir-las-obras-de-reforma/"]}]},{"@type":"ImageObject","inLanguage":"es","@id":"https://www.colindres.es/index.php/project/la-casa-de-la-juventud-recuperara-este-lunes-su-actividad-tras-concluir-las-obras-de-reforma/#primaryimage","url":"https://www.colindres.es/wp-content/uploads/2018/02/Previa-Casa-de-la-Juventud.jpg","contentUrl":"https://www.colindres.es/wp-content/uploads/2018/02/Previa-Casa-de-la-Juventud.jpg","width":1280,"height":720},{"@type":"BreadcrumbList","@id":"https://www.colindres.es/index.php/project/la-casa-de-la-juventud-recuperara-este-lunes-su-actividad-tras-concluir-las-obras-de-reforma/#breadcrumb","itemListElement":[{"@type":"ListItem","position":1,"name":"Portada","item":"https://www.colindres.es/"},{"@type":"ListItem","position":2,"name":"Proyectos","item":"https://www.colindres.es/index.php/project/"},{"@type":"ListItem","position":3,"name":"La Casa de la Juventud recuperará este lunes su actividad tras concluir las obras de reforma"}]},{"@type":"WebSite","@id":"https://www.colindres.es/#website","url":"https://www.colindres.es/","name":"Ayuntamiento de Colindres","description":"Diseñado por NTIC&#039;s","publisher":{"@id":"https://www.colindres.es/#organization"},"potentialAction":[{"@type":"SearchAction","target":{"@type":"EntryPoint","urlTemplate":"https://www.colindres.es/?s={search_term_string}"},"query-input":{"@type":"PropertyValueSpecification","valueRequired":true,"valueName":"search_term_string"}}],"inLanguage":"es"},{"@type":"Organization","@id":"https://www.colindres.es/#organization","name":"AYUNTAMIENTO DE COLINDRES","url":"https://www.colindres.es/","logo":{"@type":"ImageObject","inLanguage":"es","@id":"https://www.colindres.es/#/schema/logo/image/","url":"https://www.colindres.es/wp-content/uploads/2017/01/LOGO-PRINCIPAL.jpg","contentUrl":"https://www.colindres.es/wp-content/uploads/2017/01/LOGO-PRINCIPAL.jpg","width":1209,"height":579,"caption":"AYUNTAMIENTO DE COLINDRES"},"image":{"@id":"https://www.colindres.es/#/schema/logo/image/"}}]}</script>
<!-- / Yoast SEO plugin. -->

La Casa de la Juventud recuperará este lunes su actividad tras concluir las obras de reforma - Ayuntamiento de Colindres

La Casa de la Juventud recuperará este lunes su actividad tras concluir las obras de reforma Colindres, 21 de febrero.- La Casa de la Juventud de Colindres recuperará su actividad este próximo lunes día 26 de febrero tras concluir las obras de rehabilitación del inmueble. Con motivo de la reapertura, la Concejalía de Juventud que [&hellip;]

Diseñado por NTIC&#039;s
