{"id":1250,"date":"2018-01-18T12:41:05","date_gmt":"2018-01-18T12:41:05","guid":{"rendered":"http:\/\/colindres.es\/?post_type=project&#038;p=1250"},"modified":"2018-01-18T12:41:05","modified_gmt":"2018-01-18T12:41:05","slug":"continua-la-campana-de-reposicion-de-arbolado-en-colindres","status":"publish","type":"project","link":"https:\/\/www.colindres.es\/index.php\/project\/continua-la-campana-de-reposicion-de-arbolado-en-colindres\/","title":{"rendered":"Contin\u00faa la campa\u00f1a de reposici\u00f3n de arbolado en Colindres"},"content":{"rendered":"<p><span style=\"color: #000000; font-family: Calibri; font-size: medium;\">Los trabajos supondr\u00e1n la plantaci\u00f3n de una treintena de nuevos ejemplares, que se suman al centenar repuesto durante 2017<\/span><\/p>\n<p><span style=\"color: #000000; font-family: Calibri; font-size: medium;\">Colindres, 18 de enero.- La Concejal\u00eda de Medio Ambiente del Ayuntamiento de Colindres ha iniciado una nueva campa\u00f1a de reposici\u00f3n de arbolado que incluir\u00e1 la plantaci\u00f3n de una treintena de nuevos ejemplares en el municipio.<\/span><\/p>\n<p><span style=\"color: #000000; font-family: Calibri; font-size: medium;\">Estos trabajos consistir\u00e1n en la reposici\u00f3n de los alcorques que est\u00e1n vac\u00edos y la sustituci\u00f3n de aquellos \u00e1rboles que han enfermado y que es recomendable su reemplazo.<\/span><\/p>\n<p><span style=\"color: #000000; font-family: Calibri; font-size: medium;\">Esta campa\u00f1a es la continuaci\u00f3n de la que se ha ejecutado en 2017, que se llev\u00f3 a cabo en dos fases, en primavera e invierno, y por la cual se plantaron un centenar de nuevos ejemplares.<\/span><\/p>\n<p><span style=\"color: #000000; font-family: Calibri; font-size: medium;\">Seg\u00fan ha detallado el concejal de Medio Ambiente, Pablo Ruiz, las especies que se han plantado son principalmente cerezos de flor japon\u00e9s, hibiscus, arces y moreras, mientras que en la nueva campa\u00f1a priman los \u00e1rboles de la familia prunnus, como los ciruelos, y los fresnos, as\u00ed como una magnolia kobus.<\/span><\/p>\n<p><span style=\"color: #000000; font-family: Calibri; font-size: medium;\">Estos trabajos se enmarcan dentro de las labores que peri\u00f3dicamente realiza el Ayuntamiento de Colindres para proteger el arbolado, comprobar su estado fitosanitario y aumentar el n\u00famero de especies en el municipio, como la entresaca que se realiz\u00f3 en el parque de El Riego y que ha tenido \u201cexcelentes resultados\u201d favoreciendo el desarrollo del arbolado existente.<\/span><\/p>\n","protected":false},"excerpt":{"rendered":"<p>Los trabajos supondr\u00e1n la plantaci\u00f3n de una treintena de nuevos ejemplares, que se suman al centenar repuesto durante 2017 Colindres, 18 de enero.- La Concejal\u00eda de Medio Ambiente del Ayuntamiento de Colindres ha iniciado una nueva campa\u00f1a de reposici\u00f3n de arbolado que incluir\u00e1 la plantaci\u00f3n de una treintena de nuevos ejemplares en el municipio. Estos [&hellip;]<\/p>\n","protected":false},"author":1,"featured_media":1251,"comment_status":"open","ping_status":"closed","template":"","meta":{"_et_pb_use_builder":"","_et_pb_old_content":"","_et_gb_content_width":"","footnotes":""},"project_category":[],"project_tag":[],"class_list":["post-1250","project","type-project","status-publish","has-post-thumbnail","hentry"],"yoast_head":"<!-- This site is optimized with the Yoast SEO plugin v24.9 - https:\/\/yoast.com\/wordpress\/plugins\/seo\/ -->\n<title>Contin\u00faa la campa\u00f1a de reposici\u00f3n de arbolado en Colindres - Ayuntamiento de Colindres<\/title>\n<meta name=\"robots\" content=\"index, follow, max-snippet:-1, max-image-preview:large, max-video-preview:-1\" \/>\n<link rel=\"canonical\" href=\"https:\/\/www.colindres.es\/index.php\/project\/continua-la-campana-de-reposicion-de-arbolado-en-colindres\/\" \/>\n<meta property=\"og:locale\" content=\"es_ES\" \/>\n<meta property=\"og:type\" content=\"article\" \/>\n<meta property=\"og:title\" content=\"Contin\u00faa la campa\u00f1a de reposici\u00f3n de arbolado en Colindres - Ayuntamiento de Colindres\" \/>\n<meta property=\"og:description\" content=\"Los trabajos supondr\u00e1n la plantaci\u00f3n de una treintena de nuevos ejemplares, que se suman al centenar repuesto durante 2017 Colindres, 18 de enero.- La Concejal\u00eda de Medio Ambiente del Ayuntamiento de Colindres ha iniciado una nueva campa\u00f1a de reposici\u00f3n de arbolado que incluir\u00e1 la plantaci\u00f3n de una treintena de nuevos ejemplares en el municipio. Estos [&hellip;]\" \/>\n<meta property=\"og:url\" content=\"https:\/\/www.colindres.es\/index.php\/project\/continua-la-campana-de-reposicion-de-arbolado-en-colindres\/\" \/>\n<meta property=\"og:site_name\" content=\"Ayuntamiento de Colindres\" \/>\n<meta property=\"og:image\" content=\"https:\/\/www.colindres.es\/wp-content\/uploads\/2018\/01\/Reposici\u00f3n-Arbolado.jpg\" \/>\n\t<meta property=\"og:image:width\" content=\"1280\" \/>\n\t<meta property=\"og:image:height\" content=\"960\" \/>\n\t<meta property=\"og:image:type\" content=\"image\/jpeg\" \/>\n<meta name=\"twitter:card\" content=\"summary_large_image\" \/>\n<meta name=\"twitter:label1\" content=\"Tiempo de lectura\" \/>\n\t<meta name=\"twitter:data1\" content=\"1 minuto\" \/>\n<script type=\"application\/ld+json\" class=\"yoast-schema-graph\">{\"@context\":\"https:\/\/schema.org\",\"@graph\":[{\"@type\":\"WebPage\",\"@id\":\"https:\/\/www.colindres.es\/index.php\/project\/continua-la-campana-de-reposicion-de-arbolado-en-colindres\/\",\"url\":\"https:\/\/www.colindres.es\/index.php\/project\/continua-la-campana-de-reposicion-de-arbolado-en-colindres\/\",\"name\":\"Contin\u00faa la campa\u00f1a de reposici\u00f3n de arbolado en Colindres - Ayuntamiento de Colindres\",\"isPartOf\":{\"@id\":\"https:\/\/www.colindres.es\/#website\"},\"primaryImageOfPage\":{\"@id\":\"https:\/\/www.colindres.es\/index.php\/project\/continua-la-campana-de-reposicion-de-arbolado-en-colindres\/#primaryimage\"},\"image\":{\"@id\":\"https:\/\/www.colindres.es\/index.php\/project\/continua-la-campana-de-reposicion-de-arbolado-en-colindres\/#primaryimage\"},\"thumbnailUrl\":\"https:\/\/www.colindres.es\/wp-content\/uploads\/2018\/01\/Reposici\u00f3n-Arbolado.jpg\",\"datePublished\":\"2018-01-18T12:41:05+00:00\",\"breadcrumb\":{\"@id\":\"https:\/\/www.colindres.es\/index.php\/project\/continua-la-campana-de-reposicion-de-arbolado-en-colindres\/#breadcrumb\"},\"inLanguage\":\"es\",\"potentialAction\":[{\"@type\":\"ReadAction\",\"target\":[\"https:\/\/www.colindres.es\/index.php\/project\/continua-la-campana-de-reposicion-de-arbolado-en-colindres\/\"]}]},{\"@type\":\"ImageObject\",\"inLanguage\":\"es\",\"@id\":\"https:\/\/www.colindres.es\/index.php\/project\/continua-la-campana-de-reposicion-de-arbolado-en-colindres\/#primaryimage\",\"url\":\"https:\/\/www.colindres.es\/wp-content\/uploads\/2018\/01\/Reposici\u00f3n-Arbolado.jpg\",\"contentUrl\":\"https:\/\/www.colindres.es\/wp-content\/uploads\/2018\/01\/Reposici\u00f3n-Arbolado.jpg\",\"width\":1280,\"height\":960},{\"@type\":\"BreadcrumbList\",\"@id\":\"https:\/\/www.colindres.es\/index.php\/project\/continua-la-campana-de-reposicion-de-arbolado-en-colindres\/#breadcrumb\",\"itemListElement\":[{\"@type\":\"ListItem\",\"position\":1,\"name\":\"Portada\",\"item\":\"https:\/\/www.colindres.es\/\"},{\"@type\":\"ListItem\",\"position\":2,\"name\":\"Proyectos\",\"item\":\"https:\/\/www.colindres.es\/index.php\/project\/\"},{\"@type\":\"ListItem\",\"position\":3,\"name\":\"Contin\u00faa la campa\u00f1a de reposici\u00f3n de arbolado en Colindres\"}]},{\"@type\":\"WebSite\",\"@id\":\"https:\/\/www.colindres.es\/#website\",\"url\":\"https:\/\/www.colindres.es\/\",\"name\":\"Ayuntamiento de Colindres\",\"description\":\"Dise\u00f1ado por NTIC&#039;s\",\"publisher\":{\"@id\":\"https:\/\/www.colindres.es\/#organization\"},\"potentialAction\":[{\"@type\":\"SearchAction\",\"target\":{\"@type\":\"EntryPoint\",\"urlTemplate\":\"https:\/\/www.colindres.es\/?s={search_term_string}\"},\"query-input\":{\"@type\":\"PropertyValueSpecification\",\"valueRequired\":true,\"valueName\":\"search_term_string\"}}],\"inLanguage\":\"es\"},{\"@type\":\"Organization\",\"@id\":\"https:\/\/www.colindres.es\/#organization\",\"name\":\"AYUNTAMIENTO DE COLINDRES\",\"url\":\"https:\/\/www.colindres.es\/\",\"logo\":{\"@type\":\"ImageObject\",\"inLanguage\":\"es\",\"@id\":\"https:\/\/www.colindres.es\/#\/schema\/logo\/image\/\",\"url\":\"https:\/\/www.colindres.es\/wp-content\/uploads\/2017\/01\/LOGO-PRINCIPAL.jpg\",\"contentUrl\":\"https:\/\/www.colindres.es\/wp-content\/uploads\/2017\/01\/LOGO-PRINCIPAL.jpg\",\"width\":1209,\"height\":579,\"caption\":\"AYUNTAMIENTO DE COLINDRES\"},\"image\":{\"@id\":\"https:\/\/www.colindres.es\/#\/schema\/logo\/image\/\"}}]}<\/script>\n<!-- \/ Yoast SEO plugin. -->","yoast_head_json":{"title":"Contin\u00faa la campa\u00f1a de reposici\u00f3n de arbolado en Colindres - Ayuntamiento de Colindres","robots":{"index":"index","follow":"follow","max-snippet":"max-snippet:-1","max-image-preview":"max-image-preview:large","max-video-preview":"max-video-preview:-1"},"canonical":"https:\/\/www.colindres.es\/index.php\/project\/continua-la-campana-de-reposicion-de-arbolado-en-colindres\/","og_locale":"es_ES","og_type":"article","og_title":"Contin\u00faa la campa\u00f1a de reposici\u00f3n de arbolado en Colindres - Ayuntamiento de Colindres","og_description":"Los trabajos supondr\u00e1n la plantaci\u00f3n de una treintena de nuevos ejemplares, que se suman al centenar repuesto durante 2017 Colindres, 18 de enero.- La Concejal\u00eda de Medio Ambiente del Ayuntamiento de Colindres ha iniciado una nueva campa\u00f1a de reposici\u00f3n de arbolado que incluir\u00e1 la plantaci\u00f3n de una treintena de nuevos ejemplares en el municipio. Estos [&hellip;]","og_url":"https:\/\/www.colindres.es\/index.php\/project\/continua-la-campana-de-reposicion-de-arbolado-en-colindres\/","og_site_name":"Ayuntamiento de Colindres","og_image":[{"width":1280,"height":960,"url":"https:\/\/www.colindres.es\/wp-content\/uploads\/2018\/01\/Reposici\u00f3n-Arbolado.jpg","type":"image\/jpeg"}],"twitter_card":"summary_large_image","twitter_misc":{"Tiempo de lectura":"1 minuto"},"schema":{"@context":"https:\/\/schema.org","@graph":[{"@type":"WebPage","@id":"https:\/\/www.colindres.es\/index.php\/project\/continua-la-campana-de-reposicion-de-arbolado-en-colindres\/","url":"https:\/\/www.colindres.es\/index.php\/project\/continua-la-campana-de-reposicion-de-arbolado-en-colindres\/","name":"Contin\u00faa la campa\u00f1a de reposici\u00f3n de arbolado en Colindres - Ayuntamiento de Colindres","isPartOf":{"@id":"https:\/\/www.colindres.es\/#website"},"primaryImageOfPage":{"@id":"https:\/\/www.colindres.es\/index.php\/project\/continua-la-campana-de-reposicion-de-arbolado-en-colindres\/#primaryimage"},"image":{"@id":"https:\/\/www.colindres.es\/index.php\/project\/continua-la-campana-de-reposicion-de-arbolado-en-colindres\/#primaryimage"},"thumbnailUrl":"https:\/\/www.colindres.es\/wp-content\/uploads\/2018\/01\/Reposici\u00f3n-Arbolado.jpg","datePublished":"2018-01-18T12:41:05+00:00","breadcrumb":{"@id":"https:\/\/www.colindres.es\/index.php\/project\/continua-la-campana-de-reposicion-de-arbolado-en-colindres\/#breadcrumb"},"inLanguage":"es","potentialAction":[{"@type":"ReadAction","target":["https:\/\/www.colindres.es\/index.php\/project\/continua-la-campana-de-reposicion-de-arbolado-en-colindres\/"]}]},{"@type":"ImageObject","inLanguage":"es","@id":"https:\/\/www.colindres.es\/index.php\/project\/continua-la-campana-de-reposicion-de-arbolado-en-colindres\/#primaryimage","url":"https:\/\/www.colindres.es\/wp-content\/uploads\/2018\/01\/Reposici\u00f3n-Arbolado.jpg","contentUrl":"https:\/\/www.colindres.es\/wp-content\/uploads\/2018\/01\/Reposici\u00f3n-Arbolado.jpg","width":1280,"height":960},{"@type":"BreadcrumbList","@id":"https:\/\/www.colindres.es\/index.php\/project\/continua-la-campana-de-reposicion-de-arbolado-en-colindres\/#breadcrumb","itemListElement":[{"@type":"ListItem","position":1,"name":"Portada","item":"https:\/\/www.colindres.es\/"},{"@type":"ListItem","position":2,"name":"Proyectos","item":"https:\/\/www.colindres.es\/index.php\/project\/"},{"@type":"ListItem","position":3,"name":"Contin\u00faa la campa\u00f1a de reposici\u00f3n de arbolado en Colindres"}]},{"@type":"WebSite","@id":"https:\/\/www.colindres.es\/#website","url":"https:\/\/www.colindres.es\/","name":"Ayuntamiento de Colindres","description":"Dise\u00f1ado por NTIC&#039;s","publisher":{"@id":"https:\/\/www.colindres.es\/#organization"},"potentialAction":[{"@type":"SearchAction","target":{"@type":"EntryPoint","urlTemplate":"https:\/\/www.colindres.es\/?s={search_term_string}"},"query-input":{"@type":"PropertyValueSpecification","valueRequired":true,"valueName":"search_term_string"}}],"inLanguage":"es"},{"@type":"Organization","@id":"https:\/\/www.colindres.es\/#organization","name":"AYUNTAMIENTO DE COLINDRES","url":"https:\/\/www.colindres.es\/","logo":{"@type":"ImageObject","inLanguage":"es","@id":"https:\/\/www.colindres.es\/#\/schema\/logo\/image\/","url":"https:\/\/www.colindres.es\/wp-content\/uploads\/2017\/01\/LOGO-PRINCIPAL.jpg","contentUrl":"https:\/\/www.colindres.es\/wp-content\/uploads\/2017\/01\/LOGO-PRINCIPAL.jpg","width":1209,"height":579,"caption":"AYUNTAMIENTO DE COLINDRES"},"image":{"@id":"https:\/\/www.colindres.es\/#\/schema\/logo\/image\/"}}]}},"_links":{"self":[{"href":"https:\/\/www.colindres.es\/index.php\/wp-json\/wp\/v2\/project\/1250","targetHints":{"allow":["GET"]}}],"collection":[{"href":"https:\/\/www.colindres.es\/index.php\/wp-json\/wp\/v2\/project"}],"about":[{"href":"https:\/\/www.colindres.es\/index.php\/wp-json\/wp\/v2\/types\/project"}],"author":[{"embeddable":true,"href":"https:\/\/www.colindres.es\/index.php\/wp-json\/wp\/v2\/users\/1"}],"replies":[{"embeddable":true,"href":"https:\/\/www.colindres.es\/index.php\/wp-json\/wp\/v2\/comments?post=1250"}],"version-history":[{"count":1,"href":"https:\/\/www.colindres.es\/index.php\/wp-json\/wp\/v2\/project\/1250\/revisions"}],"predecessor-version":[{"id":1252,"href":"https:\/\/www.colindres.es\/index.php\/wp-json\/wp\/v2\/project\/1250\/revisions\/1252"}],"wp:featuredmedia":[{"embeddable":true,"href":"https:\/\/www.colindres.es\/index.php\/wp-json\/wp\/v2\/media\/1251"}],"wp:attachment":[{"href":"https:\/\/www.colindres.es\/index.php\/wp-json\/wp\/v2\/media?parent=1250"}],"wp:term":[{"taxonomy":"project_category","embeddable":true,"href":"https:\/\/www.colindres.es\/index.php\/wp-json\/wp\/v2\/project_category?post=1250"},{"taxonomy":"project_tag","embeddable":true,"href":"https:\/\/www.colindres.es\/index.php\/wp-json\/wp\/v2\/project_tag?post=1250"}],"curies":[{"name":"wp","href":"https:\/\/api.w.org\/{rel}","templated":true}]}}

Continúa la campaña de reposición de arbolado en Colindres

<p><span style="color: #000000; font-family: Calibri; font-size: medium;">Los trabajos supondrán la plantación de una treintena de nuevos ejemplares, que se suman al centenar repuesto durante 2017</span></p>
<p><span style="color: #000000; font-family: Calibri; font-size: medium;">Colindres, 18 de enero.- La Concejalía de Medio Ambiente del Ayuntamiento de Colindres ha iniciado una nueva campaña de reposición de arbolado que incluirá la plantación de una treintena de nuevos ejemplares en el municipio.</span></p>
<p><span style="color: #000000; font-family: Calibri; font-size: medium;">Estos trabajos consistirán en la reposición de los alcorques que están vacíos y la sustitución de aquellos árboles que han enfermado y que es recomendable su reemplazo.</span></p>
<p><span style="color: #000000; font-family: Calibri; font-size: medium;">Esta campaña es la continuación de la que se ha ejecutado en 2017, que se llevó a cabo en dos fases, en primavera e invierno, y por la cual se plantaron un centenar de nuevos ejemplares.</span></p>
<p><span style="color: #000000; font-family: Calibri; font-size: medium;">Según ha detallado el concejal de Medio Ambiente, Pablo Ruiz, las especies que se han plantado son principalmente cerezos de flor japonés, hibiscus, arces y moreras, mientras que en la nueva campaña priman los árboles de la familia prunnus, como los ciruelos, y los fresnos, así como una magnolia kobus.</span></p>
<p><span style="color: #000000; font-family: Calibri; font-size: medium;">Estos trabajos se enmarcan dentro de las labores que periódicamente realiza el Ayuntamiento de Colindres para proteger el arbolado, comprobar su estado fitosanitario y aumentar el número de especies en el municipio, como la entresaca que se realizó en el parque de El Riego y que ha tenido “excelentes resultados” favoreciendo el desarrollo del arbolado existente.</span></p>

<p>Los trabajos supondrán la plantación de una treintena de nuevos ejemplares, que se suman al centenar repuesto durante 2017 Colindres, 18 de enero.- La Concejalía de Medio Ambiente del Ayuntamiento de Colindres ha iniciado una nueva campaña de reposición de arbolado que incluirá la plantación de una treintena de nuevos ejemplares en el municipio. Estos [&hellip;]</p>

<!-- This site is optimized with the Yoast SEO plugin v24.9 - https://yoast.com/wordpress/plugins/seo/ -->
<title>Continúa la campaña de reposición de arbolado en Colindres - Ayuntamiento de Colindres</title>
<meta name="robots" content="index, follow, max-snippet:-1, max-image-preview:large, max-video-preview:-1" />
<link rel="canonical" href="https://www.colindres.es/index.php/project/continua-la-campana-de-reposicion-de-arbolado-en-colindres/" />
<meta property="og:locale" content="es_ES" />
<meta property="og:type" content="article" />
<meta property="og:title" content="Continúa la campaña de reposición de arbolado en Colindres - Ayuntamiento de Colindres" />
<meta property="og:description" content="Los trabajos supondrán la plantación de una treintena de nuevos ejemplares, que se suman al centenar repuesto durante 2017 Colindres, 18 de enero.- La Concejalía de Medio Ambiente del Ayuntamiento de Colindres ha iniciado una nueva campaña de reposición de arbolado que incluirá la plantación de una treintena de nuevos ejemplares en el municipio. Estos [&hellip;]" />
<meta property="og:url" content="https://www.colindres.es/index.php/project/continua-la-campana-de-reposicion-de-arbolado-en-colindres/" />
<meta property="og:site_name" content="Ayuntamiento de Colindres" />
<meta property="og:image" content="https://www.colindres.es/wp-content/uploads/2018/01/Reposición-Arbolado.jpg" />
	<meta property="og:image:width" content="1280" />
	<meta property="og:image:height" content="960" />
	<meta property="og:image:type" content="image/jpeg" />
<meta name="twitter:card" content="summary_large_image" />
<meta name="twitter:label1" content="Tiempo de lectura" />
	<meta name="twitter:data1" content="1 minuto" />
<script type="application/ld+json" class="yoast-schema-graph">{"@context":"https://schema.org","@graph":[{"@type":"WebPage","@id":"https://www.colindres.es/index.php/project/continua-la-campana-de-reposicion-de-arbolado-en-colindres/","url":"https://www.colindres.es/index.php/project/continua-la-campana-de-reposicion-de-arbolado-en-colindres/","name":"Continúa la campaña de reposición de arbolado en Colindres - Ayuntamiento de Colindres","isPartOf":{"@id":"https://www.colindres.es/#website"},"primaryImageOfPage":{"@id":"https://www.colindres.es/index.php/project/continua-la-campana-de-reposicion-de-arbolado-en-colindres/#primaryimage"},"image":{"@id":"https://www.colindres.es/index.php/project/continua-la-campana-de-reposicion-de-arbolado-en-colindres/#primaryimage"},"thumbnailUrl":"https://www.colindres.es/wp-content/uploads/2018/01/Reposición-Arbolado.jpg","datePublished":"2018-01-18T12:41:05+00:00","breadcrumb":{"@id":"https://www.colindres.es/index.php/project/continua-la-campana-de-reposicion-de-arbolado-en-colindres/#breadcrumb"},"inLanguage":"es","potentialAction":[{"@type":"ReadAction","target":["https://www.colindres.es/index.php/project/continua-la-campana-de-reposicion-de-arbolado-en-colindres/"]}]},{"@type":"ImageObject","inLanguage":"es","@id":"https://www.colindres.es/index.php/project/continua-la-campana-de-reposicion-de-arbolado-en-colindres/#primaryimage","url":"https://www.colindres.es/wp-content/uploads/2018/01/Reposición-Arbolado.jpg","contentUrl":"https://www.colindres.es/wp-content/uploads/2018/01/Reposición-Arbolado.jpg","width":1280,"height":960},{"@type":"BreadcrumbList","@id":"https://www.colindres.es/index.php/project/continua-la-campana-de-reposicion-de-arbolado-en-colindres/#breadcrumb","itemListElement":[{"@type":"ListItem","position":1,"name":"Portada","item":"https://www.colindres.es/"},{"@type":"ListItem","position":2,"name":"Proyectos","item":"https://www.colindres.es/index.php/project/"},{"@type":"ListItem","position":3,"name":"Continúa la campaña de reposición de arbolado en Colindres"}]},{"@type":"WebSite","@id":"https://www.colindres.es/#website","url":"https://www.colindres.es/","name":"Ayuntamiento de Colindres","description":"Diseñado por NTIC&#039;s","publisher":{"@id":"https://www.colindres.es/#organization"},"potentialAction":[{"@type":"SearchAction","target":{"@type":"EntryPoint","urlTemplate":"https://www.colindres.es/?s={search_term_string}"},"query-input":{"@type":"PropertyValueSpecification","valueRequired":true,"valueName":"search_term_string"}}],"inLanguage":"es"},{"@type":"Organization","@id":"https://www.colindres.es/#organization","name":"AYUNTAMIENTO DE COLINDRES","url":"https://www.colindres.es/","logo":{"@type":"ImageObject","inLanguage":"es","@id":"https://www.colindres.es/#/schema/logo/image/","url":"https://www.colindres.es/wp-content/uploads/2017/01/LOGO-PRINCIPAL.jpg","contentUrl":"https://www.colindres.es/wp-content/uploads/2017/01/LOGO-PRINCIPAL.jpg","width":1209,"height":579,"caption":"AYUNTAMIENTO DE COLINDRES"},"image":{"@id":"https://www.colindres.es/#/schema/logo/image/"}}]}</script>
<!-- / Yoast SEO plugin. -->

Continúa la campaña de reposición de arbolado en Colindres - Ayuntamiento de Colindres

Los trabajos supondrán la plantación de una treintena de nuevos ejemplares, que se suman al centenar repuesto durante 2017 Colindres, 18 de enero.- La Concejalía de Medio Ambiente del Ayuntamiento de Colindres ha iniciado una nueva campaña de reposición de arbolado que incluirá la plantación de una treintena de nuevos ejemplares en el municipio. Estos [&hellip;]

https://www.colindres.es/wp-content/uploads/2018/01/Reposición-Arbolado.jpg

Diseñado por NTIC&#039;s
