{"id":1080,"date":"2017-11-17T12:36:48","date_gmt":"2017-11-17T12:36:48","guid":{"rendered":"http:\/\/colindres.es\/?post_type=project&#038;p=1080"},"modified":"2017-11-17T12:36:48","modified_gmt":"2017-11-17T12:36:48","slug":"campana-violencia-de-genero","status":"publish","type":"project","link":"https:\/\/www.colindres.es\/index.php\/project\/campana-violencia-de-genero\/","title":{"rendered":"CAMPA\u00d1A VIOLENCIA DE GENERO"},"content":{"rendered":"<ul>\n<li><em><strong>Viernes 24 de Noviembre:<\/strong><\/em><\/li>\n<li>A las 20.00 h. Obra de Teatro \u201cHero\u00ednas\u201d representada por DANTEA en el Sal\u00f3n de Actos de la Casa de Cultura<\/li>\n<li><em><strong>S\u00e1bado 25 de Diciembre:<\/strong> <\/em><\/li>\n<li>De 11 a 14 h. Suelta Globos y actuaci\u00f3n con manifiesto a cargo del grupo local LUNATIC CATS en la Plaza de La Esperanza.<\/li>\n<li>A las 17.30 h. Inauguraci\u00f3n de Exposici\u00f3n de Fotos en la casa de Cultura<\/li>\n<li>A continuaci\u00f3n de la inauguraci\u00f3n se proyectar\u00e1n 6 Cortometrajes sobre Violencia de Genero en el Sal\u00f3n de Actos.<\/li>\n<\/ul>\n","protected":false},"excerpt":{"rendered":"<p>Viernes 24 de Noviembre: A las 20.00 h. Obra de Teatro \u201cHero\u00ednas\u201d representada por DANTEA en el Sal\u00f3n de Actos de la Casa de Cultura S\u00e1bado 25 de Diciembre: De 11 a 14 h. Suelta Globos y actuaci\u00f3n con manifiesto a cargo del grupo local LUNATIC CATS en la Plaza de La Esperanza. A las [&hellip;]<\/p>\n","protected":false},"author":1,"featured_media":1082,"comment_status":"open","ping_status":"closed","template":"","meta":{"_et_pb_use_builder":"","_et_pb_old_content":"","_et_gb_content_width":"","footnotes":""},"project_category":[],"project_tag":[],"class_list":["post-1080","project","type-project","status-publish","has-post-thumbnail","hentry"],"yoast_head":"<!-- This site is optimized with the Yoast SEO plugin v24.9 - https:\/\/yoast.com\/wordpress\/plugins\/seo\/ -->\n<title>CAMPA\u00d1A VIOLENCIA DE GENERO - Ayuntamiento de Colindres<\/title>\n<meta name=\"robots\" content=\"index, follow, max-snippet:-1, max-image-preview:large, max-video-preview:-1\" \/>\n<link rel=\"canonical\" href=\"https:\/\/www.colindres.es\/index.php\/project\/campana-violencia-de-genero\/\" \/>\n<meta property=\"og:locale\" content=\"es_ES\" \/>\n<meta property=\"og:type\" content=\"article\" \/>\n<meta property=\"og:title\" content=\"CAMPA\u00d1A VIOLENCIA DE GENERO - Ayuntamiento de Colindres\" \/>\n<meta property=\"og:description\" content=\"Viernes 24 de Noviembre: A las 20.00 h. Obra de Teatro \u201cHero\u00ednas\u201d representada por DANTEA en el Sal\u00f3n de Actos de la Casa de Cultura S\u00e1bado 25 de Diciembre: De 11 a 14 h. Suelta Globos y actuaci\u00f3n con manifiesto a cargo del grupo local LUNATIC CATS en la Plaza de La Esperanza. A las [&hellip;]\" \/>\n<meta property=\"og:url\" content=\"https:\/\/www.colindres.es\/index.php\/project\/campana-violencia-de-genero\/\" \/>\n<meta property=\"og:site_name\" content=\"Ayuntamiento de Colindres\" \/>\n<meta property=\"og:image\" content=\"https:\/\/www.colindres.es\/wp-content\/uploads\/2017\/11\/CAMPA\u00d1A-VIOLENCIA-DE-GENERO.jpg\" \/>\n\t<meta property=\"og:image:width\" content=\"1344\" \/>\n\t<meta property=\"og:image:height\" content=\"1008\" \/>\n\t<meta property=\"og:image:type\" content=\"image\/jpeg\" \/>\n<meta name=\"twitter:card\" content=\"summary_large_image\" \/>\n<script type=\"application\/ld+json\" class=\"yoast-schema-graph\">{\"@context\":\"https:\/\/schema.org\",\"@graph\":[{\"@type\":\"WebPage\",\"@id\":\"https:\/\/www.colindres.es\/index.php\/project\/campana-violencia-de-genero\/\",\"url\":\"https:\/\/www.colindres.es\/index.php\/project\/campana-violencia-de-genero\/\",\"name\":\"CAMPA\u00d1A VIOLENCIA DE GENERO - Ayuntamiento de Colindres\",\"isPartOf\":{\"@id\":\"https:\/\/www.colindres.es\/#website\"},\"primaryImageOfPage\":{\"@id\":\"https:\/\/www.colindres.es\/index.php\/project\/campana-violencia-de-genero\/#primaryimage\"},\"image\":{\"@id\":\"https:\/\/www.colindres.es\/index.php\/project\/campana-violencia-de-genero\/#primaryimage\"},\"thumbnailUrl\":\"https:\/\/www.colindres.es\/wp-content\/uploads\/2017\/11\/CAMPA\u00d1A-VIOLENCIA-DE-GENERO.jpg\",\"datePublished\":\"2017-11-17T12:36:48+00:00\",\"breadcrumb\":{\"@id\":\"https:\/\/www.colindres.es\/index.php\/project\/campana-violencia-de-genero\/#breadcrumb\"},\"inLanguage\":\"es\",\"potentialAction\":[{\"@type\":\"ReadAction\",\"target\":[\"https:\/\/www.colindres.es\/index.php\/project\/campana-violencia-de-genero\/\"]}]},{\"@type\":\"ImageObject\",\"inLanguage\":\"es\",\"@id\":\"https:\/\/www.colindres.es\/index.php\/project\/campana-violencia-de-genero\/#primaryimage\",\"url\":\"https:\/\/www.colindres.es\/wp-content\/uploads\/2017\/11\/CAMPA\u00d1A-VIOLENCIA-DE-GENERO.jpg\",\"contentUrl\":\"https:\/\/www.colindres.es\/wp-content\/uploads\/2017\/11\/CAMPA\u00d1A-VIOLENCIA-DE-GENERO.jpg\",\"width\":1344,\"height\":1008},{\"@type\":\"BreadcrumbList\",\"@id\":\"https:\/\/www.colindres.es\/index.php\/project\/campana-violencia-de-genero\/#breadcrumb\",\"itemListElement\":[{\"@type\":\"ListItem\",\"position\":1,\"name\":\"Portada\",\"item\":\"https:\/\/www.colindres.es\/\"},{\"@type\":\"ListItem\",\"position\":2,\"name\":\"Proyectos\",\"item\":\"https:\/\/www.colindres.es\/index.php\/project\/\"},{\"@type\":\"ListItem\",\"position\":3,\"name\":\"CAMPA\u00d1A VIOLENCIA DE GENERO\"}]},{\"@type\":\"WebSite\",\"@id\":\"https:\/\/www.colindres.es\/#website\",\"url\":\"https:\/\/www.colindres.es\/\",\"name\":\"Ayuntamiento de Colindres\",\"description\":\"Dise\u00f1ado por NTIC&#039;s\",\"publisher\":{\"@id\":\"https:\/\/www.colindres.es\/#organization\"},\"potentialAction\":[{\"@type\":\"SearchAction\",\"target\":{\"@type\":\"EntryPoint\",\"urlTemplate\":\"https:\/\/www.colindres.es\/?s={search_term_string}\"},\"query-input\":{\"@type\":\"PropertyValueSpecification\",\"valueRequired\":true,\"valueName\":\"search_term_string\"}}],\"inLanguage\":\"es\"},{\"@type\":\"Organization\",\"@id\":\"https:\/\/www.colindres.es\/#organization\",\"name\":\"AYUNTAMIENTO DE COLINDRES\",\"url\":\"https:\/\/www.colindres.es\/\",\"logo\":{\"@type\":\"ImageObject\",\"inLanguage\":\"es\",\"@id\":\"https:\/\/www.colindres.es\/#\/schema\/logo\/image\/\",\"url\":\"https:\/\/www.colindres.es\/wp-content\/uploads\/2017\/01\/LOGO-PRINCIPAL.jpg\",\"contentUrl\":\"https:\/\/www.colindres.es\/wp-content\/uploads\/2017\/01\/LOGO-PRINCIPAL.jpg\",\"width\":1209,\"height\":579,\"caption\":\"AYUNTAMIENTO DE COLINDRES\"},\"image\":{\"@id\":\"https:\/\/www.colindres.es\/#\/schema\/logo\/image\/\"}}]}<\/script>\n<!-- \/ Yoast SEO plugin. -->","yoast_head_json":{"title":"CAMPA\u00d1A VIOLENCIA DE GENERO - Ayuntamiento de Colindres","robots":{"index":"index","follow":"follow","max-snippet":"max-snippet:-1","max-image-preview":"max-image-preview:large","max-video-preview":"max-video-preview:-1"},"canonical":"https:\/\/www.colindres.es\/index.php\/project\/campana-violencia-de-genero\/","og_locale":"es_ES","og_type":"article","og_title":"CAMPA\u00d1A VIOLENCIA DE GENERO - Ayuntamiento de Colindres","og_description":"Viernes 24 de Noviembre: A las 20.00 h. Obra de Teatro \u201cHero\u00ednas\u201d representada por DANTEA en el Sal\u00f3n de Actos de la Casa de Cultura S\u00e1bado 25 de Diciembre: De 11 a 14 h. Suelta Globos y actuaci\u00f3n con manifiesto a cargo del grupo local LUNATIC CATS en la Plaza de La Esperanza. A las [&hellip;]","og_url":"https:\/\/www.colindres.es\/index.php\/project\/campana-violencia-de-genero\/","og_site_name":"Ayuntamiento de Colindres","og_image":[{"width":1344,"height":1008,"url":"https:\/\/www.colindres.es\/wp-content\/uploads\/2017\/11\/CAMPA\u00d1A-VIOLENCIA-DE-GENERO.jpg","type":"image\/jpeg"}],"twitter_card":"summary_large_image","schema":{"@context":"https:\/\/schema.org","@graph":[{"@type":"WebPage","@id":"https:\/\/www.colindres.es\/index.php\/project\/campana-violencia-de-genero\/","url":"https:\/\/www.colindres.es\/index.php\/project\/campana-violencia-de-genero\/","name":"CAMPA\u00d1A VIOLENCIA DE GENERO - Ayuntamiento de Colindres","isPartOf":{"@id":"https:\/\/www.colindres.es\/#website"},"primaryImageOfPage":{"@id":"https:\/\/www.colindres.es\/index.php\/project\/campana-violencia-de-genero\/#primaryimage"},"image":{"@id":"https:\/\/www.colindres.es\/index.php\/project\/campana-violencia-de-genero\/#primaryimage"},"thumbnailUrl":"https:\/\/www.colindres.es\/wp-content\/uploads\/2017\/11\/CAMPA\u00d1A-VIOLENCIA-DE-GENERO.jpg","datePublished":"2017-11-17T12:36:48+00:00","breadcrumb":{"@id":"https:\/\/www.colindres.es\/index.php\/project\/campana-violencia-de-genero\/#breadcrumb"},"inLanguage":"es","potentialAction":[{"@type":"ReadAction","target":["https:\/\/www.colindres.es\/index.php\/project\/campana-violencia-de-genero\/"]}]},{"@type":"ImageObject","inLanguage":"es","@id":"https:\/\/www.colindres.es\/index.php\/project\/campana-violencia-de-genero\/#primaryimage","url":"https:\/\/www.colindres.es\/wp-content\/uploads\/2017\/11\/CAMPA\u00d1A-VIOLENCIA-DE-GENERO.jpg","contentUrl":"https:\/\/www.colindres.es\/wp-content\/uploads\/2017\/11\/CAMPA\u00d1A-VIOLENCIA-DE-GENERO.jpg","width":1344,"height":1008},{"@type":"BreadcrumbList","@id":"https:\/\/www.colindres.es\/index.php\/project\/campana-violencia-de-genero\/#breadcrumb","itemListElement":[{"@type":"ListItem","position":1,"name":"Portada","item":"https:\/\/www.colindres.es\/"},{"@type":"ListItem","position":2,"name":"Proyectos","item":"https:\/\/www.colindres.es\/index.php\/project\/"},{"@type":"ListItem","position":3,"name":"CAMPA\u00d1A VIOLENCIA DE GENERO"}]},{"@type":"WebSite","@id":"https:\/\/www.colindres.es\/#website","url":"https:\/\/www.colindres.es\/","name":"Ayuntamiento de Colindres","description":"Dise\u00f1ado por NTIC&#039;s","publisher":{"@id":"https:\/\/www.colindres.es\/#organization"},"potentialAction":[{"@type":"SearchAction","target":{"@type":"EntryPoint","urlTemplate":"https:\/\/www.colindres.es\/?s={search_term_string}"},"query-input":{"@type":"PropertyValueSpecification","valueRequired":true,"valueName":"search_term_string"}}],"inLanguage":"es"},{"@type":"Organization","@id":"https:\/\/www.colindres.es\/#organization","name":"AYUNTAMIENTO DE COLINDRES","url":"https:\/\/www.colindres.es\/","logo":{"@type":"ImageObject","inLanguage":"es","@id":"https:\/\/www.colindres.es\/#\/schema\/logo\/image\/","url":"https:\/\/www.colindres.es\/wp-content\/uploads\/2017\/01\/LOGO-PRINCIPAL.jpg","contentUrl":"https:\/\/www.colindres.es\/wp-content\/uploads\/2017\/01\/LOGO-PRINCIPAL.jpg","width":1209,"height":579,"caption":"AYUNTAMIENTO DE COLINDRES"},"image":{"@id":"https:\/\/www.colindres.es\/#\/schema\/logo\/image\/"}}]}},"_links":{"self":[{"href":"https:\/\/www.colindres.es\/index.php\/wp-json\/wp\/v2\/project\/1080","targetHints":{"allow":["GET"]}}],"collection":[{"href":"https:\/\/www.colindres.es\/index.php\/wp-json\/wp\/v2\/project"}],"about":[{"href":"https:\/\/www.colindres.es\/index.php\/wp-json\/wp\/v2\/types\/project"}],"author":[{"embeddable":true,"href":"https:\/\/www.colindres.es\/index.php\/wp-json\/wp\/v2\/users\/1"}],"replies":[{"embeddable":true,"href":"https:\/\/www.colindres.es\/index.php\/wp-json\/wp\/v2\/comments?post=1080"}],"version-history":[{"count":1,"href":"https:\/\/www.colindres.es\/index.php\/wp-json\/wp\/v2\/project\/1080\/revisions"}],"predecessor-version":[{"id":1083,"href":"https:\/\/www.colindres.es\/index.php\/wp-json\/wp\/v2\/project\/1080\/revisions\/1083"}],"wp:featuredmedia":[{"embeddable":true,"href":"https:\/\/www.colindres.es\/index.php\/wp-json\/wp\/v2\/media\/1082"}],"wp:attachment":[{"href":"https:\/\/www.colindres.es\/index.php\/wp-json\/wp\/v2\/media?parent=1080"}],"wp:term":[{"taxonomy":"project_category","embeddable":true,"href":"https:\/\/www.colindres.es\/index.php\/wp-json\/wp\/v2\/project_category?post=1080"},{"taxonomy":"project_tag","embeddable":true,"href":"https:\/\/www.colindres.es\/index.php\/wp-json\/wp\/v2\/project_tag?post=1080"}],"curies":[{"name":"wp","href":"https:\/\/api.w.org\/{rel}","templated":true}]}}

CAMPAÑA VIOLENCIA DE GENERO

<ul>
<li><em><strong>Viernes 24 de Noviembre:</strong></em></li>
<li>A las 20.00 h. Obra de Teatro “Heroínas” representada por DANTEA en el Salón de Actos de la Casa de Cultura</li>
<li><em><strong>Sábado 25 de Diciembre:</strong> </em></li>
<li>De 11 a 14 h. Suelta Globos y actuación con manifiesto a cargo del grupo local LUNATIC CATS en la Plaza de La Esperanza.</li>
<li>A las 17.30 h. Inauguración de Exposición de Fotos en la casa de Cultura</li>
<li>A continuación de la inauguración se proyectarán 6 Cortometrajes sobre Violencia de Genero en el Salón de Actos.</li>
</ul>

<p>Viernes 24 de Noviembre: A las 20.00 h. Obra de Teatro “Heroínas” representada por DANTEA en el Salón de Actos de la Casa de Cultura Sábado 25 de Diciembre: De 11 a 14 h. Suelta Globos y actuación con manifiesto a cargo del grupo local LUNATIC CATS en la Plaza de La Esperanza. A las [&hellip;]</p>

<!-- This site is optimized with the Yoast SEO plugin v24.9 - https://yoast.com/wordpress/plugins/seo/ -->
<title>CAMPAÑA VIOLENCIA DE GENERO - Ayuntamiento de Colindres</title>
<meta name="robots" content="index, follow, max-snippet:-1, max-image-preview:large, max-video-preview:-1" />
<link rel="canonical" href="https://www.colindres.es/index.php/project/campana-violencia-de-genero/" />
<meta property="og:locale" content="es_ES" />
<meta property="og:type" content="article" />
<meta property="og:title" content="CAMPAÑA VIOLENCIA DE GENERO - Ayuntamiento de Colindres" />
<meta property="og:description" content="Viernes 24 de Noviembre: A las 20.00 h. Obra de Teatro “Heroínas” representada por DANTEA en el Salón de Actos de la Casa de Cultura Sábado 25 de Diciembre: De 11 a 14 h. Suelta Globos y actuación con manifiesto a cargo del grupo local LUNATIC CATS en la Plaza de La Esperanza. A las [&hellip;]" />
<meta property="og:url" content="https://www.colindres.es/index.php/project/campana-violencia-de-genero/" />
<meta property="og:site_name" content="Ayuntamiento de Colindres" />
<meta property="og:image" content="https://www.colindres.es/wp-content/uploads/2017/11/CAMPAÑA-VIOLENCIA-DE-GENERO.jpg" />
	<meta property="og:image:width" content="1344" />
	<meta property="og:image:height" content="1008" />
	<meta property="og:image:type" content="image/jpeg" />
<meta name="twitter:card" content="summary_large_image" />
<script type="application/ld+json" class="yoast-schema-graph">{"@context":"https://schema.org","@graph":[{"@type":"WebPage","@id":"https://www.colindres.es/index.php/project/campana-violencia-de-genero/","url":"https://www.colindres.es/index.php/project/campana-violencia-de-genero/","name":"CAMPAÑA VIOLENCIA DE GENERO - Ayuntamiento de Colindres","isPartOf":{"@id":"https://www.colindres.es/#website"},"primaryImageOfPage":{"@id":"https://www.colindres.es/index.php/project/campana-violencia-de-genero/#primaryimage"},"image":{"@id":"https://www.colindres.es/index.php/project/campana-violencia-de-genero/#primaryimage"},"thumbnailUrl":"https://www.colindres.es/wp-content/uploads/2017/11/CAMPAÑA-VIOLENCIA-DE-GENERO.jpg","datePublished":"2017-11-17T12:36:48+00:00","breadcrumb":{"@id":"https://www.colindres.es/index.php/project/campana-violencia-de-genero/#breadcrumb"},"inLanguage":"es","potentialAction":[{"@type":"ReadAction","target":["https://www.colindres.es/index.php/project/campana-violencia-de-genero/"]}]},{"@type":"ImageObject","inLanguage":"es","@id":"https://www.colindres.es/index.php/project/campana-violencia-de-genero/#primaryimage","url":"https://www.colindres.es/wp-content/uploads/2017/11/CAMPAÑA-VIOLENCIA-DE-GENERO.jpg","contentUrl":"https://www.colindres.es/wp-content/uploads/2017/11/CAMPAÑA-VIOLENCIA-DE-GENERO.jpg","width":1344,"height":1008},{"@type":"BreadcrumbList","@id":"https://www.colindres.es/index.php/project/campana-violencia-de-genero/#breadcrumb","itemListElement":[{"@type":"ListItem","position":1,"name":"Portada","item":"https://www.colindres.es/"},{"@type":"ListItem","position":2,"name":"Proyectos","item":"https://www.colindres.es/index.php/project/"},{"@type":"ListItem","position":3,"name":"CAMPAÑA VIOLENCIA DE GENERO"}]},{"@type":"WebSite","@id":"https://www.colindres.es/#website","url":"https://www.colindres.es/","name":"Ayuntamiento de Colindres","description":"Diseñado por NTIC&#039;s","publisher":{"@id":"https://www.colindres.es/#organization"},"potentialAction":[{"@type":"SearchAction","target":{"@type":"EntryPoint","urlTemplate":"https://www.colindres.es/?s={search_term_string}"},"query-input":{"@type":"PropertyValueSpecification","valueRequired":true,"valueName":"search_term_string"}}],"inLanguage":"es"},{"@type":"Organization","@id":"https://www.colindres.es/#organization","name":"AYUNTAMIENTO DE COLINDRES","url":"https://www.colindres.es/","logo":{"@type":"ImageObject","inLanguage":"es","@id":"https://www.colindres.es/#/schema/logo/image/","url":"https://www.colindres.es/wp-content/uploads/2017/01/LOGO-PRINCIPAL.jpg","contentUrl":"https://www.colindres.es/wp-content/uploads/2017/01/LOGO-PRINCIPAL.jpg","width":1209,"height":579,"caption":"AYUNTAMIENTO DE COLINDRES"},"image":{"@id":"https://www.colindres.es/#/schema/logo/image/"}}]}</script>
<!-- / Yoast SEO plugin. -->

CAMPAÑA VIOLENCIA DE GENERO - Ayuntamiento de Colindres

Viernes 24 de Noviembre: A las 20.00 h. Obra de Teatro “Heroínas” representada por DANTEA en el Salón de Actos de la Casa de Cultura Sábado 25 de Diciembre: De 11 a 14 h. Suelta Globos y actuación con manifiesto a cargo del grupo local LUNATIC CATS en la Plaza de La Esperanza. A las [&hellip;]

https://www.colindres.es/wp-content/uploads/2017/11/CAMPAÑA-VIOLENCIA-DE-GENERO.jpg

Diseñado por NTIC&#039;s
