{"version":"1.0","provider_name":"Ayuntamiento de Colindres","provider_url":"https:\/\/www.colindres.es","title":"La Contra vs. los Tretistas - Ayuntamiento de Colindres","type":"rich","width":600,"height":338,"html":"<blockquote class=\"wp-embedded-content\" data-secret=\"GF8hzuGtMR\"><a href=\"https:\/\/www.colindres.es\/index.php\/project\/la-contra-vs-los-tretistas\/\">La Contra vs. los Tretistas<\/a><\/blockquote><iframe sandbox=\"allow-scripts\" security=\"restricted\" src=\"https:\/\/www.colindres.es\/index.php\/project\/la-contra-vs-los-tretistas\/embed\/#?secret=GF8hzuGtMR\" width=\"600\" height=\"338\" title=\"\u00abLa Contra vs. los Tretistas\u00bb \u2014 Ayuntamiento de Colindres\" data-secret=\"GF8hzuGtMR\" frameborder=\"0\" marginwidth=\"0\" marginheight=\"0\" scrolling=\"no\" class=\"wp-embedded-content\"><\/iframe><script type=\"text\/javascript\">\n\/* <![CDATA[ *\/\n\/*! This file is auto-generated *\/\n!function(d,l){\"use strict\";l.querySelector&&d.addEventListener&&\"undefined\"!=typeof URL&&(d.wp=d.wp||{},d.wp.receiveEmbedMessage||(d.wp.receiveEmbedMessage=function(e){var t=e.data;if((t||t.secret||t.message||t.value)&&!\/[^a-zA-Z0-9]\/.test(t.secret)){for(var s,r,n,a=l.querySelectorAll('iframe[data-secret=\"'+t.secret+'\"]'),o=l.querySelectorAll('blockquote[data-secret=\"'+t.secret+'\"]'),c=new RegExp(\"^https?:$\",\"i\"),i=0;i<o.length;i++)o[i].style.display=\"none\";for(i=0;i<a.length;i++)s=a[i],e.source===s.contentWindow&&(s.removeAttribute(\"style\"),\"height\"===t.message?(1e3<(r=parseInt(t.value,10))?r=1e3:~~r<200&&(r=200),s.height=r):\"link\"===t.message&&(r=new URL(s.getAttribute(\"src\")),n=new URL(t.value),c.test(n.protocol))&&n.host===r.host&&l.activeElement===s&&(d.top.location.href=t.value))}},d.addEventListener(\"message\",d.wp.receiveEmbedMessage,!1),l.addEventListener(\"DOMContentLoaded\",function(){for(var e,t,s=l.querySelectorAll(\"iframe.wp-embedded-content\"),r=0;r<s.length;r++)(t=(e=s[r]).getAttribute(\"data-secret\"))||(t=Math.random().toString(36).substring(2,12),e.src+=\"#?secret=\"+t,e.setAttribute(\"data-secret\",t)),e.contentWindow.postMessage({message:\"ready\",secret:t},\"*\")},!1)))}(window,document);\n\/\/# sourceURL=https:\/\/www.colindres.es\/wp-includes\/js\/wp-embed.min.js\n\/* ]]> *\/\n<\/script>\n","thumbnail_url":"https:\/\/www.colindres.es\/wp-content\/uploads\/2018\/07\/puente-en-construccion.jpg","thumbnail_width":2533,"thumbnail_height":1640,"description":"La apertura del Puente de Treto en mayo de 1905 fue recibida con enorme alegr\u00eda por la poblaci\u00f3n de las comarcas circundantes de la r\u00eda del As\u00f3n, como demuestra la multitudinaria manifestaci\u00f3n celebrada el d\u00eda 20 de aquel mes: miles de personas provenientes de los municipios de ambas orillas cruzaron el puente para encontrarse, simb\u00f3licamente, [&hellip;]"}

La apertura del Puente de Treto en mayo de 1905 fue recibida con enorme alegría por la población de las comarcas circundantes de la ría del Asón, como demuestra la multitudinaria manifestación celebrada el día 20 de aquel mes: miles de personas provenientes de los municipios de ambas orillas cruzaron el puente para encontrarse, simbólicamente, [&hellip;]
