{"version":"1.0","provider_name":"Ayuntamiento de Colindres","provider_url":"https:\/\/www.colindres.es","title":"La Cofrad\u00eda de Colindres (II) - Ayuntamiento de Colindres","type":"rich","width":600,"height":338,"html":"<blockquote class=\"wp-embedded-content\" data-secret=\"4l897X8im0\"><a href=\"https:\/\/www.colindres.es\/index.php\/project\/la-cofradia-de-colindres-ii\/\">La Cofrad\u00eda de Colindres (II)<\/a><\/blockquote><iframe sandbox=\"allow-scripts\" security=\"restricted\" src=\"https:\/\/www.colindres.es\/index.php\/project\/la-cofradia-de-colindres-ii\/embed\/#?secret=4l897X8im0\" width=\"600\" height=\"338\" title=\"\u00abLa Cofrad\u00eda de Colindres (II)\u00bb \u2014 Ayuntamiento de Colindres\" data-secret=\"4l897X8im0\" frameborder=\"0\" marginwidth=\"0\" marginheight=\"0\" scrolling=\"no\" class=\"wp-embedded-content\"><\/iframe><script type=\"text\/javascript\">\n\/* <![CDATA[ *\/\n\/*! This file is auto-generated *\/\n!function(d,l){\"use strict\";l.querySelector&&d.addEventListener&&\"undefined\"!=typeof URL&&(d.wp=d.wp||{},d.wp.receiveEmbedMessage||(d.wp.receiveEmbedMessage=function(e){var t=e.data;if((t||t.secret||t.message||t.value)&&!\/[^a-zA-Z0-9]\/.test(t.secret)){for(var s,r,n,a=l.querySelectorAll('iframe[data-secret=\"'+t.secret+'\"]'),o=l.querySelectorAll('blockquote[data-secret=\"'+t.secret+'\"]'),c=new RegExp(\"^https?:$\",\"i\"),i=0;i<o.length;i++)o[i].style.display=\"none\";for(i=0;i<a.length;i++)s=a[i],e.source===s.contentWindow&&(s.removeAttribute(\"style\"),\"height\"===t.message?(1e3<(r=parseInt(t.value,10))?r=1e3:~~r<200&&(r=200),s.height=r):\"link\"===t.message&&(r=new URL(s.getAttribute(\"src\")),n=new URL(t.value),c.test(n.protocol))&&n.host===r.host&&l.activeElement===s&&(d.top.location.href=t.value))}},d.addEventListener(\"message\",d.wp.receiveEmbedMessage,!1),l.addEventListener(\"DOMContentLoaded\",function(){for(var e,t,s=l.querySelectorAll(\"iframe.wp-embedded-content\"),r=0;r<s.length;r++)(t=(e=s[r]).getAttribute(\"data-secret\"))||(t=Math.random().toString(36).substring(2,12),e.src+=\"#?secret=\"+t,e.setAttribute(\"data-secret\",t)),e.contentWindow.postMessage({message:\"ready\",secret:t},\"*\")},!1)))}(window,document);\n\/\/# sourceURL=https:\/\/www.colindres.es\/wp-includes\/js\/wp-embed.min.js\n\/* ]]> *\/\n<\/script>\n","thumbnail_url":"https:\/\/www.colindres.es\/wp-content\/uploads\/2018\/09\/venta-principio-de-siglo.jpg","thumbnail_width":1312,"thumbnail_height":883,"description":"El conflicto abierto entre mareantes colindreses y laredanos por la intromisi\u00f3n de los primeros en aguas jurisdiccionales pejinas, se intent\u00f3 solucionar con la firma de una concordia en 1815. Sin embargo, la persistencia de los pescadores de Colindres en seguir faenando en aguas de Laredo reabri\u00f3 el enfrentamiento, lo que llev\u00f3 a la Cofrad\u00eda de [&hellip;]"}

La Cofradía de Colindres (II) - Ayuntamiento de Colindres

<blockquote class="wp-embedded-content" data-secret="4l897X8im0"><a href="https://www.colindres.es/index.php/project/la-cofradia-de-colindres-ii/">La Cofradía de Colindres (II)</a></blockquote><iframe sandbox="allow-scripts" security="restricted" src="https://www.colindres.es/index.php/project/la-cofradia-de-colindres-ii/embed/#?secret=4l897X8im0" width="600" height="338" title="«La Cofradía de Colindres (II)» — Ayuntamiento de Colindres" data-secret="4l897X8im0" frameborder="0" marginwidth="0" marginheight="0" scrolling="no" class="wp-embedded-content"></iframe><script type="text/javascript">
/* <![CDATA[ */
/*! This file is auto-generated */
!function(d,l){"use strict";l.querySelector&&d.addEventListener&&"undefined"!=typeof URL&&(d.wp=d.wp||{},d.wp.receiveEmbedMessage||(d.wp.receiveEmbedMessage=function(e){var t=e.data;if((t||t.secret||t.message||t.value)&&!/[^a-zA-Z0-9]/.test(t.secret)){for(var s,r,n,a=l.querySelectorAll('iframe[data-secret="'+t.secret+'"]'),o=l.querySelectorAll('blockquote[data-secret="'+t.secret+'"]'),c=new RegExp("^https?:$","i"),i=0;i<o.length;i++)o[i].style.display="none";for(i=0;i<a.length;i++)s=a[i],e.source===s.contentWindow&&(s.removeAttribute("style"),"height"===t.message?(1e3<(r=parseInt(t.value,10))?r=1e3:~~r<200&&(r=200),s.height=r):"link"===t.message&&(r=new URL(s.getAttribute("src")),n=new URL(t.value),c.test(n.protocol))&&n.host===r.host&&l.activeElement===s&&(d.top.location.href=t.value))}},d.addEventListener("message",d.wp.receiveEmbedMessage,!1),l.addEventListener("DOMContentLoaded",function(){for(var e,t,s=l.querySelectorAll("iframe.wp-embedded-content"),r=0;r<s.length;r++)(t=(e=s[r]).getAttribute("data-secret"))||(t=Math.random().toString(36).substring(2,12),e.src+="#?secret="+t,e.setAttribute("data-secret",t)),e.contentWindow.postMessage({message:"ready",secret:t},"*")},!1)))}(window,document);
//# sourceURL=https://www.colindres.es/wp-includes/js/wp-embed.min.js
/* ]]> */
</script>

El conflicto abierto entre mareantes colindreses y laredanos por la intromisión de los primeros en aguas jurisdiccionales pejinas, se intentó solucionar con la firma de una concordia en 1815. Sin embargo, la persistencia de los pescadores de Colindres en seguir faenando en aguas de Laredo reabrió el enfrentamiento, lo que llevó a la Cofradía de [&hellip;]
