{"version":"1.0","provider_name":"Ayuntamiento de Colindres","provider_url":"https:\/\/www.colindres.es","title":"Colindres celebra La Hora del Planeta - Ayuntamiento de Colindres","type":"rich","width":600,"height":338,"html":"<blockquote class=\"wp-embedded-content\" data-secret=\"RwEB4QSNGB\"><a href=\"https:\/\/www.colindres.es\/index.php\/project\/colindres-celebra-la-hora-del-planeta\/\">Colindres celebra La Hora del Planeta<\/a><\/blockquote><iframe sandbox=\"allow-scripts\" security=\"restricted\" src=\"https:\/\/www.colindres.es\/index.php\/project\/colindres-celebra-la-hora-del-planeta\/embed\/#?secret=RwEB4QSNGB\" width=\"600\" height=\"338\" title=\"\u00abColindres celebra La Hora del Planeta\u00bb \u2014 Ayuntamiento de Colindres\" data-secret=\"RwEB4QSNGB\" frameborder=\"0\" marginwidth=\"0\" marginheight=\"0\" scrolling=\"no\" class=\"wp-embedded-content\"><\/iframe><script type=\"text\/javascript\">\n\/* <![CDATA[ *\/\n\/*! This file is auto-generated *\/\n!function(d,l){\"use strict\";l.querySelector&&d.addEventListener&&\"undefined\"!=typeof URL&&(d.wp=d.wp||{},d.wp.receiveEmbedMessage||(d.wp.receiveEmbedMessage=function(e){var t=e.data;if((t||t.secret||t.message||t.value)&&!\/[^a-zA-Z0-9]\/.test(t.secret)){for(var s,r,n,a=l.querySelectorAll('iframe[data-secret=\"'+t.secret+'\"]'),o=l.querySelectorAll('blockquote[data-secret=\"'+t.secret+'\"]'),c=new RegExp(\"^https?:$\",\"i\"),i=0;i<o.length;i++)o[i].style.display=\"none\";for(i=0;i<a.length;i++)s=a[i],e.source===s.contentWindow&&(s.removeAttribute(\"style\"),\"height\"===t.message?(1e3<(r=parseInt(t.value,10))?r=1e3:~~r<200&&(r=200),s.height=r):\"link\"===t.message&&(r=new URL(s.getAttribute(\"src\")),n=new URL(t.value),c.test(n.protocol))&&n.host===r.host&&l.activeElement===s&&(d.top.location.href=t.value))}},d.addEventListener(\"message\",d.wp.receiveEmbedMessage,!1),l.addEventListener(\"DOMContentLoaded\",function(){for(var e,t,s=l.querySelectorAll(\"iframe.wp-embedded-content\"),r=0;r<s.length;r++)(t=(e=s[r]).getAttribute(\"data-secret\"))||(t=Math.random().toString(36).substring(2,12),e.src+=\"#?secret=\"+t,e.setAttribute(\"data-secret\",t)),e.contentWindow.postMessage({message:\"ready\",secret:t},\"*\")},!1)))}(window,document);\n\/\/# sourceURL=https:\/\/www.colindres.es\/wp-includes\/js\/wp-embed.min.js\n\/* ]]> *\/\n<\/script>\n","thumbnail_url":"https:\/\/www.colindres.es\/wp-content\/uploads\/2018\/03\/2018-03-23-PHOTO-00002287.jpg","thumbnail_width":1500,"thumbnail_height":1500,"description":"La Hora del Planeta es una campa\u00f1a de WWF que empez\u00f3 en 2007 en Sidney, Australia, con el gesto simb\u00f3lico de apagar la luz durante una hora como muestra de la lucha contra\u00a0el cambio clim\u00e1tico. Se ha convertido en la mayor iniciativa mundial en defensa del medio ambiente y una llamada a movilizarse y a [&hellip;]"}

La Hora del Planeta es una campaña de WWF que empezó en 2007 en Sidney, Australia, con el gesto simbólico de apagar la luz durante una hora como muestra de la lucha contra el cambio climático. Se ha convertido en la mayor iniciativa mundial en defensa del medio ambiente y una llamada a movilizarse y a [&hellip;]
