{"version":"1.0","provider_name":"Ayuntamiento de Colindres","provider_url":"https:\/\/www.colindres.es","title":"COLINDRES CALIENTA MOTORES PARA SAN GIN\u00c9S - Ayuntamiento de Colindres","type":"rich","width":600,"height":338,"html":"<blockquote class=\"wp-embedded-content\" data-secret=\"2Oe3rlr1YL\"><a href=\"https:\/\/www.colindres.es\/index.php\/project\/colindres-calienta-motores-para-san-gines\/\">COLINDRES CALIENTA MOTORES PARA SAN GIN\u00c9S<\/a><\/blockquote><iframe sandbox=\"allow-scripts\" security=\"restricted\" src=\"https:\/\/www.colindres.es\/index.php\/project\/colindres-calienta-motores-para-san-gines\/embed\/#?secret=2Oe3rlr1YL\" width=\"600\" height=\"338\" title=\"\u00abCOLINDRES CALIENTA MOTORES PARA SAN GIN\u00c9S\u00bb \u2014 Ayuntamiento de Colindres\" data-secret=\"2Oe3rlr1YL\" frameborder=\"0\" marginwidth=\"0\" marginheight=\"0\" scrolling=\"no\" class=\"wp-embedded-content\"><\/iframe><script type=\"text\/javascript\">\n\/* <![CDATA[ *\/\n\/*! This file is auto-generated *\/\n!function(d,l){\"use strict\";l.querySelector&&d.addEventListener&&\"undefined\"!=typeof URL&&(d.wp=d.wp||{},d.wp.receiveEmbedMessage||(d.wp.receiveEmbedMessage=function(e){var t=e.data;if((t||t.secret||t.message||t.value)&&!\/[^a-zA-Z0-9]\/.test(t.secret)){for(var s,r,n,a=l.querySelectorAll('iframe[data-secret=\"'+t.secret+'\"]'),o=l.querySelectorAll('blockquote[data-secret=\"'+t.secret+'\"]'),c=new RegExp(\"^https?:$\",\"i\"),i=0;i<o.length;i++)o[i].style.display=\"none\";for(i=0;i<a.length;i++)s=a[i],e.source===s.contentWindow&&(s.removeAttribute(\"style\"),\"height\"===t.message?(1e3<(r=parseInt(t.value,10))?r=1e3:~~r<200&&(r=200),s.height=r):\"link\"===t.message&&(r=new URL(s.getAttribute(\"src\")),n=new URL(t.value),c.test(n.protocol))&&n.host===r.host&&l.activeElement===s&&(d.top.location.href=t.value))}},d.addEventListener(\"message\",d.wp.receiveEmbedMessage,!1),l.addEventListener(\"DOMContentLoaded\",function(){for(var e,t,s=l.querySelectorAll(\"iframe.wp-embedded-content\"),r=0;r<s.length;r++)(t=(e=s[r]).getAttribute(\"data-secret\"))||(t=Math.random().toString(36).substring(2,12),e.src+=\"#?secret=\"+t,e.setAttribute(\"data-secret\",t)),e.contentWindow.postMessage({message:\"ready\",secret:t},\"*\")},!1)))}(window,document);\n\/\/# sourceURL=https:\/\/www.colindres.es\/wp-includes\/js\/wp-embed.min.js\n\/* ]]> *\/\n<\/script>\n","thumbnail_url":"https:\/\/www.colindres.es\/wp-content\/uploads\/2024\/08\/image0.jpeg","thumbnail_width":2000,"thumbnail_height":1500,"description":"Omar Montes, Ramonc\u00edn, Amistades Peligrosas y La Regadera, protagonistas de las fiestas El Ayuntamiento de Colindres ha presentado esta ma\u00f1ana la programaci\u00f3n de la Semana Grande de fiestas, que se desarrollar\u00e1n del 22 al 26 de agosto. La presentaci\u00f3n se ha realizado con la presencia de los colectivos que participan en la organizaci\u00f3n de las [&hellip;]"}

COLINDRES CALIENTA MOTORES PARA SAN GINÉS - Ayuntamiento de Colindres

<blockquote class="wp-embedded-content" data-secret="2Oe3rlr1YL"><a href="https://www.colindres.es/index.php/project/colindres-calienta-motores-para-san-gines/">COLINDRES CALIENTA MOTORES PARA SAN GINÉS</a></blockquote><iframe sandbox="allow-scripts" security="restricted" src="https://www.colindres.es/index.php/project/colindres-calienta-motores-para-san-gines/embed/#?secret=2Oe3rlr1YL" width="600" height="338" title="«COLINDRES CALIENTA MOTORES PARA SAN GINÉS» — Ayuntamiento de Colindres" data-secret="2Oe3rlr1YL" frameborder="0" marginwidth="0" marginheight="0" scrolling="no" class="wp-embedded-content"></iframe><script type="text/javascript">
/* <![CDATA[ */
/*! This file is auto-generated */
!function(d,l){"use strict";l.querySelector&&d.addEventListener&&"undefined"!=typeof URL&&(d.wp=d.wp||{},d.wp.receiveEmbedMessage||(d.wp.receiveEmbedMessage=function(e){var t=e.data;if((t||t.secret||t.message||t.value)&&!/[^a-zA-Z0-9]/.test(t.secret)){for(var s,r,n,a=l.querySelectorAll('iframe[data-secret="'+t.secret+'"]'),o=l.querySelectorAll('blockquote[data-secret="'+t.secret+'"]'),c=new RegExp("^https?:$","i"),i=0;i<o.length;i++)o[i].style.display="none";for(i=0;i<a.length;i++)s=a[i],e.source===s.contentWindow&&(s.removeAttribute("style"),"height"===t.message?(1e3<(r=parseInt(t.value,10))?r=1e3:~~r<200&&(r=200),s.height=r):"link"===t.message&&(r=new URL(s.getAttribute("src")),n=new URL(t.value),c.test(n.protocol))&&n.host===r.host&&l.activeElement===s&&(d.top.location.href=t.value))}},d.addEventListener("message",d.wp.receiveEmbedMessage,!1),l.addEventListener("DOMContentLoaded",function(){for(var e,t,s=l.querySelectorAll("iframe.wp-embedded-content"),r=0;r<s.length;r++)(t=(e=s[r]).getAttribute("data-secret"))||(t=Math.random().toString(36).substring(2,12),e.src+="#?secret="+t,e.setAttribute("data-secret",t)),e.contentWindow.postMessage({message:"ready",secret:t},"*")},!1)))}(window,document);
//# sourceURL=https://www.colindres.es/wp-includes/js/wp-embed.min.js
/* ]]> */
</script>

Omar Montes, Ramoncín, Amistades Peligrosas y La Regadera, protagonistas de las fiestas El Ayuntamiento de Colindres ha presentado esta mañana la programación de la Semana Grande de fiestas, que se desarrollarán del 22 al 26 de agosto. La presentación se ha realizado con la presencia de los colectivos que participan en la organización de las [&hellip;]
